SET SQL_MODE = "NO_AUTO_VALUE_ON_ZERO";
START TRANSACTION;
SET time_zone = "+00:00";


/*!40101 SET @OLD_CHARACTER_SET_CLIENT=@@CHARACTER_SET_CLIENT */;
/*!40101 SET @OLD_CHARACTER_SET_RESULTS=@@CHARACTER_SET_RESULTS */;
/*!40101 SET @OLD_COLLATION_CONNECTION=@@COLLATION_CONNECTION */;
/*!40101 SET NAMES utf8mb4 */;

USE `pb_torneo`;

-- Data para la tabla `escenario`
INSERT INTO `escenario`(`esc_id`, `esc_nombre`, `esc_descripcion`,`esc_codigo`, `esc_fecha_creacion`, `esc_estado_activo`, `esc_estado_logico`) VALUES
(1, 'Futbol - Estadio Modelo Alberto Spencer', 'Futbol - Estadio Modelo Alberto Spencer', 'F-EMAS', '2025-08-27 12:00:00', '1', '1'),
(2, 'Futbol - Cancha Sabino Hernandez atrás del estadio Modelo', 'Futbol - Cancha Sabino Hernandez atrás del estadio Modelo', 'F-CSH', '2025-08-27 12:00:00', '1', '1'),
(3, 'Futbol - Cancha Ramon Unamuno', 'Futbol - Estadio Modelo Alberto Spencer', 'F-CRU', '2025-08-27 12:00:00', '1', '1'),
(4, 'Futbol - Cancha Fedenador', 'Futbol - Cancha Fedenador', 'F-CF', '2025-08-27 12:00:00', '1', '1'),
(5, 'Futbol - Colegio Torremar', 'Futbol - Colegio Torremar', 'F-CT', '2025-08-27 12:00:00', '1', '1'),
(6, 'Futbol - Colegio Monte Tabor', 'Futbol - Colegio Monte Tabor', 'F-CMT', '2025-08-27 12:00:00', '1', '1'),
(7, 'Futbol - Colegio Tnte Hugo Ortiz', 'Futbol - Colegio Tnte Hugo Ortiz', 'F-THO', '2025-08-27 12:00:00', '1', '1'),
(8, 'Futbol - Colegio IPAC', 'Futbol - Colegio IPAC', 'F-CIPAC', '2025-08-27 12:00:00', '1', '1'),
(9, 'Futbol - Colegio Espíritu Santo', 'Futbol - Colegio Espíritu Santo', 'F-CES', '2025-08-27 12:00:00', '1', '1'),
(10, 'Basquet - Miraflores Carlos Perez Perasso', 'Basquet - Miraflores Carlos Perez Perasso', 'B-MCPP', '2025-08-27 12:00:00', '1', '1'),
(11, 'Basquet - Polideportivo Huancavilca', 'Basquet - Polideportivo Huancavilca', 'B-PH', '2025-08-27 12:00:00', '1', '1'),
(12, 'Basquet - Coliseo Abel Jimenez Parra', 'Basquet - Coliseo Abel Jimenez Parra', 'B-CSJP', '2025-08-27 12:00:00', '1', '1'),
(13, 'Basquet - Coliseo Banco Central Av Kennedy', 'Basquet - Coliseo Banco Central Av Kennedy', 'B-CBCK', '2025-08-27 12:00:00', '1', '1'),
(14, 'Voleibol - Canchas de la Asociación de Volley del Guayas Cancha #1', 'Voleibol - Canchas de la Asociación de Volley del Guayas Cancha #1', 'V-CAVG1', '2025-08-27 12:00:00', '1', '1'),
(15, 'Voleibol - Canchas de la Asociación de Volley del Guayas Cancha #2', 'Voleibol - Canchas de la Asociación de Volley del Guayas Cancha #2', 'V-CAVG2', '2025-08-27 12:00:00', '1', '1'),
(16, 'Atletismo - Pista del Estadio Modelo Alberto Spencer', 'Atletismo - Pista del Estadio Modelo Alberto Spencer', 'A-PEMAS', '2025-08-27 12:00:00', '1', '1'),
(17, 'Atletismo - Colegio alemán samborondon', 'Atletismo - Atletismo - Colegio alemán samborondon', 'A-CAS', '2025-08-27 12:00:00', '1', '1');


-- Data para la tabla `deporte`
INSERT INTO `deporte`(`dep_id`, `dep_nombre`, `dep_descripcion`, `dep_fecha_creacion`, `dep_estado_activo`, `dep_estado_logico`) VALUES
(1, 'Ajedrez', 'Ajedrez', '2025-08-27 12:00:00', '1', '1'),
(2, 'Basquet', 'Basquet', '2025-08-27 12:00:00', '1', '1'),
(3, 'Atletismo', 'Atletismo', '2025-08-27 12:00:00', '1', '1'),
(4, 'Voleibol', 'Voleibol', '2025-08-27 12:00:00', '1', '1'),
(5, 'Futbol', 'Futbol', '2025-08-27 12:00:00', '1', '1'),
(6, 'Natación', 'Natación', '2025-08-27 12:00:00', '1', '1'),
(7, 'Gimnasia', 'Gimnasia', '2025-08-27 12:00:00', '1', '1'),
(8, 'Tenis de Mesa', 'Tenis de Mesa', '2025-08-27 12:00:00', '1', '1'),
(9, 'Triatlón', 'Triatlón', '2025-08-27 12:00:00', '1', '1'),
(10, 'Karate Do', 'Karate Do', '2025-08-27 12:00:00', '1', '1'),
(11, 'Judo', 'Judo', '2025-08-27 12:00:00', '1', '1'),
(12, 'Tae Kwon Do', 'Tae Kwon Do', '2025-08-27 12:00:00', '1', '1'),
(13, 'Kick Boxing', 'Kick Boxing', '2025-08-27 12:00:00', '1', '1');

-- Data para la tabla `disciplina`
INSERT INTO `disciplina` (`dis_id`, `dep_id`, `dis_nombre`, `dis_descripcion`, `dis_min_participante`, `dis_max_participante`, `dis_estado_activo`, `dis_fecha_creacion`, `dis_fecha_modificacion`, `dis_estado_logico`) VALUES
(1, 1, 'Ajedres Individual', 'Ajedres Individual', 1, 1, '1', '2025-08-12 12:00:00', '2025-10-05 23:33:19', '1'),
(2, 1, 'Ajedrez en Equipo', 'Ajedrez en Equipo', 1, 1, '1', '2025-08-12 12:00:00', '2025-10-05 23:56:39', '1'),
(3, 2, 'Basquet 3 x 3', 'Basquet 3 x 3', 3, 3, '1', '2025-08-12 12:00:00', '2025-10-05 23:58:00', '1'),
(4, 2, 'Basquetbol 5 x 5', 'Basquetbol 5 x 5', 5, 5, '1', '2025-08-12 12:00:00', '2025-10-05 23:58:21', '1'),
(5, 2, 'Mini - Basquet 5 x 5', 'Mini - Basquet 5 x 5', 5, 5, '1', '2025-08-12 12:00:00', '2025-10-05 23:59:12', '1'),
(6, 3, 'Atletismo - Lanzamiento', 'Atletismo - Lanzamiento', 1, 1, '1', '2025-08-12 12:00:00', '2025-10-05 23:59:38', '1'),
(7, 3, 'Atletismo - Salto', 'Atletismo - Salto', 1, 1, '1', '2025-08-12 12:00:00', '2025-10-06 00:00:01', '1'),
(8, 3, 'Atletismo - Posta', 'Atletismo - Posta', 1, 1, '1', '2025-08-12 12:00:00', '2025-10-06 00:00:25', '1'),
(9, 3, 'Atletismo - Pista', 'Atletismo - Pista', 1, 1, '1', '2025-08-12 12:00:00', '2025-10-06 00:00:45', '1'),
(10, 4, 'Voleibol Playa', 'Voleibol Playa', 2, 6, '1', '2025-08-12 12:00:00', '2025-10-06 00:01:12', '1'),
(11, 4, 'Voleibol Sala', 'Voleibol Sala', 6, 12, '1', '2025-08-12 12:00:00', '2025-10-06 00:01:49', '1'),
(12, 4, 'Mini Voleibol', 'Mini Voleibol', 3, 6, '1', '2025-08-12 12:00:00', '2025-10-06 00:02:08', '1'),
(13, 5, 'Futsal 5', 'Futsal 5', 5, 15, '1', '2025-08-12 12:00:00', '2025-10-06 00:02:30', '1'),
(14, 5, 'Fulbol 7', 'Fulbol 7', 7, 20, '1', '2025-08-12 12:00:00', '2025-10-06 00:02:49', '1'),
(15, 5, 'Futbol 9', 'Futbol 9', 9, 20, '1', '2025-08-12 12:00:00', '2025-10-06 00:03:09', '1'),
(16, 5, 'Futbol 11', 'Futbol 11', 11, 20, '1', '2025-08-12 12:00:00', '2025-10-06 00:03:31', '1'),
(17, 6, 'Piscina - Estilo Libre', 'Piscina - Estilo Libre', 1, 1, '1', '2025-08-12 12:00:00', '2025-10-06 00:03:55', '1'),
(18, 6, 'Piscina - Espalda', 'Piscina - Espalda', 1, 1, '1', '2025-08-12 12:00:00', '2025-10-06 00:04:17', '1'),
(19, 6, 'Piscina - Mariposa', 'Piscina - Mariposa', 1, 1, '1', '2025-08-12 12:00:00', '2025-10-06 00:04:42', '1'),
(20, 6, 'Piscina - Pecho', 'Piscina - Pecho', 1, 1, '1', '2025-08-12 12:00:00', '2025-10-06 00:05:04', '1'),
(21, 6, 'Piscina - Relevos', 'Piscina - Relevos', 1, 1, '1', '2025-08-12 12:00:00', '2025-10-06 00:05:56', '1'),
(22, 6, 'Piscina - Combinado Individual', 'Piscina - Combinado Individual', 1, 1, '1', '2025-08-12 12:00:00', '2025-10-06 00:06:23', '1'),
(23, 6, 'Aguas Abiertas', 'Aguas Abiertas', 1, 1, '1', '2025-08-12 12:00:00', '2025-10-06 00:06:52', '1'),
(24, 6, 'Piscina - Clavados', 'Piscina - Clavados', 1, 1, '1', '2025-08-12 12:00:00', '2025-10-06 00:07:22', '1'),
(25, 6, 'Natación Artística', 'Natación Artística', 1, 1, '1', '2025-08-12 12:00:00', '2025-10-06 00:07:42', '1'),
(26, 6, 'Waterpolo', 'Waterpolo', 7, 13, '1', '2025-08-12 12:00:00', '2025-10-06 00:08:06', '1'),
(27, 7, 'Gimnasia Artística', 'Gimnasia Artística', 1, 1, '1', '2025-08-12 12:00:00', '2025-10-06 00:15:55', '1'),
(28, 7, 'Gimnasia Rítmica', 'Gimnasia Rítmica', 1, 1, '1', '2025-08-12 12:00:00', '2025-10-06 00:16:21', '1'),
(29, 7, 'Gimnasia en Trampolín', 'Gimnasia en Trampolín', 1, 1, '1', '2025-08-12 12:00:00', '2025-10-06 00:16:45', '1'),
(30, 8, 'Tenis de Mesa Individual', 'Tenis de Mesa Individual', 1, 1, '1', '2025-08-12 12:00:00', '2025-10-06 00:19:52', '1'),
(31, 8, 'Tenis de Mesa Dobles', 'Tenis de Mesa Dobles', 2, 2, '1', '2025-08-12 12:00:00', '2025-10-06 00:20:13', '1'),
(32, 9, 'Triatlón Individual', 'Triatlón Individual', 1, 1, '1', '2025-08-12 12:00:00', '2025-10-06 00:20:50', '1'),
(33, 9, 'Triatlón por Relevo', 'Triatlón por Relevo', 1, 1, '1', '2025-08-12 12:00:00', '2025-10-06 00:21:38', '1'),
(34, 10, 'Karate Do -  Combate', 'Karate Do -  Combate', 1, 1, '1', '2025-08-12 12:00:00', '2025-10-06 00:22:01', '1'),
(35, 11, 'Judo - Combate', 'Judo - Combate', 1, 1, '1', '2025-08-12 12:00:00', '2025-10-06 00:22:22', '1'),
(36, 12, 'Tae Kwon Do - Combate', 'Tae Kwon Do - Combate', 1, 1, '1', '2025-08-12 12:00:00', '2025-10-06 00:22:47', '1'),
(37, 13, 'Kick Boxing - Combate', 'Kick Boxing - Combate', 1, 1, '1', '2025-08-12 12:00:00', '2025-10-06 00:23:08', '1');

-- Data para la tabla `tasa_disciplina`
INSERT INTO `tasa_disciplina` (`tdis_id`, `dis_id`, `tas_codigo`, `tdis_estado_activo`, `tdis_fecha_creacion`, `tdis_fecha_modificacion`, `tdis_estado_logico`) VALUES
(1, 1, 'DEPINDXCAT', '1', '2025-10-05 23:33:19', NULL, '1'),
(2, 1, 'PARTIND', '1', '2025-10-05 23:33:19', NULL, '1'),
(3, 2, 'DEPINDXCAT', '1', '2025-10-05 23:56:39', NULL, '1'),
(4, 2, 'PARTIND', '1', '2025-10-05 23:56:39', NULL, '1'),
(5, 3, 'ARB1ETP', '1', '2025-10-05 23:58:00', NULL, '1'),
(6, 4, 'ARB1ETP', '1', '2025-10-05 23:58:21', NULL, '1'),
(7, 5, 'ARB1ETP', '1', '2025-10-05 23:59:12', NULL, '1'),
(8, 6, 'DEPINDXCAT', '1', '2025-10-05 23:59:38', NULL, '1'),
(9, 6, 'PARTIND', '1', '2025-10-05 23:59:38', NULL, '1'),
(10, 7, 'DEPINDXCAT', '1', '2025-10-06 00:00:01', NULL, '1'),
(11, 7, 'PARTIND', '1', '2025-10-06 00:00:01', NULL, '1'),
(12, 8, 'DEPINDXCAT', '1', '2025-10-06 00:00:25', NULL, '1'),
(13, 8, 'PARTIND', '1', '2025-10-06 00:00:25', NULL, '1'),
(14, 9, 'DEPINDXCAT', '1', '2025-10-06 00:00:45', NULL, '1'),
(15, 9, 'PARTIND', '1', '2025-10-06 00:00:45', NULL, '1'),
(16, 10, 'ARB1ETP', '1', '2025-10-06 00:01:12', NULL, '1'),
(17, 11, 'ARB1ETP', '1', '2025-10-06 00:01:49', NULL, '1'),
(18, 12, 'ARB1ETP', '1', '2025-10-06 00:02:08', NULL, '1'),
(19, 13, 'ALQCACHFUT', '1', '2025-10-06 00:02:30', NULL, '1'),
(20, 13, 'ARB1ETP', '1', '2025-10-06 00:02:30', NULL, '1'),
(21, 14, 'ALQCACHFUT', '1', '2025-10-06 00:02:49', NULL, '1'),
(22, 14, 'ARB1ETP', '1', '2025-10-06 00:02:49', NULL, '1'),
(23, 15, 'ALQCACHFUT', '1', '2025-10-06 00:03:09', NULL, '1'),
(24, 15, 'ARB1ETP', '1', '2025-10-06 00:03:09', NULL, '1'),
(25, 16, 'ALQCACHFUT', '1', '2025-10-06 00:03:31', NULL, '1'),
(26, 16, 'ARB1ETP', '1', '2025-10-06 00:03:31', NULL, '1'),
(27, 17, 'DEPINDXCAT', '1', '2025-10-06 00:03:55', NULL, '1'),
(28, 17, 'PARTIND', '1', '2025-10-06 00:03:55', NULL, '1'),
(29, 18, 'DEPINDXCAT', '1', '2025-10-06 00:04:17', NULL, '1'),
(30, 18, 'PARTIND', '1', '2025-10-06 00:04:17', NULL, '1'),
(31, 19, 'DEPINDXCAT', '1', '2025-10-06 00:04:42', NULL, '1'),
(32, 19, 'PARTIND', '1', '2025-10-06 00:04:42', NULL, '1'),
(33, 20, 'DEPINDXCAT', '1', '2025-10-06 00:05:04', NULL, '1'),
(34, 20, 'PARTIND', '1', '2025-10-06 00:05:04', NULL, '1'),
(35, 21, 'DEPINDXCAT', '1', '2025-10-06 00:05:56', NULL, '1'),
(36, 21, 'PARTIND', '1', '2025-10-06 00:05:56', NULL, '1'),
(37, 22, 'DEPINDXCAT', '1', '2025-10-06 00:06:23', NULL, '1'),
(38, 22, 'PARTIND', '1', '2025-10-06 00:06:23', NULL, '1'),
(39, 23, 'DEPINDXCAT', '1', '2025-10-06 00:06:52', NULL, '1'),
(40, 23, 'PARTIND', '1', '2025-10-06 00:06:52', NULL, '1'),
(41, 24, 'DEPINDXCAT', '1', '2025-10-06 00:07:22', NULL, '1'),
(42, 24, 'PARTIND', '1', '2025-10-06 00:07:22', NULL, '1'),
(43, 25, 'DEPINDXCAT', '1', '2025-10-06 00:07:42', NULL, '1'),
(44, 25, 'PARTIND', '1', '2025-10-06 00:07:42', NULL, '1'),
(45, 26, 'ARB1ETP', '1', '2025-10-06 00:08:06', NULL, '1'),
(46, 27, 'DEPINDXCAT', '1', '2025-10-06 00:15:55', NULL, '1'),
(47, 27, 'PARTIND', '1', '2025-10-06 00:15:55', NULL, '1'),
(48, 28, 'DEPINDXCAT', '1', '2025-10-06 00:16:21', NULL, '1'),
(49, 28, 'PARTIND', '1', '2025-10-06 00:16:21', NULL, '1'),
(50, 29, 'DEPINDXCAT', '1', '2025-10-06 00:16:45', NULL, '1'),
(51, 29, 'PARTIND', '1', '2025-10-06 00:16:45', NULL, '1'),
(52, 30, 'DEPINDXCAT', '1', '2025-10-06 00:19:52', NULL, '1'),
(53, 30, 'PARTIND', '1', '2025-10-06 00:19:52', NULL, '1'),
(54, 31, 'DEPINDXCAT', '1', '2025-10-06 00:20:13', NULL, '1'),
(55, 31, 'PARTIND', '1', '2025-10-06 00:20:13', NULL, '1'),
(56, 32, 'DEPINDXCAT', '1', '2025-10-06 00:20:50', NULL, '1'),
(57, 32, 'PARTIND', '1', '2025-10-06 00:20:50', NULL, '1'),
(58, 33, 'DEPINDXCAT', '1', '2025-10-06 00:21:38', NULL, '1'),
(59, 33, 'PARTIND', '1', '2025-10-06 00:21:38', NULL, '1'),
(60, 34, 'DEPINDXCAT', '1', '2025-10-06 00:22:01', NULL, '1'),
(61, 34, 'PARTIND', '1', '2025-10-06 00:22:01', NULL, '1'),
(62, 35, 'DEPINDXCAT', '1', '2025-10-06 00:22:22', NULL, '1'),
(63, 35, 'PARTIND', '1', '2025-10-06 00:22:22', NULL, '1'),
(64, 36, 'DEPINDXCAT', '1', '2025-10-06 00:22:47', NULL, '1'),
(65, 36, 'PARTIND', '1', '2025-10-06 00:22:47', NULL, '1'),
(66, 37, 'DEPINDXCAT', '1', '2025-10-06 00:23:08', NULL, '1'),
(67, 37, 'PARTIND', '1', '2025-10-06 00:23:08', NULL, '1');

-- Data para la tabla `categoria`
INSERT INTO `categoria`(`cat_id`, `cat_nombre`, `cat_descripcion`, `cat_fecha_creacion`, `cat_estado_activo`, `cat_estado_logico`) VALUES
(1, 'Mini 12', 'Mini 12', '2025-08-27 12:00:00', '1', '1'),
(2, 'Pre-mini 10', 'Pre-mini 10', '2025-08-27 12:00:00', '1', '1'),
(3, 'Micro 8', 'Micro 8', '2025-08-27 12:00:00', '1', '1'),
(4, 'Baby 6', 'Baby 6', '2025-08-27 12:00:00', '1', '1'),
(5, 'Superior 18', 'Superior 18', '2025-08-27 12:00:00', '1', '1'),
(6, 'Intermedia 16', 'Intermedia 16', '2025-08-27 12:00:00', '1', '1'),
(7, 'Inferior 14', 'Inferior 14', '2025-08-27 12:00:00', '1', '1'),
(8, 'Infantil 12', 'Infantil 12', '2025-08-27 12:00:00', '1', '1'),
(9, 'Pre-inferior 13', 'Pre-inferior 13', '2025-08-27 12:00:00', '1', '1'),
(10, 'Superior 15 - 18', 'Superior 15 - 18', '2025-08-27 12:00:00', '1', '1'),
(11, 'Inferior 12 - 14', 'Inferior 12 - 14', '2025-08-27 12:00:00', '1', '1'),
(12, 'Superior', 'Superior', '2025-08-27 12:00:00', '1', '1'),
(13, 'Inferior', 'Inferior', '2025-08-27 12:00:00', '1', '1'),
(14, 'Intermedia', 'Intermedia', '2025-08-27 12:00:00', '1', '1'),
(15, 'Infantil', 'Infantil', '2025-08-27 12:00:00', '1', '1'),
(16, 'Pre-inferior', 'Pre-inferior', '2025-08-27 12:00:00', '1', '1');

-- Data para la tabla `tasa`
INSERT INTO `tasa` (`tas_id`, `tas_nombre`, `tas_descripcion`, `tas_codigo`, `tas_valor`, `tas_estado_activo`, `tas_fecha_creacion`, `tas_fecha_modificacion`, `tas_estado_logico`) VALUES
(1, 'Afiliación por 1ra. Vez', 'Valor que cancela la institución para inscribirse en las Competencias Inter-Colegiales y Juegos Escolares.', 'AFIXPRIVEZ', '30.0000', '1', '2025-09-11 03:09:35', NULL, '1'),
(2, 'Inscripción por Categoría', 'Valor a cancelar por la inscripcion por categorias.', 'INSCXCAT', '20.0000', '1', '2025-09-11 03:10:19', NULL, '1'),
(3, 'Credenciales', 'Valor a pagar por cada jugador inscrito en una competencia.', 'CREDEN', '6.0000', '1', '2025-09-11 03:11:28', NULL, '1'),
(4, 'Participación individual', 'Valor a cancelar en una participación individual', 'PARTIND', '20.0000', '1', '2025-09-11 03:12:22', NULL, '1'),
(5, 'Pago de Arbitraje 1ra Etapa', 'Valor a cancelar para deportes colectivos. (1era Etapa = 6 partidos)', 'ARB1ETP', '72.0000', '1', '2025-09-11 03:14:06', NULL, '1'),
(6, 'Pago de Arbitraje 2da-3ra Etapa', 'Valor a cancelar para deportes colectivos. (2da - 3ra Etapa = 3 partidos)', 'ARB2ETP', '36.0000', '1', '2025-09-11 03:16:51', NULL, '1'),
(7, 'Deporte individual x Categoria', 'Valores a cancelar por participar en deportes individuales por categoria.', 'DEPINDXCAT', '25.0000', '1', '2025-09-11 03:17:53', NULL, '1'),
(8, 'Alquiler de cancha (fútbol-fútsal) x Categoria', 'Valor a cancelar por alquiler de canchas (fútbol-fútsal)', 'ALQCACHFUT', '20.0000', '1', '2025-09-11 03:18:57', NULL, '1'),
(9, 'Inscripción Anual', 'Valor a cancelar por incripción anual.', 'INSCANUAL', '30.0000', '1', '2025-09-11 03:19:45', NULL, '1'),
(10, 'Impugnaciones', 'Valor a cancelar para solicitar impugnaciones por saciones.', 'IMPUG', '25.0000', '1', '2025-09-11 03:20:28', NULL, '1'),
(11, 'Certificados deportivos', 'Valor a pagar por solicitar certificados deportivos.', 'CERTDEP', '10.0000', '1', '2025-09-11 03:21:03', NULL, '1');

-- Data para la tabla `institucion`
INSERT INTO `institucion` (`ins_id`, `ins_nombre`, `ins_descripcion`, `ins_codigo`, `ins_tipo`, `ins_descuento`, `ins_estado_activo`, `ins_fecha_creacion`, `ins_estado_logico`) VALUES
(1,'San José La Salle','San José La Salle -  Guayas - Guayaquil','SJLS','2',0,'1','2025-08-12 12:00:00','1'),
(2,'Unidad Educativa Fiscal Alberto Perdomo Franco','Unidad Educativa Fiscal Alberto Perdomo Franco -  Guayas - Guayaquil','UEFAPF','1',0.5,'1','2025-08-12 12:00:00','1'),
(3,'Región Amazónica','Región Amazónica -  Guayas - Guayaquil','RA','2',0,'1','2025-08-12 12:00:00','1'),
(4,'Santa María','Santa María -  Guayas - Guayaquil','SM','2',0,'1','2025-08-12 12:00:00','1'),
(5,'Unidad Educativa Particular "Corazón de María"','Unidad Educativa Particular "Corazón de María" -  Guayas - Guayaquil','UEPCDM','2',0,'1','2025-08-12 12:00:00','1'),
(6,'Escuela de Educación Básica Fiscal Ingapirca','Escuela de Educación Básica Fiscal Ingapirca -  Guayas - Guayaquil','EEBFI','1',0.5,'1','2025-08-12 12:00:00','1'),
(7,'Escuela de Educación Básica Yeshua','Escuela de Educación Básica Yeshua -  Guayas - Guayaquil','EEBY','2',0,'1','2025-08-12 12:00:00','1'),
(8,'Unidad Educativa Fiscal Otto Arosemena Gómez','Unidad Educativa Fiscal Otto Arosemena Gómez -  Guayas - Guayaquil','UEFOAG','1',0.5,'1','2025-08-12 12:00:00','1'),
(9,'Unidad Educativa Fiscomisional "Fe y Alegría"','Unidad Educativa Fiscomisional "Fe y Alegría" -  Guayas - Guayaquil','UEFFYA','2',0,'1','2025-08-12 12:00:00','1'),
(10,'Colegio Fiscal "Joaquín Gallegos Lara"','Colegio Fiscal "Joaquín Gallegos Lara" -  Guayas - Guayaquil','CFJGL','1',0.5,'1','2025-08-12 12:00:00','1'),
(11,'Escuela de Educación Básica Particular "Sol En Los Andes"','Escuela de Educación Básica Particular "Sol En Los Andes" -  Guayas - Guayaquil','EEBPSELA','2',0,'1','2025-08-12 12:00:00','1'),
(12,'Escuela de Educación Básica Fiscomisional Tepeyac','Escuela de Educación Básica Fiscomisional Tepeyac -  Guayas - Guayaquil','EEBFT','2',0,'1','2025-08-12 12:00:00','1'),
(13,'Escuela de Educación Básica Particular Mercedes de Jesús Molina','Escuela de Educación Básica Particular Mercedes de Jesús Molina -  Guayas - Guayaquil','EEBPMDJM','2',0,'1','2025-08-12 12:00:00','1'),
(14,'Retoñitos de Amor','Retoñitos de Amor -  Guayas - Guayaquil','RDA','2',0,'1','2025-08-12 12:00:00','1'),
(15,'Unidad Educativa Particular Juan XXIII','Unidad Educativa Particular Juan XXIII -  Guayas - Guayaquil','UEPJXXIII','2',0,'1','2025-08-12 12:00:00','1'),
(16,'Stabile','Stabile -  Guayas - Guayaquil','S','2',0,'1','2025-08-12 12:00:00','1'),
(17,'Escuela de Educación Básica Fiscomisional Estero Salado','Escuela de Educación Básica Fiscomisional Estero Salado -  Guayas - Guayaquil','EEBFES','2',0,'1','2025-08-12 12:00:00','1'),
(18,'Escuela de Educación Básica Fiscal Roberto Illingworth Icaza','Escuela de Educación Básica Fiscal Roberto Illingworth Icaza -  Guayas - Guayaquil','EEBFRII','1',0.5,'1','2025-08-12 12:00:00','1'),
(19,'Carmen Sucre','Carmen Sucre -  Guayas - Guayaquil','CS','2',0,'1','2025-08-12 12:00:00','1'),
(20,'Escuela de Educación Básica Particular Completa Cardenal Richard Cushing','Escuela de Educación Básica Particular Completa Cardenal Richard Cushing -  Guayas - Guayaquil','EEBPCCRC','2',0,'1','2025-08-12 12:00:00','1'),
(21,'Unidad Educativa Particular "Stanford School"','Unidad Educativa Particular "Stanford School" -  Guayas - Guayaquil','UEPSS','2',0,'1','2025-08-12 12:00:00','1'),
(22,'Unidad Educativa Particular Leonhard Euler','Unidad Educativa Particular Leonhard Euler -  Guayas - Guayaquil','UEPLE','2',0,'1','2025-08-12 12:00:00','1'),
(23,'Unidad Educativa Fiscal "Coronel Luciano Coral"','Unidad Educativa Fiscal "Coronel Luciano Coral" -  Guayas - Guayaquil','UEFCLC','1',0.5,'1','2025-08-12 12:00:00','1'),
(24,'Unidad Educativa Fiscomisional Domingo Savio','Unidad Educativa Fiscomisional Domingo Savio -  Guayas - Guayaquil','UEFDS1','2',0,'1','2025-08-12 12:00:00','1'),
(25,'Unidad Educativa Particular Águilas De Cristo','Unidad Educativa Particular Águilas De Cristo -  Guayas - Guayaquil','UEPADC','2',0,'1','2025-08-12 12:00:00','1'),
(26,'Unidad Educativa Particular José María Egas','Unidad Educativa Particular José María Egas -  Guayas - Guayaquil','UEPJME','2',0,'1','2025-08-12 12:00:00','1'),
(27,'Unidad Educativa Fiscomisional San Juan Bosco','Unidad Educativa Fiscomisional San Juan Bosco -  Guayas - Guayaquil','UEFSJB','2',0,'1','2025-08-12 12:00:00','1'),
(28,'Unidad Educativa Academia Naval Altamar','Unidad Educativa Academia Naval Altamar -  Guayas - Guayaquil','UEANA','2',0,'1','2025-08-12 12:00:00','1'),
(29,'Unidad Educativa Rita Lecumberri','Unidad Educativa Rita Lecumberri -  Guayas - Guayaquil','UERL','2',0,'1','2025-08-12 12:00:00','1'),
(30,'Unidad Educativa Particular Instituto Suarez','Unidad Educativa Particular Instituto Suarez -  Guayas - Guayaquil','UEPIS1','2',0,'1','2025-08-12 12:00:00','1'),
(31,'Unidad Educativa Particular de La Providencia','Unidad Educativa Particular de La Providencia -  Guayas - Guayaquil','UEPDLP','2',0,'1','2025-08-12 12:00:00','1'),
(32,'Unidad Educativa Fiscal José Joaquín de Olmedo','Unidad Educativa Fiscal José Joaquín de Olmedo -  Guayas - Guayaquil','UEFJJDO','1',0.5,'1','2025-08-12 12:00:00','1'),
(33,'Unidad Educativa Particular Bilingüe Ecomundo','Unidad Educativa Particular Bilingüe Ecomundo -  Guayas - Guayaquil','UEPBE','2',0,'1','2025-08-12 12:00:00','1'),
(34,'Escuela de Educación Básica Particular Invesciencias','Escuela de Educación Básica Particular Invesciencias -  Guayas - Guayaquil','EEBPI1','2',0,'1','2025-08-12 12:00:00','1'),
(35,'Unidad Educativa Particular Nuevo Pacto','Unidad Educativa Particular Nuevo Pacto -  Guayas - Guayaquil','UEPNP','2',0,'1','2025-08-12 12:00:00','1'),
(36,'Unidad Educativa Fiscal América','Unidad Educativa Fiscal América -  Guayas - Guayaquil','UEFA','1',0.5,'1','2025-08-12 12:00:00','1'),
(37,'Unidad Educativa Particular Camino al Bello Amanecer','Unidad Educativa Particular Camino al Bello Amanecer -  Guayas - Guayaquil','UEPCABA','2',0,'1','2025-08-12 12:00:00','1'),
(38,'Escuela de Educación Básica Particular Resena Intriago de Verdesoto','Escuela de Educación Básica Particular Resena Intriago de Verdesoto -  Guayas - Guayaquil','EEBPRIDV','2',0,'1','2025-08-12 12:00:00','1'),
(39,'Escuela de Educación Básica Fiscal Luz del Guayas','Escuela de Educación Básica Fiscal Luz del Guayas -  Guayas - Guayaquil','EEBFLDG','1',0.5,'1','2025-08-12 12:00:00','1'),
(40,'Unidad Educativa Fiscomisional San Ignacio de Loyola','Unidad Educativa Fiscomisional San Ignacio de Loyola -  Guayas - Guayaquil','UEFSIDL','2',0,'1','2025-08-12 12:00:00','1'),
(41,'Unidad Educativa Fiscomisional Francisco García Jiménez','Unidad Educativa Fiscomisional Francisco García Jiménez -  Guayas - Guayaquil','UEFFGJ','2',0,'1','2025-08-12 12:00:00','1'),
(42,'Escuela de Educación Básica Particular Tres de Diciembre','Escuela de Educación Básica Particular Tres de Diciembre -  Guayas - Guayaquil','EEBPTDD','2',0,'1','2025-08-12 12:00:00','1'),
(43,'Esperanzas del Futuro','Esperanzas del Futuro -  Guayas - Guayaquil','EDF','2',0,'1','2025-08-12 12:00:00','1'),
(44,'Escuela de Educación Básica Particular Sándalo','Escuela de Educación Básica Particular Sándalo -  Guayas - Guayaquil','EEBPS','2',0,'1','2025-08-12 12:00:00','1'),
(45,'Unidad Educativa Particular María de Nazareth','Unidad Educativa Particular María de Nazareth -  Guayas - Guayaquil','UEPMDN','2',0,'1','2025-08-12 12:00:00','1'),
(46,'Escuela de Educación Básica Fiscal Enrique Ibáñez Mora','Escuela de Educación Básica Fiscal Enrique Ibáñez Mora -  Guayas - Guayaquil','EEBFEIM','1',0.5,'1','2025-08-12 12:00:00','1'),
(47,'Escuela de Educación Básica Particular Paquisha','Escuela de Educación Básica Particular Paquisha -  Guayas - Guayaquil','EEBPP','2',0,'1','2025-08-12 12:00:00','1'),
(48,'Unidad Educativa Fiscal Arnulfo Jaramillo Sierra','Unidad Educativa Fiscal Arnulfo Jaramillo Sierra -  Guayas - Guayaquil','UEFAJS','1',0.5,'1','2025-08-12 12:00:00','1'),
(49,'Unidad Educativa Particular Benemérita Sociedad Filantrópica Del Guayas','Unidad Educativa Particular Benemérita Sociedad Filantrópica Del Guayas -  Guayas - Guayaquil','UEPBSFDG','2',0,'1','2025-08-12 12:00:00','1'),
(50,'Unidad Educativa La Consolata','Unidad Educativa La Consolata -  Guayas - Guayaquil','UELC','2',0,'1','2025-08-12 12:00:00','1'),
(51,'Unidad Educativa Particular Mundial','Unidad Educativa Particular Mundial -  Guayas - Guayaquil','UEPM1','2',0,'1','2025-08-12 12:00:00','1'),
(52,'Unidad Educativa Particular Margarita Amestoy de Sánchez','Unidad Educativa Particular Margarita Amestoy de Sánchez -  Guayas - Guayaquil','UEPMADS','2',0,'1','2025-08-12 12:00:00','1'),
(53,'Escuela de Educación Básica Particular Alemary School','Escuela de Educación Básica Particular Alemary School -  Guayas - Guayaquil','EEBPAS','2',0,'1','2025-08-12 12:00:00','1'),
(54,'Unidad Educativa Fiscal Leonidas García','Unidad Educativa Fiscal Leonidas García -  Guayas - Guayaquil','UEFLG','1',0.5,'1','2025-08-12 12:00:00','1'),
(55,'Escuela de Educación Básica Alegría','Escuela de Educación Básica Alegría -  Guayas - Guayaquil','EEBA','2',0,'1','2025-08-12 12:00:00','1'),
(56,'Unidad Educativa Particular José Domingo de Santistevan','Unidad Educativa Particular José Domingo de Santistevan -  Guayas - Guayaquil','UEPJDDS','2',0,'1','2025-08-12 12:00:00','1'),
(57,'Unidad Educativa Básica Particular Nuestra Señora del Carmen','Unidad Educativa Básica Particular Nuestra Señora del Carmen -  Guayas - Guayaquil','UEBPNSDC','2',0,'1','2025-08-12 12:00:00','1'),
(58,'Teniente Hugo Ortiz Garcés','Teniente Hugo Ortiz Garcés -  Guayas - Guayaquil','THOG','2',0,'1','2025-08-12 12:00:00','1'),
(59,'Unidad Educativa Particular Harvard','Unidad Educativa Particular Harvard -  Guayas - Guayaquil','UEPH','2',0,'1','2025-08-12 12:00:00','1'),
(60,'Unidad Educativa Particular Claire Bucaram de Aivas','Unidad Educativa Particular Claire Bucaram de Aivas -  Guayas - Guayaquil','UEPCBDA','2',0,'1','2025-08-12 12:00:00','1'),
(61,'Escuela de Educación Básica Particular Brillante Futuro','Escuela de Educación Básica Particular Brillante Futuro -  Guayas - Guayaquil','EEBPBF','2',0,'1','2025-08-12 12:00:00','1'),
(62,'Escuela de Educación Básica Particular Camino al Espacio ther King','Escuela de Educación Básica Particular Camino al Espacio ther King -  Guayas - Guayaquil','EEBPCAETK','2',0,'1','2025-08-12 12:00:00','1'),
(63,'Unidad Educativa Fiscal Provincia de Tungurahua','Unidad Educativa Fiscal Provincia de Tungurahua -  Guayas - Guayaquil','UEFPDT','1',0.5,'1','2025-08-12 12:00:00','1'),
(64,'Unidad Educativa Particular Emanuel','Unidad Educativa Particular Emanuel -  Guayas - Guayaquil','UEPE','2',0,'1','2025-08-12 12:00:00','1'),
(65,'Unidad Educativa Particular Americus Mundus Novus','Unidad Educativa Particular Americus Mundus Novus -  Guayas - Guayaquil','UEPAMN','2',0,'1','2025-08-12 12:00:00','1'),
(66,'Unidad Educativa Particular American School','Unidad Educativa Particular American School -  Guayas - Guayaquil','UEPAS','2',0,'1','2025-08-12 12:00:00','1'),
(67,'Unidad Educativa Particular El Libertador','Unidad Educativa Particular El Libertador -  Guayas - Guayaquil','UEPEL','2',0,'1','2025-08-12 12:00:00','1'),
(68,'Unidad Educativa de Fuerzas Armadas Liceo Naval Guayaquil Comandante Rafael Andrade Lalama','Unidad Educativa de Fuerzas Armadas Liceo Naval Guayaquil Comandante Rafael Andrade Lalama -  Guayas - Guayaquil','UEDFALNGCRAL','2',0,'1','2025-08-12 12:00:00','1'),
(69,'Escuela Fiscal Presidente Velasco Ibarra','Escuela Fiscal Presidente Velasco Ibarra -  Guayas - Guayaquil','EFPVI','1',0.5,'1','2025-08-12 12:00:00','1'),
(70,'Escuela de Educación Básica Fiscal Jorge Enrique Adoum','Escuela de Educación Básica Fiscal Jorge Enrique Adoum -  Guayas - Guayaquil','EDEBFJEA','1',0.5,'1','2025-08-12 12:00:00','1'),
(71,'Unidad Educativa Particular Mundo América','Unidad Educativa Particular Mundo América -  Guayas - Guayaquil','UEPMA','2',0,'1','2025-08-12 12:00:00','1'),
(72,'Unidad Educativa Fiscal José Martínez Queirolo','Unidad Educativa Fiscal José Martínez Queirolo -  Guayas - Guayaquil','UEFJMQ','1',0.5,'1','2025-08-12 12:00:00','1'),
(73,'Unidad Educativa Particular Dr. Agustín Cueva Tamariz','Unidad Educativa Particular Dr. Agustín Cueva Tamariz -  Guayas - Guayaquil','UEPDACT','2',0,'1','2025-08-12 12:00:00','1'),
(74,'Escuela de Educación Básica Completa Fiscal Elías Rivero Góngora','Escuela de Educación Básica Completa Fiscal Elías Rivero Góngora -  Guayas - Guayaquil','EEBCFERG','1',0.5,'1','2025-08-12 12:00:00','1'),
(75,'Unidad Educativa La Florida','Unidad Educativa La Florida -  Guayas - Guayaquil','UELF','2',0,'1','2025-08-12 12:00:00','1'),
(76,'Unidad Educativa Particular San Benildo La Salle','Unidad Educativa Particular San Benildo La Salle -  Guayas - Guayaquil','UEPSBLS','2',0,'1','2025-08-12 12:00:00','1'),
(77,'Escuela de Educación Básica Particular Sendero de Luz','Escuela de Educación Básica Particular Sendero de Luz -  Guayas - Guayaquil','EEBPSDL','2',0,'1','2025-08-12 12:00:00','1'),
(78,'Escuela de Educación Básica Particular David Paúl Ausubel','Escuela de Educación Básica Particular David Paúl Ausubel -  Guayas - Guayaquil','EEBPDPA','2',0,'1','2025-08-12 12:00:00','1'),
(79,'Rita Lecumberri Escuela','Rita Lecumberri Escuela -  Guayas - Guayaquil','RLE','2',0,'1','2025-08-12 12:00:00','1'),
(80,'Unidad Educativa Particular Bilingüe Espíritu Santo','Unidad Educativa Particular Bilingüe Espíritu Santo -  Guayas - Guayaquil','UEPBES','2',0,'1','2025-08-12 12:00:00','1'),
(81,'Unidad Educativa Particular Liceo Cristiano de Guayaquil','Unidad Educativa Particular Liceo Cristiano de Guayaquil -  Guayas - Guayaquil','UEPLCDG','2',0,'1','2025-08-12 12:00:00','1'),
(82,'Unidad Educativa Delfos','Unidad Educativa Delfos -  Guayas - Guayaquil','UED1','2',0,'1','2025-08-12 12:00:00','1'),
(83,'Unidad Educativa Particular Americano de Guayaquil','Unidad Educativa Particular Americano de Guayaquil -  Guayas - Guayaquil','UEPADG','2',0,'1','2025-08-12 12:00:00','1'),
(84,'Escuela de Educación Básica Particular Santa Narcisa de Jesús','Escuela de Educación Básica Particular Santa Narcisa de Jesús -  Guayas - Guayaquil','EEBPSNDJ','2',0,'1','2025-08-12 12:00:00','1'),
(85,'Unidad Educativa Fiscal Dolores Sucre','Unidad Educativa Fiscal Dolores Sucre -  Guayas - Guayaquil','UEFDS','1',0.5,'1','2025-08-12 12:00:00','1'),
(86,'Unidad Educativa Particular Mariscal Sucre','Unidad Educativa Particular Mariscal Sucre -  Guayas - Guayaquil','UEPMS','2',0,'1','2025-08-12 12:00:00','1'),
(87,'Escuela de Educación Básica Fiscomisional Esteban Cordero Borrero','Escuela de Educación Básica Fiscomisional Esteban Cordero Borrero -  Guayas - Guayaquil','EEBFECB','2',0,'1','2025-08-12 12:00:00','1'),
(88,'Unidad Educativa Particular Integral Sudamericano','Unidad Educativa Particular Integral Sudamericano -  Guayas - Guayaquil','UEPIS','2',0,'1','2025-08-12 12:00:00','1'),
(89,'Unidad Educativa Particular Bilingüe Balandra Cruz del Sur','Unidad Educativa Particular Bilingüe Balandra Cruz del Sur -  Guayas - Guayaquil','UEPBBCDS','2',0,'1','2025-08-12 12:00:00','1'),
(90,'Unidad Educativa Particular Montepiedra','Unidad Educativa Particular Montepiedra -  Guayas - Guayaquil','UEPM','2',0,'1','2025-08-12 12:00:00','1'),
(91,'Unidad Educativa Binacional Particular Alemán Humboldt','Unidad Educativa Binacional Particular Alemán Humboldt -  Guayas - Guayaquil','UEBPAH','2',0,'1','2025-08-12 12:00:00','1'),
(92,'Unidad Educativa Particular Bilingüe Jefferson','Unidad Educativa Particular Bilingüe Jefferson -  Guayas - Guayaquil','UEPBJ','2',0,'1','2025-08-12 12:00:00','1'),
(93,'Escuela de Educación Básica Fiscomisional María Reina de Fe y Alegría','Escuela de Educación Básica Fiscomisional María Reina de Fe y Alegría -  Guayas - Guayaquil','EEBFMRDFYA','2',0,'1','2025-08-12 12:00:00','1'),
(94,'Unidad Educativa Particular Cardenal Bernardino Echeverría Ruiz','Unidad Educativa Particular Cardenal Bernardino Echeverría Ruiz -  Guayas - Guayaquil','UEPCBER','2',0,'1','2025-08-12 12:00:00','1'),
(95,'Unidad Educativa Particular Bilingüe Santo Domingo de Guzmán','Unidad Educativa Particular Bilingüe Santo Domingo de Guzmán -  Guayas - Guayaquil','UEPBSDG','2',0,'1','2025-08-12 12:00:00','1'),
(96,'Unidad Educativa Andrés Bello López','Unidad Educativa Andrés Bello López -  Guayas - Guayaquil','UEABL','2',0,'1','2025-08-12 12:00:00','1'),
(97,'Unidad Educativa Particular Santa Ana','Unidad Educativa Particular Santa Ana -  Guayas - Guayaquil','UEPSA','2',0,'1','2025-08-12 12:00:00','1'),
(98,'Unidad Educativa Pasionista','Unidad Educativa Pasionista -  Guayas - Guayaquil','UEP','2',0,'1','2025-08-12 12:00:00','1'),
(99,'Unidad Educativa Miraflores','Unidad Educativa Miraflores -  Guayas - Guayaquil','UEM','2',0,'1','2025-08-12 12:00:00','1'),
(100,'Unidad Educativa Particular Santa María Goretti','Unidad Educativa Particular Santa María Goretti -  Guayas - Guayaquil','UEPSMG','2',0,'1','2025-08-12 12:00:00','1'),
(101,'Bárbara Alfaro','Bárbara Alfaro -  Guayas - Guayaquil','BA','2',0,'1','2025-08-12 12:00:00','1'),
(102,'Unidad Educativa Fiscal Vicente Rocafuerte','Unidad Educativa Fiscal Vicente Rocafuerte -  Guayas - Guayaquil','UEFVR','1',0.5,'1','2025-08-12 12:00:00','1'),
(103,'Escuela de Educación Básica Particular Dra. Guadalupe Larriva González','Escuela de Educación Básica Particular Dra. Guadalupe Larriva González -  Guayas - Guayaquil','EEBPDGLG','2',0,'1','2025-08-12 12:00:00','1'),
(104,'Escuela de Educación Básica Particular República del Perú','Escuela de Educación Básica Particular República del Perú -  Guayas - Guayaquil','EEBPRDP','2',0,'1','2025-08-12 12:00:00','1'),
(105,'Escuela de Educación Básica Fiscal Dr. Carlos Ortiz Macías','Escuela de Educación Básica Fiscal Dr. Carlos Ortiz Macías -  Guayas - Guayaquil','EEBFDCOM','1',0.5,'1','2025-08-12 12:00:00','1'),
(106,'Unidad Educativa Fiscal Ciudad de Riobamba','Unidad Educativa Fiscal Ciudad de Riobamba -  Guayas - Guayaquil','UEFCDR','1',0.5,'1','2025-08-12 12:00:00','1'),
(107,'Unidad Educativa Particular Nuestra Señora del Quinche','Unidad Educativa Particular Nuestra Señora del Quinche -  Guayas - Guayaquil','UEPNSDQ','2',0,'1','2025-08-12 12:00:00','1'),
(108,'Escuela de Educación Básica Fiscal Bárbara Maridueña de Morán','Escuela de Educación Básica Fiscal Bárbara Maridueña de Morán -  Guayas - Guayaquil','EEBFBMDM','1',0.5,'1','2025-08-12 12:00:00','1'),
(109,'Escuela de Educación Básica Fiscal Provincia de Manabí','Escuela de Educación Básica Fiscal Provincia de Manabí -  Guayas - Guayaquil','EEBFPDM','1',0.5,'1','2025-08-12 12:00:00','1'),
(110,'Escuela de Educación Básica Fiscal Flora Salazar de Loor','Escuela de Educación Básica Fiscal Flora Salazar de Loor -  Guayas - Guayaquil','EEBFFSDL','1',0.5,'1','2025-08-12 12:00:00','1'),
(111,'Escuela de Educación Básica Fiscomisional Mons. Néstor Astudillo','Escuela de Educación Básica Fiscomisional Mons. Néstor Astudillo -  Guayas - Guayaquil','EEBFMNA','2',0,'1','2025-08-12 12:00:00','1'),
(112,'Escuela de Educación Básica Particular Abdón Calderón Garaicoa','Escuela de Educación Básica Particular Abdón Calderón Garaicoa -  Guayas - Guayaquil','EEBPACG','2',0,'1','2025-08-12 12:00:00','1'),
(113,'Unidad Educativa Santa María de Los Ángeles','Unidad Educativa Santa María de Los Ángeles -  Guayas - Guayaquil','UESMDLA','2',0,'1','2025-08-12 12:00:00','1'),
(114,'Escuela de Educación Básica Particular Monseñor Juan María Riera','Escuela de Educación Básica Particular Monseñor Juan María Riera -  Guayas - Guayaquil','EEBPMJMR','2',0,'1','2025-08-12 12:00:00','1'),
(115,'Escuela de Educación Básica Particular Numa Pompilio Llona','Escuela de Educación Básica Particular Numa Pompilio Llona -  Guayas - Guayaquil','EEBPNPL','2',0,'1','2025-08-12 12:00:00','1'),
(116,'Escuela de Educación Básica Fiscal Blanca Gilbert','Escuela de Educación Básica Fiscal Blanca Gilbert -  Guayas - Guayaquil','EEBFBG','1',0.5,'1','2025-08-12 12:00:00','1'),
(117,'Unidad Educativa Particular Cayetano Tarruell','Unidad Educativa Particular Cayetano Tarruell -  Guayas - Guayaquil','UEPCT','2',0,'1','2025-08-12 12:00:00','1'),
(118,'Escuela Fiscomisional Padre Numael López','Escuela Fiscomisional Padre Numael López -  Guayas - Guayaquil','EFPNL','2',0,'1','2025-08-12 12:00:00','1'),
(119,'Unidad Educativa Fiscal Monseñor Leonidas Proaño','Unidad Educativa Fiscal Monseñor Leonidas Proaño -  Guayas - Guayaquil','UEFMLP','1',0.5,'1','2025-08-12 12:00:00','1'),
(120,'Unidad Educativa Particular Sergio Núñez Santamaría','Unidad Educativa Particular Sergio Núñez Santamaría -  Guayas - Guayaquil','UEPSNS','2',0,'1','2025-08-12 12:00:00','1'),
(121,'Escuela de Educación Básica Particular José De La Cuadra','Escuela de Educación Básica Particular José De La Cuadra -  Guayas - Guayaquil','EEBPJDLC','2',0,'1','2025-08-12 12:00:00','1'),
(122,'Escuela de Educación Básica Fiscomisional Santa María Eufrasia','Escuela de Educación Básica Fiscomisional Santa María Eufrasia -  Guayas - Guayaquil','EEBFSME','2',0,'1','2025-08-12 12:00:00','1'),
(123,'Unidad Educativa Fiscomisional El Profeta Jeremías','Unidad Educativa Fiscomisional El Profeta Jeremías -  Guayas - Guayaquil','UEFEPJ','2',0,'1','2025-08-12 12:00:00','1'),
(124,'Escuela de Educación Básica Particular Israel','Escuela de Educación Básica Particular Israel -  Guayas - Guayaquil','EEBPI','2',0,'1','2025-08-12 12:00:00','1'),
(125,'Unidad Educativa Fiscal Amarilis Fuentes Alcívar','Unidad Educativa Fiscal Amarilis Fuentes Alcívar -  Guayas - Guayaquil','UEFAFA','1',0.5,'1','2025-08-12 12:00:00','1'),
(126,'Unidad Educativa Particular Hugo Ortiz Garcés','Unidad Educativa Particular Hugo Ortiz Garcés -  Guayas - Guayaquil','UEPHOG','2',0,'1','2025-08-12 12:00:00','1'),
(127,'Unidad Educativa Fiscal José Vicente Trujillo','Unidad Educativa Fiscal José Vicente Trujillo -  Guayas - Guayaquil','UEFJVT','1',0.5,'1','2025-08-12 12:00:00','1'),
(128,'Unidad Educativa Particular Guayas','Unidad Educativa Particular Guayas -  Guayas - Guayaquil','UEPG','2',0,'1','2025-08-12 12:00:00','1'),
(129,'Escuela de Educación Básica Manuela Espejo','Escuela de Educación Básica Manuela Espejo -  Guayas - Guayaquil','EEBME','2',0,'1','2025-08-12 12:00:00','1'),
(130,'Escuela de Educación Básica Fiscal José Salcedo Delgado','Escuela de Educación Básica Fiscal José Salcedo Delgado -  Guayas - Guayaquil','EEBFJSD','1',0.5,'1','2025-08-12 12:00:00','1'),
(131,'Unidad Educativa Lola Arosemena de Carbo','Unidad Educativa Lola Arosemena de Carbo -  Guayas - Guayaquil','UELADC','2',0,'1','2025-08-12 12:00:00','1'),
(132,'Unidad Educativa Ciencia y Fe','Unidad Educativa Ciencia y Fe -  Guayas - Guayaquil','UECYF','2',0,'1','2025-08-12 12:00:00','1'),
(133,'Unidad Educativa Fiscal Nueve de Octubre','Unidad Educativa Fiscal Nueve de Octubre -  Guayas - Guayaquil','UEFNDO','1',0.5,'1','2025-08-12 12:00:00','1'),
(134,'Unidad Educativa Bilingüe Nueva Semilla','Unidad Educativa Bilingüe Nueva Semilla -  Guayas - Guayaquil','UEBNS','2',0,'1','2025-08-12 12:00:00','1'),
(135,'Unidad Educativa Fiscal Aurora Estrada de Ramírez','Unidad Educativa Fiscal Aurora Estrada de Ramírez -  Guayas - Guayaquil','UEFAEDR','1',0.5,'1','2025-08-12 12:00:00','1'),
(136,'Unidad Educativa Bilingüe Particular International School','Unidad Educativa Bilingüe Particular International School -  Guayas - Guayaquil','UEBPIS','2',0,'1','2025-08-12 12:00:00','1'),
(137,'Unidad Educativa Salesiana Fiscomisional Domingo Comín','Unidad Educativa Salesiana Fiscomisional Domingo Comín -  Guayas - Guayaquil','UESFDC','2',0,'1','2025-08-12 12:00:00','1'),
(138,'Escuela de Educación Básica Particular Liceo Panamericano Centenario','Escuela de Educación Básica Particular Liceo Panamericano Centenario -  Guayas - Guayaquil','EEBPLPC','2',0,'1','2025-08-12 12:00:00','1'),
(139,'Unidad Educativa Particular Bilingüe Santiago Mayor','Unidad Educativa Particular Bilingüe Santiago Mayor -  Guayas - Guayaquil','UEPBSM','2',0,'1','2025-08-12 12:00:00','1'),
(140,'Escuela de Educación Básica Zenovio Coronel Copato','Escuela de Educación Básica Zenovio Coronel Copato -  Guayas - Guayaquil','EEBZCC','2',0,'1','2025-08-12 12:00:00','1'),
(141,'Unidad Educativa Particular Ronald Reagan','Unidad Educativa Particular Ronald Reagan -  Guayas - Guayaquil','UEPRR','2',0,'1','2025-08-12 12:00:00','1'),
(142,'Escuela de Educación Básica Fiscal José Joaquín de Olmedo','Escuela de Educación Básica Fiscal José Joaquín de Olmedo -  Guayas - Guayaquil','EEBFJJDO','1',0.5,'1','2025-08-12 12:00:00','1'),
(143,'Unidad Educativa Particular Voluntas Dei','Unidad Educativa Particular Voluntas Dei -  Guayas - Guayaquil','UEPVD','2',0,'1','2025-08-12 12:00:00','1'),
(144,'Unidad Educativa Particular Padres Somascos El Cenáculo','Unidad Educativa Particular Padres Somascos El Cenáculo -  Guayas - Guayaquil','UEPPSEC','2',0,'1','2025-08-12 12:00:00','1'),
(145,'Unidad Educativa Particular Sofos','Unidad Educativa Particular Sofos -  Guayas - Guayaquil','UEPS','2',0,'1','2025-08-12 12:00:00','1'),
(146,'Unidad Educativa Fiscal Los Vergeles','Unidad Educativa Fiscal Los Vergeles -  Guayas - Guayaquil','UEFLV','1',0.5,'1','2025-08-12 12:00:00','1'),
(147,'Escuela de Educación Básica Fiscomisional Santa María Monte De Paz','Escuela de Educación Básica Fiscomisional Santa María Monte De Paz -  Guayas - Guayaquil','EEBFSMMDP','2',0,'1','2025-08-12 12:00:00','1'),
(148,'Unidad Educativa Fiscal Jorge Yunes Huésped','Unidad Educativa Fiscal Jorge Yunes Huésped -  Guayas - Guayaquil','UEFJYH','1',0.5,'1','2025-08-12 12:00:00','1'),
(149,'Escuela de Educación Básica Fiscal Pablo Neruda','Escuela de Educación Básica Fiscal Pablo Neruda -  Guayas - Guayaquil','EEBFPN','1',0.5,'1','2025-08-12 12:00:00','1'),
(150,'Escuela de Educación Básica Fiscal Manuel María Sánchez','Escuela de Educación Básica Fiscal Manuel María Sánchez -  Guayas - Guayaquil','EEBFMMS','1',0.5,'1','2025-08-12 12:00:00','1'),
(151,'Escuela de Educación Básica Particular Sergio Núñez Santamaría','Escuela de Educación Básica Particular Sergio Núñez Santamaría -  Guayas - Guayaquil','EEBPSNS','2',0,'1','2025-08-12 12:00:00','1'),
(152,'Escuela de Educación Básica Fiscal Ileana Espinel','Escuela de Educación Básica Fiscal Ileana Espinel -  Guayas - Guayaquil','EEBFIE','1',0.5,'1','2025-08-12 12:00:00','1'),
(153,'Unidad Educativa Fiscal "Luis Fernando Vivero"','Unidad Educativa Fiscal "Luis Fernando Vivero" -  Guayas - Guayaquil','UEFLFV','1',0.5,'1','2025-08-12 12:00:00','1'),
(154,'Unidad Educativa Colimes','Unidad Educativa Colimes -  Guayas - Colimes','UEC','2',0,'1','2025-08-12 12:00:00','1'),
(155,'Escuela de Educación Básica Centinela','Escuela de Educación Básica Centinela -  Guayas - Colimes','EEBC1','2',0,'1','2025-08-12 12:00:00','1'),
(156,'Unidad Educativa San Jacinto','Unidad Educativa San Jacinto -  Guayas - Colimes','UESJ','2',0,'1','2025-08-12 12:00:00','1'),
(157,'Unidad Educativa Galo Plaza Lasso','Unidad Educativa Galo Plaza Lasso -  Guayas - Daule','UEGPL','2',0,'1','2025-08-12 12:00:00','1'),
(158,'Unidad Educativa Daulis','Unidad Educativa Daulis -  Guayas - Daule','UED','2',0,'1','2025-08-12 12:00:00','1'),
(159,'Unidad Educativa Harvest','Unidad Educativa Harvest -  Guayas - Daule','UEH','2',0,'1','2025-08-12 12:00:00','1'),
(160,'Unidad Educativa Veintisiete de Agosto','Unidad Educativa Veintisiete de Agosto -  Guayas - Daule','UEVDA','2',0,'1','2025-08-12 12:00:00','1'),
(161,'Escuela de Educación Básica Enriur','Escuela de Educación Básica Enriur -  Guayas - Daule','EEBE1','2',0,'1','2025-08-12 12:00:00','1'),
(162,'Escuela de Educación Básica Luis Sánchez Morán','Escuela de Educación Básica Luis Sánchez Morán -  Guayas - Daule','EEBLSM','2',0,'1','2025-08-12 12:00:00','1'),
(163,'Unidad Educativa Bilingüe Delta','Unidad Educativa Bilingüe Delta -  Guayas - Daule','UEBD','2',0,'1','2025-08-12 12:00:00','1'),
(164,'Unidad Educativa “Los Delfines”','Unidad Educativa “Los Delfines” -  Guayas - Daule','UELD','2',0,'1','2025-08-12 12:00:00','1'),
(165,'Escuela de Educación Básica María Solis de Salazar','Escuela de Educación Básica María Solis de Salazar -  Guayas - Durán','EEBMSDS','2',0,'1','2025-08-12 12:00:00','1'),
(166,'Unidad Educativa Particular Pablo Picasso','Unidad Educativa Particular Pablo Picasso -  Guayas - Durán','UEPPP','2',0,'1','2025-08-12 12:00:00','1'),
(167,'Unidad Educativa Particular Ciudad de Filadelfia','Unidad Educativa Particular Ciudad de Filadelfia -  Guayas - Durán','UEPCDF','2',0,'1','2025-08-12 12:00:00','1'),
(168,'Unidad Educativa Particular Monseñor Edmundo Carmody','Unidad Educativa Particular Monseñor Edmundo Carmody -  Guayas - Durán','UEPMEC','2',0,'1','2025-08-12 12:00:00','1'),
(169,'Escuela de Educación Básica Chelcie','Escuela de Educación Básica Chelcie -  Guayas - Durán','EEBC2','2',0,'1','2025-08-12 12:00:00','1'),
(170,'Escuela de Educación Básica María Teresa Sola de Estrada','Escuela de Educación Básica María Teresa Sola de Estrada -  Guayas - Durán','EEBMTSDE','2',0,'1','2025-08-12 12:00:00','1'),
(171,'Escuela de Educación Básica Cosme Renella Barbato','Escuela de Educación Básica Cosme Renella Barbato -  Guayas - Durán','EEBCRB','2',0,'1','2025-08-12 12:00:00','1'),
(172,'Escuela de Educación Básica Ilinizas','Escuela de Educación Básica Ilinizas -  Guayas - Durán','EEBI','2',0,'1','2025-08-12 12:00:00','1'),
(173,'Unidad Educativa Particular Federico González Suarez','Unidad Educativa Particular Federico González Suarez -  Guayas - Durán','UEPFGS','2',0,'1','2025-08-12 12:00:00','1'),
(174,'Unidad Educativa Particular Los Andes','Unidad Educativa Particular Los Andes -  Guayas - Durán','UEPLA','2',0,'1','2025-08-12 12:00:00','1'),
(175,'Unidad Educativa Fiscal Durán','Unidad Educativa Fiscal Durán -  Guayas - Durán','UEFD','1',0.5,'1','2025-08-12 12:00:00','1'),
(176,'Escuela de Educación Básica Fiscal Rafael Larrea Insuasti','Escuela de Educación Básica Fiscal Rafael Larrea Insuasti -  Guayas - Durán','EEBFRLI','1',0.5,'1','2025-08-12 12:00:00','1'),
(177,'Unidad Educativa Fiscal Provincia De Imbabura','Unidad Educativa Fiscal Provincia De Imbabura -  Guayas - Durán','UEFPDI','1',0.5,'1','2025-08-12 12:00:00','1'),
(178,'Unidad Educativa Particular San Francisco De Asís','Unidad Educativa Particular San Francisco De Asís -  Guayas - Durán','UEPSFDA','2',0,'1','2025-08-12 12:00:00','1'),
(179,'Unidad Educativa El Triunfo','Unidad Educativa El Triunfo -  Guayas - El Triunfo','UEET','2',0,'1','2025-08-12 12:00:00','1'),
(180,'Unidad Educativa La Inmaculada Concepción','Unidad Educativa La Inmaculada Concepción -  Guayas - El Triunfo','UELIC','2',0,'1','2025-08-12 12:00:00','1'),
(181,'Escuela de Educación Básica 28 De Mayo','Escuela de Educación Básica 28 De Mayo -  Guayas - El Triunfo','EDEB28DM','2',0,'1','2025-08-12 12:00:00','1'),
(182,'Escuela de Educación Básica Huancavilca','Escuela de Educación Básica Huancavilca -  Guayas - El Triunfo','EDEBH','2',0,'1','2025-08-12 12:00:00','1'),
(183,'Unidad Educativa Alec Peterson','Unidad Educativa Alec Peterson -  Guayas - Milagro','UEAP','2',0,'1','2025-08-12 12:00:00','1'),
(184,'Unidad Educativa Vicente Anda Aguirre','Unidad Educativa Vicente Anda Aguirre -  Guayas - Milagro','UEVAA','2',0,'1','2025-08-12 12:00:00','1'),
(185,'Escuela de Educación Básica Huellas del Conocimiento','Escuela de Educación Básica Huellas del Conocimiento -  Guayas - Milagro','EEBHDC','2',0,'1','2025-08-12 12:00:00','1'),
(186,'Unidad Educativa Santa Teresita Del Niño Jesús','Unidad Educativa Santa Teresita Del Niño Jesús -  Guayas - Milagro','UESTDNJ','2',0,'1','2025-08-12 12:00:00','1'),
(187,'Unidad Educativa Franciscana San Antonio','Unidad Educativa Franciscana San Antonio -  Guayas - Milagro','UEFSA','2',0,'1','2025-08-12 12:00:00','1'),
(188,'Escuela de Educación Básica Veinticuatro de Mayo','Escuela de Educación Básica Veinticuatro de Mayo -  Guayas - Milagro','EEBVDM','2',0,'1','2025-08-12 12:00:00','1'),
(189,'Unidad Educativa Teniente Hugo Ortiz','Unidad Educativa Teniente Hugo Ortiz -  Guayas - Milagro','UETHO','2',0,'1','2025-08-12 12:00:00','1'),
(190,'Unidad Educativa Gorky Elizalde Medranda','Unidad Educativa Gorky Elizalde Medranda -  Guayas - Milagro','UEGEM','2',0,'1','2025-08-12 12:00:00','1'),
(191,'Escuela de Educación Básica León De Febres Cordero','Escuela de Educación Básica León De Febres Cordero -  Guayas - Milagro','EEBLDFC','2',0,'1','2025-08-12 12:00:00','1'),
(192,'Unidad Educativa Mariscal Sucre','Unidad Educativa Mariscal Sucre -  Guayas - Milagro','UEMS','2',0,'1','2025-08-12 12:00:00','1'),
(193,'Unidad Educativa Guillermo Durán Arcentales','Unidad Educativa Guillermo Durán Arcentales -  Guayas - Milagro','UEGDA','2',0,'1','2025-08-12 12:00:00','1'),
(194,'Unidad Educativa Homero Castro Zurita','Unidad Educativa Homero Castro Zurita -  Guayas - Naranjal','UEHCZ','2',0,'1','2025-08-12 12:00:00','1'),
(195,'Escuela de Educación Básica Marcel Laniado de Wind','Escuela de Educación Básica Marcel Laniado de Wind -  Guayas - Naranjal','EEBMLDW','2',0,'1','2025-08-12 12:00:00','1'),
(196,'Unidad Educativa Simón Bolívar','Unidad Educativa Simón Bolívar -  Guayas - Naranjal','UESB','2',0,'1','2025-08-12 12:00:00','1'),
(197,'Escuela de Educación Básica Carlos Julio Arosemena Tola','Escuela de Educación Básica Carlos Julio Arosemena Tola -  Guayas - Naranjal','EEBCJAT','2',0,'1','2025-08-12 12:00:00','1'),
(198,'Unidad Educativa Monseñor Juan Wiesneth','Unidad Educativa Monseñor Juan Wiesneth -  Guayas - Naranjito','UEMJW','2',0,'1','2025-08-12 12:00:00','1'),
(199,'Escuela de Educación Básica Dra. Luisa Martín González','Escuela de Educación Básica Dra. Luisa Martín González -  Guayas - Naranjito','EEBDLMG','2',0,'1','2025-08-12 12:00:00','1'),
(200,'Unidad Educativa Naranjito','Unidad Educativa Naranjito -  Guayas - Naranjito','UEN','2',0,'1','2025-08-12 12:00:00','1'),
(201,'Escuela de Educación Básica Virgen de Las Mercedes','Escuela de Educación Básica Virgen de Las Mercedes -  Guayas - Pedro Carbo','EEBVDLM','2',0,'1','2025-08-12 12:00:00','1'),
(202,'Unidad Educativa Ecuatoriana Austriaca','Unidad Educativa Ecuatoriana Austriaca -  Guayas - Pedro Carbo','UEEA1','2',0,'1','2025-08-12 12:00:00','1'),
(203,'Unidad Educativa Juan Montalvo','Unidad Educativa Juan Montalvo -  Guayas - Pedro Carbo','UEJM','2',0,'1','2025-08-12 12:00:00','1'),
(204,'Unidad Educativa “República de Canadá”','Unidad Educativa “República de Canadá” -  Guayas - Pedro Carbo','UERDC','2',0,'1','2025-08-12 12:00:00','1'),
(205,'Unidad Educativa José María Velasco Ibarra','Unidad Educativa José María Velasco Ibarra -  Guayas - Samborondón','UEJMVI','2',0,'1','2025-08-12 12:00:00','1'),
(206,'Unidad Educativa Particular Naciones Unidas','Unidad Educativa Particular Naciones Unidas -  Guayas - Samborondón','UEPNU','2',0,'1','2025-08-12 12:00:00','1'),
(207,'Unidad Educativa Bilingüe Particular Abdón Calderón','Unidad Educativa Bilingüe Particular Abdón Calderón -  Guayas - Samborondón','UEBPAC','2',0,'1','2025-08-12 12:00:00','1'),
(208,'Unidad Educativa Particular Bilingüe Liceo Panamericano','Unidad Educativa Particular Bilingüe Liceo Panamericano -  Guayas - Samborondón','UEPBLP','2',0,'1','2025-08-12 12:00:00','1'),
(209,'Unidad Educativa Particular Alemán Humboldt','Unidad Educativa Particular Alemán Humboldt -  Guayas - Samborondón','UEPAH','2',0,'1','2025-08-12 12:00:00','1'),
(210,'Unidad Educativa Particular Bilingüe Centro Educativo La Moderna','Unidad Educativa Particular Bilingüe Centro Educativo La Moderna -  Guayas - Samborondón','UEPBCELM','2',0,'1','2025-08-12 12:00:00','1'),
(211,'Unidad Educativa Fiscal Cuenca del Guayas','Unidad Educativa Fiscal Cuenca del Guayas -  Guayas - Samborondón','UEFCDG','1',0.5,'1','2025-08-12 12:00:00','1'),
(212,'Escuela de Educación Básica Fiscal 27 de Agosto','Escuela de Educación Básica Fiscal 27 de Agosto -  Guayas - Samborondón','EEBF27DA','1',0.5,'1','2025-08-12 12:00:00','1'),
(213,'Unidad Educativa Franciscano Salitre','Unidad Educativa Franciscano Salitre -  Guayas - Salitre (Urbina Jado)','UEFS','2',0,'1','2025-08-12 12:00:00','1'),
(214,'Escuela de Educación Básica Doña Mercedes Coello De Cabello','Escuela de Educación Básica Doña Mercedes Coello De Cabello -  Guayas - Salitre (Urbina Jado)','EEBDMCDC','2',0,'1','2025-08-12 12:00:00','1'),
(215,'Escuela de Educación Básica Sebastián de Benalcázar','Escuela de Educación Básica Sebastián de Benalcázar -  Guayas - Salitre (Urbina Jado)','EEBSDB','2',0,'1','2025-08-12 12:00:00','1'),
(216,'Escuela de Educación Básica Rosaura Maridueña','Escuela de Educación Básica Rosaura Maridueña -  Guayas - San Jacinto de Yaguachi','EEBRM','2',0,'1','2025-08-12 12:00:00','1'),
(217,'Unidad Educativa 21 de Julio','Unidad Educativa 21 de Julio -  Guayas - San Jacinto de Yaguachi','UE21DJ','2',0,'1','2025-08-12 12:00:00','1'),
(218,'Unidad Educativa Emilio Isaías Abihanna','Unidad Educativa Emilio Isaías Abihanna -  Guayas - San Jacinto de Yaguachi','UEEIA','2',0,'1','2025-08-12 12:00:00','1'),
(219,'Escuela de Educación Básica Huancavilca','Escuela de Educación Básica Huancavilca -  Guayas - San Jacinto de Yaguachi','EEBH','2',0,'1','2025-08-12 12:00:00','1'),
(220,'Unidad Educativa 19 de Agosto','Unidad Educativa 19 de Agosto -  Guayas - San Jacinto de Yaguachi','UE19DA','2',0,'1','2025-08-12 12:00:00','1'),
(221,'Escuela de Educación Básica Antonio Ante','Escuela de Educación Básica Antonio Ante -  Guayas - San Jacinto de Yaguachi','EEBAA','2',0,'1','2025-08-12 12:00:00','1'),
(222,'Escuela de Educación Básica Manuel Sotomayor Luna','Escuela de Educación Básica Manuel Sotomayor Luna -  Guayas - San Jacinto de Yaguachi','EEBMSL','2',0,'1','2025-08-12 12:00:00','1'),
(223,'Unidad Educativa Eloy Alfaro','Unidad Educativa Eloy Alfaro -  Guayas - San Jacinto de Yaguachi','UEEA','2',0,'1','2025-08-12 12:00:00','1'),
(224,'Escuela de Educación Básica Victor Lazo Alarcón','Escuela de Educación Básica Victor Lazo Alarcón -  Guayas - San Jacinto de Yaguachi','EEBVLA','2',0,'1','2025-08-12 12:00:00','1'),
(225,'Unidad Educativa 7 de Agosto','Unidad Educativa 7 de Agosto -  Guayas - San Jacinto de Yaguachi','UE7DA','2',0,'1','2025-08-12 12:00:00','1'),
(226,'Unidad Educativa de Fuerzas Armadas FAE No. 3 Taura','Unidad Educativa de Fuerzas Armadas FAE No. 3 Taura -  Guayas - San Jacinto de Yaguachi','UEDFAFN3T','2',0,'1','2025-08-12 12:00:00','1'),
(227,'Escuela de Educación Básica Víctor Emilio Estrada','Escuela de Educación Básica Víctor Emilio Estrada -  Guayas - Playas','EEBVEE','2',0,'1','2025-08-12 12:00:00','1'),
(228,'Escuela de Educación Básica Laura Vicuña','Escuela de Educación Básica Laura Vicuña -  Guayas - Playas','EEBLV1','2',0,'1','2025-08-12 12:00:00','1'),
(229,'Unidad Educativa María Luisa Luque De Sotomayor','Unidad Educativa María Luisa Luque De Sotomayor -  Guayas - Playas','UEMLLDS','2',0,'1','2025-08-12 12:00:00','1'),
(230,'Unidad Educativa Freirestabile','Unidad Educativa Freirestabile -  Guayas - Playas','UEF','2',0,'1','2025-08-12 12:00:00','1'),
(231,'Unidad Educativa Inti Raimi','Unidad Educativa Inti Raimi -  Guayas - Playas','UEIR','2',0,'1','2025-08-12 12:00:00','1'),
(232,'Unidad Educativa Arsenio López','Unidad Educativa Arsenio López -  Guayas - Simón Bolívar','UEAL','2',0,'1','2025-08-12 12:00:00','1'),
(233,'Escuela de Educación Básica Emanuel','Escuela de Educación Básica Emanuel -  Guayas - Simón Bolívar','EEBE','2',0,'1','2025-08-12 12:00:00','1'),
(234,'Escuela de Educación Básica Agustín Alberto Freire Icaza','Escuela de Educación Básica Agustín Alberto Freire Icaza -  Guayas - Simón Bolívar','EEBAAFI','2',0,'1','2025-08-12 12:00:00','1'),
(235,'Escuela de Educación Básica "Luis Vernaza"','Escuela de Educación Básica "Luis Vernaza" -  Guayas - Coronel Marcelino Maridueña','EEBLV','2',0,'1','2025-08-12 12:00:00','1');




COMMIT;
/*!40101 SET CHARACTER_SET_CLIENT=@OLD_CHARACTER_SET_CLIENT */;
/*!40101 SET CHARACTER_SET_RESULTS=@OLD_CHARACTER_SET_RESULTS */;
/*!40101 SET COLLATION_CONNECTION=@OLD_COLLATION_CONNECTION */;