-- phpMyAdmin SQL Dump
-- version 3.3.10
-- http://www.phpmyadmin.net
--
-- Servidor: localhost
-- Tiempo de generación: 25-01-2015 a las 11:40:14
-- Versión del servidor: 5.5.33
-- Versión de PHP: 5.3.25

SET SQL_MODE = "NO_AUTO_VALUE_ON_ZERO";
START TRANSACTION;
SET time_zone = "+00:00";


/*!40101 SET @OLD_CHARACTER_SET_CLIENT=@@CHARACTER_SET_CLIENT */;
/*!40101 SET @OLD_CHARACTER_SET_RESULTS=@@CHARACTER_SET_RESULTS */;
/*!40101 SET @OLD_COLLATION_CONNECTION=@@COLLATION_CONNECTION */;
/*!40101 SET NAMES utf8mb4 */;

--
-- Base de datos: `DB_BASE`
--
USE `pb_base`;



--
-- Volcar la base de datos para la tabla `PAIS`
--

INSERT INTO `pais` (`pai_id`, `pai_nombre`, `pai_estado_activo`, `pai_fecha_creacion`, `pai_fecha_modificacion`, `pai_estado_logico`) VALUES
(1, 'Ecuador', '1', '2012-08-30 01:02:59', '', '1');


--
-- Volcar la base de datos para la tabla `PROVINCIA`
--

INSERT INTO `provincia` (`pro_id`, `pai_id`, `pro_nombre`, `pro_descripcion`, `pro_estado_activo`, `pro_fecha_creacion`, `pro_fecha_modificacion`, `pro_estado_logico`) VALUES
(1, 1, 'Azuay', 'Provincias del Ecuador', '1', '2012-08-30 01:02:59', '', '1'),
(2, 1, 'Bolívar', 'Provincias del Ecuador', '1', '2012-08-30 01:02:59', '', '1'),
(3, 1, 'Cañar', 'Provincias del Ecuador', '1', '2012-08-30 01:02:59', '', '1'),
(4, 1, 'Carchi', 'Provincias del Ecuador', '1', '2012-08-30 01:02:59', '', '1'),
(5, 1, 'Cotopaxi', 'Provincias del Ecuador', '1', '2012-08-30 01:02:59', '', '1'),
(6, 1, 'Chimborazo', 'Provincias del Ecuador', '1', '2012-08-30 01:02:59', '', '1'),
(7, 1, 'El Oro', 'Provincias del Ecuador', '1', '2012-08-30 01:02:59', '', '1'),
(8, 1, 'Esmeraldas', 'Provincias del Ecuador', '1', '2012-08-30 01:02:59', '', '1'),
(9, 1, 'Guayas', 'Provincias del Ecuador', '1', '2012-08-30 01:02:59', '', '1'),
(10, 1, 'Imbabura', 'Provincias del Ecuador', '1', '2012-08-30 01:02:59', '', '1'),
(11, 1, 'Loja', 'Provincias del Ecuador', '1', '2012-08-30 01:02:59', '', '1'),
(12, 1, 'Los Ríos', 'Provincias del Ecuador', '1', '2012-08-30 01:02:59', '', '1'),
(13, 1, 'Manabí', 'Provincias del Ecuador', '1', '2012-08-30 01:02:59', '', '1'),
(14, 1, 'Morona Santiago', 'Provincias del Ecuador', '1', '2012-08-30 01:02:59', '', '1'),
(15, 1, 'Napo', 'Provincias del Ecuador', '1', '2012-08-30 01:02:59', '', '1'),
(16, 1, 'Pastaza', 'Provincias del Ecuador', '1', '2012-08-30 01:02:59', '', '1'),
(17, 1, 'Pichincha', 'Provincias del Ecuador', '1', '2012-08-30 01:02:59', '', '1'),
(18, 1, 'Tungurahua', 'Provincias del Ecuador', '1', '2012-08-30 01:02:59', '', '1'),
(19, 1, 'Zamora Chinchipe', 'Provincias del Ecuador', '1', '2012-08-30 01:02:59', '', '1'),
(20, 1, 'Galápagos', 'Provincias del Ecuador', '1', '2012-08-30 01:02:59', '', '1'),
(21, 1, 'Sucumbíos', 'Provincias del Ecuador', '1', '2012-08-30 01:02:59', '', '1'),
(22, 1, 'Orellana', 'Provincias del Ecuador', '1', '2012-08-30 01:02:59', '', '1'),
(23, 1, 'Santo Domingo de los Tsáchilas', 'Provincias del Ecuador', '1', '2012-08-30 01:02:59', '', '1'),
(24, 1, 'Santa Elena', 'Provincias del Ecuador', '1', '2012-08-30 01:02:59', '', '1'),
(25, 1, 'Zonas no Delimitadas', 'Provincias del Ecuador', '1', '2012-08-30 01:02:59', '', '1');







--
-- Volcar la base de datos para la tabla `CANTON`
--

INSERT INTO `canton` (`can_id`, `pro_id`, `can_nombre`, `can_descripcion`, `can_estado_activo`, `can_fecha_creacion`, `can_fecha_modificacion`, `can_estado_logico`) VALUES
(1, 1, 'CUENCA', '', '1', '2017-01-01 10:00:00', NULL, '1'),
(2, 1, 'GIRÓN', '', '1', '2017-01-01 10:00:00', NULL, '1'),
(3, 1, 'GUALACEO', '', '1', '2017-01-01 10:00:00', NULL, '1'),
(4, 1, 'NABÓN', '', '1', '2017-01-01 10:00:00', NULL, '1'),
(5, 1, 'PAUTE', '', '1', '2017-01-01 10:00:00', NULL, '1'),
(6, 1, 'PUCARA', '', '1', '2017-01-01 10:00:00', NULL, '1'),
(7, 1, 'SAN FERNANDO', '', '1', '2017-01-01 10:00:00', NULL, '1'),
(8, 1, 'SANTA ISABEL', '', '1', '2017-01-01 10:00:00', NULL, '1'),
(9, 1, 'SIGSIG', '', '1', '2017-01-01 10:00:00', NULL, '1'),
(10, 1, 'OÑA', '', '1', '2017-01-01 10:00:00', NULL, '1'),
(11, 1, 'CHORDELEG', '', '1', '2017-01-01 10:00:00', NULL, '1'),
(12, 1, 'EL PAN', '', '1', '2017-01-01 10:00:00', NULL, '1'),
(13, 1, 'SEVILLA DE ORO', '', '1', '2017-01-01 10:00:00', NULL, '1'),
(14, 1, 'GUACHAPALA', '', '1', '2017-01-01 10:00:00', NULL, '1'),
(15, 1, 'CAMILO PONCE ENRÍQUEZ', '', '1', '2017-01-01 10:00:00', NULL, '1'),
(16, 2, 'GUARANDA', '', '1', '2017-01-01 10:00:00', NULL, '1'),
(17, 2, 'CHILLANES', '', '1', '2017-01-01 10:00:00', NULL, '1'),
(18, 2, 'CHIMBO', '', '1', '2017-01-01 10:00:00', NULL, '1'),
(19, 2, 'ECHEANDÍA', '', '1', '2017-01-01 10:00:00', NULL, '1'),
(20, 2, 'SAN MIGUEL', '', '1', '2017-01-01 10:00:00', NULL, '1'),
(21, 2, 'CALUMA', '', '1', '2017-01-01 10:00:00', NULL, '1'),
(22, 2, 'LAS NAVES', '', '1', '2017-01-01 10:00:00', NULL, '1'),
(23, 3, 'AZOGUES', '', '1', '2017-01-01 10:00:00', NULL, '1'),
(24, 3, 'BIBLIÁN', '', '1', '2017-01-01 10:00:00', NULL, '1'),
(25, 3, 'CAÑAR', '', '1', '2017-01-01 10:00:00', NULL, '1'),
(26, 3, 'LA TRONCAL', '', '1', '2017-01-01 10:00:00', NULL, '1'),
(27, 3, 'EL TAMBO', '', '1', '2017-01-01 10:00:00', NULL, '1'),
(28, 3, 'DÉLEG', '', '1', '2017-01-01 10:00:00', NULL, '1'),
(29, 3, 'SUSCAL', '', '1', '2017-01-01 10:00:00', NULL, '1'),
(30, 4, 'TULCÁN', '', '1', '2017-01-01 10:00:00', NULL, '1'),
(31, 4, 'BOLÍVAR', '', '1', '2017-01-01 10:00:00', NULL, '1'),
(32, 4, 'ESPEJO', '', '1', '2017-01-01 10:00:00', NULL, '1'),
(33, 4, 'MIRA', '', '1', '2017-01-01 10:00:00', NULL, '1'),
(34, 4, 'MONTÚFAR', '', '1', '2017-01-01 10:00:00', NULL, '1'),
(35, 4, 'SAN PEDRO DE HUACA', '', '1', '2017-01-01 10:00:00', NULL, '1'),
(36, 5, 'LATACUNGA', '', '1', '2017-01-01 10:00:00', NULL, '1'),
(37, 5, 'LA MANÁ', '', '1', '2017-01-01 10:00:00', NULL, '1'),
(38, 5, 'PANGUA', '', '1', '2017-01-01 10:00:00', NULL, '1'),
(39, 5, 'PUJILI', '', '1', '2017-01-01 10:00:00', NULL, '1'),
(40, 5, 'SALCEDO', '', '1', '2017-01-01 10:00:00', NULL, '1'),
(41, 5, 'SAQUISILÍ', '', '1', '2017-01-01 10:00:00', NULL, '1'),
(42, 5, 'SIGCHOS', '', '1', '2017-01-01 10:00:00', NULL, '1'),
(43, 6, 'RIOBAMBA', '', '1', '2017-01-01 10:00:00', NULL, '1'),
(44, 6, 'ALAUSI', '', '1', '2017-01-01 10:00:00', NULL, '1'),
(45, 6, 'COLTA', '', '1', '2017-01-01 10:00:00', NULL, '1'),
(46, 6, 'CHAMBO', '', '1', '2017-01-01 10:00:00', NULL, '1'),
(47, 6, 'CHUNCHI', '', '1', '2017-01-01 10:00:00', NULL, '1'),
(48, 6, 'GUAMOTE', '', '1', '2017-01-01 10:00:00', NULL, '1'),
(49, 6, 'GUANO', '', '1', '2017-01-01 10:00:00', NULL, '1'),
(50, 6, 'PALLATANGA', '', '1', '2017-01-01 10:00:00', NULL, '1'),
(51, 6, 'PENIPE', '', '1', '2017-01-01 10:00:00', NULL, '1'),
(52, 6, 'CUMANDÁ', '', '1', '2017-01-01 10:00:00', NULL, '1'),
(53, 7, 'MACHALA', '', '1', '2017-01-01 10:00:00', NULL, '1'),
(54, 7, 'ARENILLAS', '', '1', '2017-01-01 10:00:00', NULL, '1'),
(55, 7, 'ATAHUALPA', '', '1', '2017-01-01 10:00:00', NULL, '1'),
(56, 7, 'BALSAS', '', '1', '2017-01-01 10:00:00', NULL, '1'),
(57, 7, 'CHILLA', '', '1', '2017-01-01 10:00:00', NULL, '1'),
(58, 7, 'EL GUABO', '', '1', '2017-01-01 10:00:00', NULL, '1'),
(59, 7, 'HUAQUILLAS', '', '1', '2017-01-01 10:00:00', NULL, '1'),
(60, 7, 'MARCABELÍ', '', '1', '2017-01-01 10:00:00', NULL, '1'),
(61, 7, 'PASAJE', '', '1', '2017-01-01 10:00:00', NULL, '1'),
(62, 7, 'PIÑAS', '', '1', '2017-01-01 10:00:00', NULL, '1'),
(63, 7, 'PORTOVELO', '', '1', '2017-01-01 10:00:00', NULL, '1'),
(64, 7, 'SANTA ROSA', '', '1', '2017-01-01 10:00:00', NULL, '1'),
(65, 7, 'ZARUMA', '', '1', '2017-01-01 10:00:00', NULL, '1'),
(66, 7, 'LAS LAJAS', '', '1', '2017-01-01 10:00:00', NULL, '1'),
(67, 8, 'ESMERALDAS', '', '1', '2017-01-01 10:00:00', NULL, '1'),
(68, 8, 'ELOY ALFARO', '', '1', '2017-01-01 10:00:00', NULL, '1'),
(69, 8, 'MUISNE', '', '1', '2017-01-01 10:00:00', NULL, '1'),
(70, 8, 'QUININDÉ', '', '1', '2017-01-01 10:00:00', NULL, '1'),
(71, 8, 'SAN LORENZO', '', '1', '2017-01-01 10:00:00', NULL, '1'),
(72, 8, 'ATACAMES', '', '1', '2017-01-01 10:00:00', NULL, '1'),
(73, 8, 'RIOVERDE', '', '1', '2017-01-01 10:00:00', NULL, '1'),
(74, 8, 'LA CONCORDIA', '', '1', '2017-01-01 10:00:00', NULL, '1'),
(75, 9, 'GUAYAQUIL', '', '1', '2017-01-01 10:00:00', NULL, '1'),
(76, 9, 'ALFREDO BAQUERIZO MORENO ((JUJÁN)', '', '1', '2017-01-01 10:00:00', NULL, '1'),
(77, 9, 'BALAO', '', '1', '2017-01-01 10:00:00', NULL, '1'),
(78, 9, 'BALZAR', '', '1', '2017-01-01 10:00:00', NULL, '1'),
(79, 9, 'COLIMES', '', '1', '2017-01-01 10:00:00', NULL, '1'),
(80, 9, 'DAULE', '', '1', '2017-01-01 10:00:00', NULL, '1'),
(81, 9, 'DURÁN', '', '1', '2017-01-01 10:00:00', NULL, '1'),
(82, 9, 'EL EMPALME', '', '1', '2017-01-01 10:00:00', NULL, '1'),
(83, 9, 'EL TRIUNFO', '', '1', '2017-01-01 10:00:00', NULL, '1'),
(84, 9, 'MILAGRO', '', '1', '2017-01-01 10:00:00', NULL, '1'),
(85, 9, 'NARANJAL', '', '1', '2017-01-01 10:00:00', NULL, '1'),
(86, 9, 'NARANJITO', '', '1', '2017-01-01 10:00:00', NULL, '1'),
(87, 9, 'PALESTINA', '', '1', '2017-01-01 10:00:00', NULL, '1'),
(88, 9, 'PEDRO CARBO', '', '1', '2017-01-01 10:00:00', NULL, '1'),
(89, 9, 'SAMBORONDÓN', '', '1', '2017-01-01 10:00:00', NULL, '1'),
(90, 9, 'SANTA LUCÍA', '', '1', '2017-01-01 10:00:00', NULL, '1'),
(91, 9, 'SALITRE (URBINA JADO)', '', '1', '2017-01-01 10:00:00', NULL, '1'),
(92, 9, 'SAN JACINTO DE YAGUACHI', '', '1', '2017-01-01 10:00:00', NULL, '1'),
(93, 9, 'PLAYAS', '', '1', '2017-01-01 10:00:00', NULL, '1'),
(94, 9, 'SIMÓN BOLÍVAR', '', '1', '2017-01-01 10:00:00', NULL, '1'),
(95, 9, 'CORONEL MARCELINO MARIDUEÑA', '', '1', '2017-01-01 10:00:00', NULL, '1'),
(96, 9, 'LOMAS DE SARGENTILLO', '', '1', '2017-01-01 10:00:00', NULL, '1'),
(97, 9, 'NOBOL', '', '1', '2017-01-01 10:00:00', NULL, '1'),
(98, 9, 'GENERAL ANTONIO ELIZALDE', '', '1', '2017-01-01 10:00:00', NULL, '1'),
(99, 9, 'ISIDRO AYORA', '', '1', '2017-01-01 10:00:00', NULL, '1'),
(100, 10, 'IBARRA', '', '1', '2017-01-01 10:00:00', NULL, '1'),
(101, 10, 'ANTONIO ANTE', '', '1', '2017-01-01 10:00:00', NULL, '1'),
(102, 10, 'COTACACHI', '', '1', '2017-01-01 10:00:00', NULL, '1'),
(103, 10, 'OTAVALO', '', '1', '2017-01-01 10:00:00', NULL, '1'),
(104, 10, 'PIMAMPIRO', '', '1', '2017-01-01 10:00:00', NULL, '1'),
(105, 10, 'SAN MIGUEL DE URCUQUÍ', '', '1', '2017-01-01 10:00:00', NULL, '1'),
(106, 11, 'LOJA', '', '1', '2017-01-01 10:00:00', NULL, '1'),
(107, 11, 'CALVAS', '', '1', '2017-01-01 10:00:00', NULL, '1'),
(108, 11, 'CATAMAYO', '', '1', '2017-01-01 10:00:00', NULL, '1'),
(109, 11, 'CELICA', '', '1', '2017-01-01 10:00:00', NULL, '1'),
(110, 11, 'CHAGUARPAMBA', '', '1', '2017-01-01 10:00:00', NULL, '1'),
(111, 11, 'ESPÍNDOLA', '', '1', '2017-01-01 10:00:00', NULL, '1'),
(112, 11, 'GONZANAMÁ', '', '1', '2017-01-01 10:00:00', NULL, '1'),
(113, 11, 'MACARÁ', '', '1', '2017-01-01 10:00:00', NULL, '1'),
(114, 11, 'PALTAS', '', '1', '2017-01-01 10:00:00', NULL, '1'),
(115, 11, 'PUYANGO', '', '1', '2017-01-01 10:00:00', NULL, '1'),
(116, 11, 'SARAGURO', '', '1', '2017-01-01 10:00:00', NULL, '1'),
(117, 11, 'SOZORANGA', '', '1', '2017-01-01 10:00:00', NULL, '1'),
(118, 11, 'ZAPOTILLO', '', '1', '2017-01-01 10:00:00', NULL, '1'),
(119, 11, 'PINDAL', '', '1', '2017-01-01 10:00:00', NULL, '1'),
(120, 11, 'QUILANGA', '', '1', '2017-01-01 10:00:00', NULL, '1'),
(121, 11, 'OLMEDO', '', '1', '2017-01-01 10:00:00', NULL, '1'),
(122, 12, 'BABAHOYO', '', '1', '2017-01-01 10:00:00', NULL, '1'),
(123, 12, 'BABA', '', '1', '2017-01-01 10:00:00', NULL, '1'),
(124, 12, 'MONTALVO', '', '1', '2017-01-01 10:00:00', NULL, '1'),
(125, 12, 'PUEBLOVIEJO', '', '1', '2017-01-01 10:00:00', NULL, '1'),
(126, 12, 'QUEVEDO', '', '1', '2017-01-01 10:00:00', NULL, '1'),
(127, 12, 'URDANETA', '', '1', '2017-01-01 10:00:00', NULL, '1'),
(128, 12, 'VENTANAS', '', '1', '2017-01-01 10:00:00', NULL, '1'),
(129, 12, 'VÍNCES', '', '1', '2017-01-01 10:00:00', NULL, '1'),
(130, 12, 'PALENQUE', '', '1', '2017-01-01 10:00:00', NULL, '1'),
(131, 12, 'BUENA FÉ', '', '1', '2017-01-01 10:00:00', NULL, '1'),
(132, 12, 'VALENCIA', '', '1', '2017-01-01 10:00:00', NULL, '1'),
(133, 12, 'MOCACHE', '', '1', '2017-01-01 10:00:00', NULL, '1'),
(134, 12, 'QUINSALOMA', '', '1', '2017-01-01 10:00:00', NULL, '1'),
(135, 13, 'PORTOVIEJO', '', '1', '2017-01-01 10:00:00', NULL, '1'),
(136, 13, 'BOLÍVAR', '', '1', '2017-01-01 10:00:00', NULL, '1'),
(137, 13, 'CHONE', '', '1', '2017-01-01 10:00:00', NULL, '1'),
(138, 13, 'EL CARMEN', '', '1', '2017-01-01 10:00:00', NULL, '1'),
(139, 13, 'FLAVIO ALFARO', '', '1', '2017-01-01 10:00:00', NULL, '1'),
(140, 13, 'JIPIJAPA', '', '1', '2017-01-01 10:00:00', NULL, '1'),
(141, 13, 'JUNÍN', '', '1', '2017-01-01 10:00:00', NULL, '1'),
(142, 13, 'MANTA', '', '1', '2017-01-01 10:00:00', NULL, '1'),
(143, 13, 'MONTECRISTI', '', '1', '2017-01-01 10:00:00', NULL, '1'),
(144, 13, 'PAJÁN', '', '1', '2017-01-01 10:00:00', NULL, '1'),
(145, 13, 'PICHINCHA', '', '1', '2017-01-01 10:00:00', NULL, '1'),
(146, 13, 'ROCAFUERTE', '', '1', '2017-01-01 10:00:00', NULL, '1'),
(147, 13, 'SANTA ANA', '', '1', '2017-01-01 10:00:00', NULL, '1'),
(148, 13, 'SUCRE', '', '1', '2017-01-01 10:00:00', NULL, '1'),
(149, 13, 'TOSAGUA', '', '1', '2017-01-01 10:00:00', NULL, '1'),
(150, 13, '24 DE MAYO', '', '1', '2017-01-01 10:00:00', NULL, '1'),
(151, 13, 'PEDERNALES', '', '1', '2017-01-01 10:00:00', NULL, '1'),
(152, 13, 'OLMEDO', '', '1', '2017-01-01 10:00:00', NULL, '1'),
(153, 13, 'PUERTO LÓPEZ', '', '1', '2017-01-01 10:00:00', NULL, '1'),
(154, 13, 'JAMA', '', '1', '2017-01-01 10:00:00', NULL, '1'),
(155, 13, 'JARAMIJÓ', '', '1', '2017-01-01 10:00:00', NULL, '1'),
(156, 13, 'SAN VICENTE', '', '1', '2017-01-01 10:00:00', NULL, '1'),
(157, 14, 'MORONA', '', '1', '2017-01-01 10:00:00', NULL, '1'),
(158, 14, 'GUALAQUIZA', '', '1', '2017-01-01 10:00:00', NULL, '1'),
(159, 14, 'LIMÓN INDANZA', '', '1', '2017-01-01 10:00:00', NULL, '1'),
(160, 14, 'PALORA', '', '1', '2017-01-01 10:00:00', NULL, '1'),
(161, 14, 'SANTIAGO', '', '1', '2017-01-01 10:00:00', NULL, '1'),
(162, 14, 'SUCÚA', '', '1', '2017-01-01 10:00:00', NULL, '1'),
(163, 14, 'HUAMBOYA', '', '1', '2017-01-01 10:00:00', NULL, '1'),
(164, 14, 'SAN JUAN BOSCO', '', '1', '2017-01-01 10:00:00', NULL, '1'),
(165, 14, 'TAISHA', '', '1', '2017-01-01 10:00:00', NULL, '1'),
(166, 14, 'LOGROÑO', '', '1', '2017-01-01 10:00:00', NULL, '1'),
(167, 14, 'PABLO SEXTO', '', '1', '2017-01-01 10:00:00', NULL, '1'),
(168, 14, 'TIWINTZA', '', '1', '2017-01-01 10:00:00', NULL, '1'),
(169, 15, 'TENA', '', '1', '2017-01-01 10:00:00', NULL, '1'),
(170, 15, 'ARCHIDONA', '', '1', '2017-01-01 10:00:00', NULL, '1'),
(171, 15, 'EL CHACO', '', '1', '2017-01-01 10:00:00', NULL, '1'),
(172, 15, 'QUIJOS', '', '1', '2017-01-01 10:00:00', NULL, '1'),
(173, 15, 'CARLOS JULIO AROSEMENA TOLA', '', '1', '2017-01-01 10:00:00', NULL, '1'),
(174, 16, 'PASTAZA', '', '1', '2017-01-01 10:00:00', NULL, '1'),
(175, 16, 'MERA', '', '1', '2017-01-01 10:00:00', NULL, '1'),
(176, 16, 'SANTA CLARA', '', '1', '2017-01-01 10:00:00', NULL, '1'),
(177, 16, 'ARAJUNO', '', '1', '2017-01-01 10:00:00', NULL, '1'),
(178, 17, 'QUITO', '', '1', '2017-01-01 10:00:00', NULL, '1'),
(179, 17, 'CAYAMBE', '', '1', '2017-01-01 10:00:00', NULL, '1'),
(180, 17, 'MEJIA', '', '1', '2017-01-01 10:00:00', NULL, '1'),
(181, 17, 'PEDRO MONCAYO', '', '1', '2017-01-01 10:00:00', NULL, '1'),
(182, 17, 'RUMIÑAHUI', '', '1', '2017-01-01 10:00:00', NULL, '1'),
(183, 17, 'SAN MIGUEL DE LOS BANCOS', '', '1', '2017-01-01 10:00:00', NULL, '1'),
(184, 17, 'PEDRO VICENTE MALDONADO', '', '1', '2017-01-01 10:00:00', NULL, '1'),
(185, 17, 'PUERTO QUITO', '', '1', '2017-01-01 10:00:00', NULL, '1'),
(186, 18, 'AMBATO', '', '1', '2017-01-01 10:00:00', NULL, '1'),
(187, 18, 'BAÑOS DE AGUA SANTA', '', '1', '2017-01-01 10:00:00', NULL, '1'),
(188, 18, 'CEVALLOS', '', '1', '2017-01-01 10:00:00', NULL, '1'),
(189, 18, 'MOCHA', '', '1', '2017-01-01 10:00:00', NULL, '1'),
(190, 18, 'PATATE', '', '1', '2017-01-01 10:00:00', NULL, '1'),
(191, 18, 'QUERO', '', '1', '2017-01-01 10:00:00', NULL, '1'),
(192, 18, 'SAN PEDRO DE PELILEO', '', '1', '2017-01-01 10:00:00', NULL, '1'),
(193, 18, 'SANTIAGO DE PÍLLARO', '', '1', '2017-01-01 10:00:00', NULL, '1'),
(194, 18, 'TISALEO', '', '1', '2017-01-01 10:00:00', NULL, '1'),
(195, 19, 'ZAMORA', '', '1', '2017-01-01 10:00:00', NULL, '1'),
(196, 19, 'CHINCHIPE', '', '1', '2017-01-01 10:00:00', NULL, '1'),
(197, 19, 'NANGARITZA', '', '1', '2017-01-01 10:00:00', NULL, '1'),
(198, 19, 'YACUAMBI', '', '1', '2017-01-01 10:00:00', NULL, '1'),
(199, 19, 'YANTZAZA (YANZATZA)', '', '1', '2017-01-01 10:00:00', NULL, '1'),
(200, 19, 'EL PANGUI', '', '1', '2017-01-01 10:00:00', NULL, '1'),
(201, 19, 'CENTINELA DEL CÓNDOR', '', '1', '2017-01-01 10:00:00', NULL, '1'),
(202, 19, 'PALANDA', '', '1', '2017-01-01 10:00:00', NULL, '1'),
(203, 19, 'PAQUISHA', '', '1', '2017-01-01 10:00:00', NULL, '1'),
(204, 20, 'SAN CRISTÓBAL', '', '1', '2017-01-01 10:00:00', NULL, '1'),
(205, 20, 'ISABELA', '', '1', '2017-01-01 10:00:00', NULL, '1'),
(206, 20, 'SANTA CRUZ', '', '1', '2017-01-01 10:00:00', NULL, '1'),
(207, 21, 'LAGO AGRIO', '', '1', '2017-01-01 10:00:00', NULL, '1'),
(208, 21, 'GONZALO PIZARRO', '', '1', '2017-01-01 10:00:00', NULL, '1'),
(209, 21, 'PUTUMAYO', '', '1', '2017-01-01 10:00:00', NULL, '1'),
(210, 21, 'SHUSHUFINDI', '', '1', '2017-01-01 10:00:00', NULL, '1'),
(211, 21, 'SUCUMBÍOS', '', '1', '2017-01-01 10:00:00', NULL, '1'),
(212, 21, 'CASCALES', '', '1', '2017-01-01 10:00:00', NULL, '1'),
(213, 21, 'CUYABENO', '', '1', '2017-01-01 10:00:00', NULL, '1'),
(214, 22, 'ORELLANA', '', '1', '2017-01-01 10:00:00', NULL, '1'),
(215, 22, 'AGUARICO', '', '1', '2017-01-01 10:00:00', NULL, '1'),
(216, 22, 'LA JOYA DE LOS SACHAS', '', '1', '2017-01-01 10:00:00', NULL, '1'),
(217, 22, 'LORETO', '', '1', '2017-01-01 10:00:00', NULL, '1'),
(218, 23, 'SANTO DOMINGO', '', '1', '2017-01-01 10:00:00', NULL, '1'),
(219, 24, 'SANTA ELENA', '', '1', '2017-01-01 10:00:00', NULL, '1'),
(220, 24, 'LA LIBERTAD', '', '1', '2017-01-01 10:00:00', NULL, '1'),
(221, 24, 'SALINAS', '', '1', '2017-01-01 10:00:00', NULL, '1'),
(222, 25, 'LAS GOLONDRINAS', '', '1', '2017-01-01 10:00:00', NULL, '1'),
(223, 25, 'MANGA DEL CURA', '', '1', '2017-01-01 10:00:00', NULL, '1'),
(224, 25, 'EL PIEDRERO', '', '1', '2017-01-01 10:00:00', NULL, '1');


--
-- Volcar la base de datos para la tabla `parroquia`
--

INSERT INTO `parroquia` (`par_id`, `can_id`, `par_nombre`, `par_descripcion`, `par_estado_activo`, `par_fecha_creacion`, `par_fecha_modificacion`, `par_estado_logico`) VALUES
(1, 1, 'BELLAVISTA', '', '1', '2017-01-01 10:00:00', NULL, '1'),
(2, 1, 'CAÑARIBAMBA', '', '1', '2017-01-01 10:00:00', NULL, '1'),
(3, 1, 'EL BATÁN', '', '1', '2017-01-01 10:00:00', NULL, '1'),
(4, 1, 'EL SAGRARIO', '', '1', '2017-01-01 10:00:00', NULL, '1'),
(5, 1, 'EL VECINO', '', '1', '2017-01-01 10:00:00', NULL, '1'),
(6, 1, 'GIL RAMÍREZ DÁVALOS', '', '1', '2017-01-01 10:00:00', NULL, '1'),
(7, 1, 'HUAYNACÁPAC', '', '1', '2017-01-01 10:00:00', NULL, '1'),
(8, 1, 'MACHÁNGARA', '', '1', '2017-01-01 10:00:00', NULL, '1'),
(9, 1, 'MONAY', '', '1', '2017-01-01 10:00:00', NULL, '1'),
(10, 1, 'SAN BLAS', '', '1', '2017-01-01 10:00:00', NULL, '1'),
(11, 1, 'SAN SEBASTIÁN', '', '1', '2017-01-01 10:00:00', NULL, '1'),
(12, 1, 'SUCRE', '', '1', '2017-01-01 10:00:00', NULL, '1'),
(13, 1, 'TOTORACOCHA', '', '1', '2017-01-01 10:00:00', NULL, '1'),
(14, 1, 'YANUNCAY', '', '1', '2017-01-01 10:00:00', NULL, '1'),
(15, 1, 'HERMANO MIGUEL', '', '1', '2017-01-01 10:00:00', NULL, '1'),
(16, 1, 'CUENCA', '', '1', '2017-01-01 10:00:00', NULL, '1'),
(17, 1, 'BAÑOS', '', '1', '2017-01-01 10:00:00', NULL, '1'),
(18, 1, 'CUMBE', '', '1', '2017-01-01 10:00:00', NULL, '1'),
(19, 1, 'CHAUCHA', '', '1', '2017-01-01 10:00:00', NULL, '1'),
(20, 1, 'CHECA (JIDCAY)', '', '1', '2017-01-01 10:00:00', NULL, '1'),
(21, 1, 'CHIQUINTAD', '', '1', '2017-01-01 10:00:00', NULL, '1'),
(22, 1, 'LLACAO', '', '1', '2017-01-01 10:00:00', NULL, '1'),
(23, 1, 'MOLLETURO', '', '1', '2017-01-01 10:00:00', NULL, '1'),
(24, 1, 'NULTI', '', '1', '2017-01-01 10:00:00', NULL, '1'),
(25, 1, 'OCTAVIO CORDERO PALACIOS (SANTA ROSA)', '', '1', '2017-01-01 10:00:00', NULL, '1'),
(26, 1, 'PACCHA', '', '1', '2017-01-01 10:00:00', NULL, '1'),
(27, 1, 'QUINGEO', '', '1', '2017-01-01 10:00:00', NULL, '1'),
(28, 1, 'RICAURTE', '', '1', '2017-01-01 10:00:00', NULL, '1'),
(29, 1, 'SAN JOAQUÍN', '', '1', '2017-01-01 10:00:00', NULL, '1'),
(30, 1, 'SANTA ANA', '', '1', '2017-01-01 10:00:00', NULL, '1'),
(31, 1, 'SAYAUSÍ', '', '1', '2017-01-01 10:00:00', NULL, '1'),
(32, 1, 'SIDCAY', '', '1', '2017-01-01 10:00:00', NULL, '1'),
(33, 1, 'SININCAY', '', '1', '2017-01-01 10:00:00', NULL, '1'),
(34, 1, 'TARQUI', '', '1', '2017-01-01 10:00:00', NULL, '1'),
(35, 1, 'TURI', '', '1', '2017-01-01 10:00:00', NULL, '1'),
(36, 1, 'VALLE', '', '1', '2017-01-01 10:00:00', NULL, '1'),
(37, 1, 'VICTORIA DEL PORTETE (IRQUIS)', '', '1', '2017-01-01 10:00:00', NULL, '1'),
(38, 2, 'GIRÓN', '', '1', '2017-01-01 10:00:00', NULL, '1'),
(39, 2, 'ASUNCIÓN', '', '1', '2017-01-01 10:00:00', NULL, '1'),
(40, 2, 'SAN GERARDO', '', '1', '2017-01-01 10:00:00', NULL, '1'),
(41, 3, 'GUALACEO', '', '1', '2017-01-01 10:00:00', NULL, '1'),
(42, 3, 'CHORDELEG', '', '1', '2017-01-01 10:00:00', NULL, '1'),
(43, 3, 'DANIEL CÓRDOVA TORAL (EL ORIENTE)', '', '1', '2017-01-01 10:00:00', NULL, '1'),
(44, 3, 'JADÁN', '', '1', '2017-01-01 10:00:00', NULL, '1'),
(45, 3, 'MARIANO MORENO', '', '1', '2017-01-01 10:00:00', NULL, '1'),
(46, 3, 'PRINCIPAL', '', '1', '2017-01-01 10:00:00', NULL, '1'),
(47, 3, 'REMIGIO CRESPO TORAL (GÚLAG)', '', '1', '2017-01-01 10:00:00', NULL, '1'),
(48, 3, 'SAN JUAN', '', '1', '2017-01-01 10:00:00', NULL, '1'),
(49, 3, 'ZHIDMAD', '', '1', '2017-01-01 10:00:00', NULL, '1'),
(50, 3, 'LUIS CORDERO VEGA', '', '1', '2017-01-01 10:00:00', NULL, '1'),
(51, 3, 'SIMÓN BOLÍVAR (CAB. EN GAÑANZOL)', '', '1', '2017-01-01 10:00:00', NULL, '1'),
(52, 4, 'NABÓN', '', '1', '2017-01-01 10:00:00', NULL, '1'),
(53, 4, 'COCHAPATA', '', '1', '2017-01-01 10:00:00', NULL, '1'),
(54, 4, 'EL PROGRESO (CAB.EN ZHOTA)', '', '1', '2017-01-01 10:00:00', NULL, '1'),
(55, 4, 'LAS NIEVES (CHAYA)', '', '1', '2017-01-01 10:00:00', NULL, '1'),
(56, 4, 'OÑA', '', '1', '2017-01-01 10:00:00', NULL, '1'),
(57, 5, 'PAUTE', '', '1', '2017-01-01 10:00:00', NULL, '1'),
(58, 5, 'AMALUZA', '', '1', '2017-01-01 10:00:00', NULL, '1'),
(59, 5, 'BULÁN (JOSÉ VÍCTOR IZQUIERDO)', '', '1', '2017-01-01 10:00:00', NULL, '1'),
(60, 5, 'CHICÁN (GUILLERMO ORTEGA)', '', '1', '2017-01-01 10:00:00', NULL, '1'),
(61, 5, 'EL CABO', '', '1', '2017-01-01 10:00:00', NULL, '1'),
(62, 5, 'GUACHAPALA', '', '1', '2017-01-01 10:00:00', NULL, '1'),
(63, 5, 'GUARAINAG', '', '1', '2017-01-01 10:00:00', NULL, '1'),
(64, 5, 'PALMAS', '', '1', '2017-01-01 10:00:00', NULL, '1'),
(65, 5, 'PAN', '', '1', '2017-01-01 10:00:00', NULL, '1'),
(66, 5, 'SAN CRISTÓBAL (CARLOS ORDÓÑEZ LAZO)', '', '1', '2017-01-01 10:00:00', NULL, '1'),
(67, 5, 'SEVILLA DE ORO', '', '1', '2017-01-01 10:00:00', NULL, '1'),
(68, 5, 'TOMEBAMBA', '', '1', '2017-01-01 10:00:00', NULL, '1'),
(69, 5, 'DUG DUG', '', '1', '2017-01-01 10:00:00', NULL, '1'),
(70, 6, 'PUCARÁ', '', '1', '2017-01-01 10:00:00', NULL, '1'),
(71, 6, 'CAMILO PONCE ENRÍQUEZ (CAB. EN RÍO 7 DE MOLLEPONGO)', '', '1', '2017-01-01 10:00:00', NULL, '1'),
(72, 6, 'SAN RAFAEL DE SHARUG', '', '1', '2017-01-01 10:00:00', NULL, '1'),
(73, 7, 'SAN FERNANDO', '', '1', '2017-01-01 10:00:00', NULL, '1'),
(74, 7, 'CHUMBLÍN', '', '1', '2017-01-01 10:00:00', NULL, '1'),
(75, 8, 'SANTA ISABEL (CHAGUARURCO)', '', '1', '2017-01-01 10:00:00', NULL, '1'),
(76, 8, 'ABDÓN CALDERÓN (LA UNIÓN)', '', '1', '2017-01-01 10:00:00', NULL, '1'),
(77, 8, 'EL CARMEN DE PIJILÍ', '', '1', '2017-01-01 10:00:00', NULL, '1'),
(78, 8, 'ZHAGLLI (SHAGLLI)', '', '1', '2017-01-01 10:00:00', NULL, '1'),
(79, 8, 'SAN SALVADOR DE CAÑARIBAMBA', '', '1', '2017-01-01 10:00:00', NULL, '1'),
(80, 9, 'SIGSIG', '', '1', '2017-01-01 10:00:00', NULL, '1'),
(81, 9, 'CUCHIL (CUTCHIL)', '', '1', '2017-01-01 10:00:00', NULL, '1'),
(82, 9, 'GIMA', '', '1', '2017-01-01 10:00:00', NULL, '1'),
(83, 9, 'GUEL', '', '1', '2017-01-01 10:00:00', NULL, '1'),
(84, 9, 'LUDO', '', '1', '2017-01-01 10:00:00', NULL, '1'),
(85, 9, 'SAN BARTOLOMÉ', '', '1', '2017-01-01 10:00:00', NULL, '1'),
(86, 9, 'SAN JOSÉ DE RARANGA', '', '1', '2017-01-01 10:00:00', NULL, '1'),
(87, 10, 'SAN FELIPE DE OÑA CABECERA CANTONAL', '', '1', '2017-01-01 10:00:00', NULL, '1'),
(88, 10, 'SUSUDEL', '', '1', '2017-01-01 10:00:00', NULL, '1'),
(89, 11, 'CHORDELEG', '', '1', '2017-01-01 10:00:00', NULL, '1'),
(90, 11, 'PRINCIPAL', '', '1', '2017-01-01 10:00:00', NULL, '1'),
(91, 11, 'LA UNIÓN', '', '1', '2017-01-01 10:00:00', NULL, '1'),
(92, 11, 'LUIS GALARZA ORELLANA (CAB.EN DELEGSOL)', '', '1', '2017-01-01 10:00:00', NULL, '1'),
(93, 11, 'SAN MARTÍN DE PUZHIO', '', '1', '2017-01-01 10:00:00', NULL, '1'),
(94, 12, 'EL PAN', '', '1', '2017-01-01 10:00:00', NULL, '1'),
(95, 12, 'AMALUZA', '', '1', '2017-01-01 10:00:00', NULL, '1'),
(96, 12, 'PALMAS', '', '1', '2017-01-01 10:00:00', NULL, '1'),
(97, 12, 'SAN VICENTE', '', '1', '2017-01-01 10:00:00', NULL, '1'),
(98, 13, 'SEVILLA DE ORO', '', '1', '2017-01-01 10:00:00', NULL, '1'),
(99, 13, 'AMALUZA', '', '1', '2017-01-01 10:00:00', NULL, '1'),
(100, 13, 'PALMAS', '', '1', '2017-01-01 10:00:00', NULL, '1'),
(101, 14, 'GUACHAPALA', '', '1', '2017-01-01 10:00:00', NULL, '1'),
(102, 15, 'CAMILO PONCE ENRÍQUEZ', '', '1', '2017-01-01 10:00:00', NULL, '1'),
(103, 15, 'EL CARMEN DE PIJILÍ', '', '1', '2017-01-01 10:00:00', NULL, '1'),
(104, 16, 'ÁNGEL POLIBIO CHÁVES', '', '1', '2017-01-01 10:00:00', NULL, '1'),
(105, 16, 'GABRIEL IGNACIO VEINTIMILLA', '', '1', '2017-01-01 10:00:00', NULL, '1'),
(106, 16, 'GUANUJO', '', '1', '2017-01-01 10:00:00', NULL, '1'),
(107, 16, 'GUARANDA', '', '1', '2017-01-01 10:00:00', NULL, '1'),
(108, 16, 'FACUNDO VELA', '', '1', '2017-01-01 10:00:00', NULL, '1'),
(109, 16, 'GUANUJO', '', '1', '2017-01-01 10:00:00', NULL, '1'),
(110, 16, 'JULIO E. MORENO (CATANAHUÁN GRANDE)', '', '1', '2017-01-01 10:00:00', NULL, '1'),
(111, 16, 'LAS NAVES', '', '1', '2017-01-01 10:00:00', NULL, '1'),
(112, 16, 'SALINAS', '', '1', '2017-01-01 10:00:00', NULL, '1'),
(113, 16, 'SAN LORENZO', '', '1', '2017-01-01 10:00:00', NULL, '1'),
(114, 16, 'SAN SIMÓN (YACOTO)', '', '1', '2017-01-01 10:00:00', NULL, '1'),
(115, 16, 'SANTA FÉ (SANTA FÉ)', '', '1', '2017-01-01 10:00:00', NULL, '1'),
(116, 16, 'SIMIÁTUG', '', '1', '2017-01-01 10:00:00', NULL, '1'),
(117, 16, 'SAN LUIS DE PAMBIL', '', '1', '2017-01-01 10:00:00', NULL, '1'),
(118, 17, 'CHILLANES', '', '1', '2017-01-01 10:00:00', NULL, '1'),
(119, 17, 'SAN JOSÉ DEL TAMBO (TAMBOPAMBA)', '', '1', '2017-01-01 10:00:00', NULL, '1'),
(120, 18, 'SAN JOSÉ DE CHIMBO', '', '1', '2017-01-01 10:00:00', NULL, '1'),
(121, 18, 'ASUNCIÓN (ASANCOTO)', '', '1', '2017-01-01 10:00:00', NULL, '1'),
(122, 18, 'CALUMA', '', '1', '2017-01-01 10:00:00', NULL, '1'),
(123, 18, 'MAGDALENA (CHAPACOTO)', '', '1', '2017-01-01 10:00:00', NULL, '1'),
(124, 18, 'SAN SEBASTIÁN', '', '1', '2017-01-01 10:00:00', NULL, '1'),
(125, 18, 'TELIMBELA', '', '1', '2017-01-01 10:00:00', NULL, '1'),
(126, 19, 'ECHEANDÍA', '', '1', '2017-01-01 10:00:00', NULL, '1'),
(127, 20, 'SAN MIGUEL', '', '1', '2017-01-01 10:00:00', NULL, '1'),
(128, 20, 'BALSAPAMBA', '', '1', '2017-01-01 10:00:00', NULL, '1'),
(129, 20, 'BILOVÁN', '', '1', '2017-01-01 10:00:00', NULL, '1'),
(130, 20, 'RÉGULO DE MORA', '', '1', '2017-01-01 10:00:00', NULL, '1'),
(131, 20, 'SAN PABLO (SAN PABLO DE ATENAS)', '', '1', '2017-01-01 10:00:00', NULL, '1'),
(132, 20, 'SANTIAGO', '', '1', '2017-01-01 10:00:00', NULL, '1'),
(133, 20, 'SAN VICENTE', '', '1', '2017-01-01 10:00:00', NULL, '1'),
(134, 21, 'CALUMA', '', '1', '2017-01-01 10:00:00', NULL, '1'),
(135, 22, 'LAS MERCEDES', '', '1', '2017-01-01 10:00:00', NULL, '1'),
(136, 22, 'LAS NAVES', '', '1', '2017-01-01 10:00:00', NULL, '1'),
(137, 22, 'LAS NAVES', '', '1', '2017-01-01 10:00:00', NULL, '1'),
(138, 23, 'AURELIO BAYAS MARTÍNEZ', '', '1', '2017-01-01 10:00:00', NULL, '1'),
(139, 23, 'AZOGUES', '', '1', '2017-01-01 10:00:00', NULL, '1'),
(140, 23, 'BORRERO', '', '1', '2017-01-01 10:00:00', NULL, '1'),
(141, 23, 'SAN FRANCISCO', '', '1', '2017-01-01 10:00:00', NULL, '1'),
(142, 23, 'AZOGUES', '', '1', '2017-01-01 10:00:00', NULL, '1'),
(143, 23, 'COJITAMBO', '', '1', '2017-01-01 10:00:00', NULL, '1'),
(144, 23, 'DÉLEG', '', '1', '2017-01-01 10:00:00', NULL, '1'),
(145, 23, 'GUAPÁN', '', '1', '2017-01-01 10:00:00', NULL, '1'),
(146, 23, 'JAVIER LOYOLA (CHUQUIPATA)', '', '1', '2017-01-01 10:00:00', NULL, '1'),
(147, 23, 'LUIS CORDERO', '', '1', '2017-01-01 10:00:00', NULL, '1'),
(148, 23, 'PINDILIG', '', '1', '2017-01-01 10:00:00', NULL, '1'),
(149, 23, 'RIVERA', '', '1', '2017-01-01 10:00:00', NULL, '1'),
(150, 23, 'SAN MIGUEL', '', '1', '2017-01-01 10:00:00', NULL, '1'),
(151, 23, 'SOLANO', '', '1', '2017-01-01 10:00:00', NULL, '1'),
(152, 23, 'TADAY', '', '1', '2017-01-01 10:00:00', NULL, '1'),
(153, 24, 'BIBLIÁN', '', '1', '2017-01-01 10:00:00', NULL, '1'),
(154, 24, 'NAZÓN (CAB. EN PAMPA DE DOMÍNGUEZ)', '', '1', '2017-01-01 10:00:00', NULL, '1'),
(155, 24, 'SAN FRANCISCO DE SAGEO', '', '1', '2017-01-01 10:00:00', NULL, '1'),
(156, 24, 'TURUPAMBA', '', '1', '2017-01-01 10:00:00', NULL, '1'),
(157, 24, 'JERUSALÉN', '', '1', '2017-01-01 10:00:00', NULL, '1'),
(158, 25, 'CAÑAR', '', '1', '2017-01-01 10:00:00', NULL, '1'),
(159, 25, 'CHONTAMARCA', '', '1', '2017-01-01 10:00:00', NULL, '1'),
(160, 25, 'CHOROCOPTE', '', '1', '2017-01-01 10:00:00', NULL, '1'),
(161, 25, 'GENERAL MORALES (SOCARTE)', '', '1', '2017-01-01 10:00:00', NULL, '1'),
(162, 25, 'GUALLETURO', '', '1', '2017-01-01 10:00:00', NULL, '1'),
(163, 25, 'HONORATO VÁSQUEZ (TAMBO VIEJO)', '', '1', '2017-01-01 10:00:00', NULL, '1'),
(164, 25, 'INGAPIRCA', '', '1', '2017-01-01 10:00:00', NULL, '1'),
(165, 25, 'JUNCAL', '', '1', '2017-01-01 10:00:00', NULL, '1'),
(166, 25, 'SAN ANTONIO', '', '1', '2017-01-01 10:00:00', NULL, '1'),
(167, 25, 'SUSCAL', '', '1', '2017-01-01 10:00:00', NULL, '1'),
(168, 25, 'TAMBO', '', '1', '2017-01-01 10:00:00', NULL, '1'),
(169, 25, 'ZHUD', '', '1', '2017-01-01 10:00:00', NULL, '1'),
(170, 25, 'VENTURA', '', '1', '2017-01-01 10:00:00', NULL, '1'),
(171, 25, 'DUCUR', '', '1', '2017-01-01 10:00:00', NULL, '1'),
(172, 26, 'LA TRONCAL', '', '1', '2017-01-01 10:00:00', NULL, '1'),
(173, 26, 'MANUEL J. CALLE', '', '1', '2017-01-01 10:00:00', NULL, '1'),
(174, 26, 'PANCHO NEGRO', '', '1', '2017-01-01 10:00:00', NULL, '1'),
(175, 27, 'EL TAMBO', '', '1', '2017-01-01 10:00:00', NULL, '1'),
(176, 28, 'DÉLEG', '', '1', '2017-01-01 10:00:00', NULL, '1'),
(177, 28, 'SOLANO', '', '1', '2017-01-01 10:00:00', NULL, '1'),
(178, 29, 'SUSCAL', '', '1', '2017-01-01 10:00:00', NULL, '1'),
(179, 30, 'GONZÁLEZ SUÁREZ', '', '1', '2017-01-01 10:00:00', NULL, '1'),
(180, 30, 'TULCÁN', '', '1', '2017-01-01 10:00:00', NULL, '1'),
(181, 30, 'TULCÁN', '', '1', '2017-01-01 10:00:00', NULL, '1'),
(182, 30, 'EL CARMELO (EL PUN)', '', '1', '2017-01-01 10:00:00', NULL, '1'),
(183, 30, 'HUACA', '', '1', '2017-01-01 10:00:00', NULL, '1'),
(184, 30, 'JULIO ANDRADE (OREJUELA)', '', '1', '2017-01-01 10:00:00', NULL, '1'),
(185, 30, 'MALDONADO', '', '1', '2017-01-01 10:00:00', NULL, '1'),
(186, 30, 'PIOTER', '', '1', '2017-01-01 10:00:00', NULL, '1'),
(187, 30, 'TOBAR DONOSO (LA BOCANA DE CAMUMBÍ)', '', '1', '2017-01-01 10:00:00', NULL, '1'),
(188, 30, 'TUFIÑO', '', '1', '2017-01-01 10:00:00', NULL, '1'),
(189, 30, 'URBINA (TAYA)', '', '1', '2017-01-01 10:00:00', NULL, '1'),
(190, 30, 'EL CHICAL', '', '1', '2017-01-01 10:00:00', NULL, '1'),
(191, 30, 'MARISCAL SUCRE', '', '1', '2017-01-01 10:00:00', NULL, '1'),
(192, 30, 'SANTA MARTHA DE CUBA', '', '1', '2017-01-01 10:00:00', NULL, '1'),
(193, 31, 'BOLÍVAR', '', '1', '2017-01-01 10:00:00', NULL, '1'),
(194, 31, 'GARCÍA MORENO', '', '1', '2017-01-01 10:00:00', NULL, '1'),
(195, 31, 'LOS ANDES', '', '1', '2017-01-01 10:00:00', NULL, '1'),
(196, 31, 'MONTE OLIVO', '', '1', '2017-01-01 10:00:00', NULL, '1'),
(197, 31, 'SAN VICENTE DE PUSIR', '', '1', '2017-01-01 10:00:00', NULL, '1'),
(198, 31, 'SAN RAFAEL', '', '1', '2017-01-01 10:00:00', NULL, '1'),
(199, 32, 'EL ÁNGEL', '', '1', '2017-01-01 10:00:00', NULL, '1'),
(200, 32, '27 DE SEPTIEMBRE', '', '1', '2017-01-01 10:00:00', NULL, '1'),
(201, 32, 'EL ANGEL', '', '1', '2017-01-01 10:00:00', NULL, '1'),
(202, 32, 'EL GOALTAL', '', '1', '2017-01-01 10:00:00', NULL, '1'),
(203, 32, 'LA LIBERTAD (ALIZO)', '', '1', '2017-01-01 10:00:00', NULL, '1'),
(204, 32, 'SAN ISIDRO', '', '1', '2017-01-01 10:00:00', NULL, '1'),
(205, 33, 'MIRA (CHONTAHUASI)', '', '1', '2017-01-01 10:00:00', NULL, '1'),
(206, 33, 'CONCEPCIÓN', '', '1', '2017-01-01 10:00:00', NULL, '1'),
(207, 33, 'JIJÓN Y CAAMAÑO (CAB. EN RÍO BLANCO)', '', '1', '2017-01-01 10:00:00', NULL, '1'),
(208, 33, 'JUAN MONTALVO (SAN IGNACIO DE QUIL)', '', '1', '2017-01-01 10:00:00', NULL, '1'),
(209, 34, 'GONZÁLEZ SUÁREZ', '', '1', '2017-01-01 10:00:00', NULL, '1'),
(210, 34, 'SAN JOSÉ', '', '1', '2017-01-01 10:00:00', NULL, '1'),
(211, 34, 'SAN GABRIEL', '', '1', '2017-01-01 10:00:00', NULL, '1'),
(212, 34, 'CRISTÓBAL COLÓN', '', '1', '2017-01-01 10:00:00', NULL, '1'),
(213, 34, 'CHITÁN DE NAVARRETE', '', '1', '2017-01-01 10:00:00', NULL, '1'),
(214, 34, 'FERNÁNDEZ SALVADOR', '', '1', '2017-01-01 10:00:00', NULL, '1'),
(215, 34, 'LA PAZ', '', '1', '2017-01-01 10:00:00', NULL, '1'),
(216, 34, 'PIARTAL', '', '1', '2017-01-01 10:00:00', NULL, '1'),
(217, 35, 'HUACA', '', '1', '2017-01-01 10:00:00', NULL, '1'),
(218, 35, 'MARISCAL SUCRE', '', '1', '2017-01-01 10:00:00', NULL, '1'),
(219, 36, 'ELOY ALFARO (SAN FELIPE)', '', '1', '2017-01-01 10:00:00', NULL, '1'),
(220, 36, 'IGNACIO FLORES (PARQUE FLORES)', '', '1', '2017-01-01 10:00:00', NULL, '1'),
(221, 36, 'JUAN MONTALVO (SAN SEBASTIÁN)', '', '1', '2017-01-01 10:00:00', NULL, '1'),
(222, 36, 'LA MATRIZ', '', '1', '2017-01-01 10:00:00', NULL, '1'),
(223, 36, 'SAN BUENAVENTURA', '', '1', '2017-01-01 10:00:00', NULL, '1'),
(224, 36, 'LATACUNGA', '', '1', '2017-01-01 10:00:00', NULL, '1'),
(225, 36, 'ALAQUES (ALÁQUEZ)', '', '1', '2017-01-01 10:00:00', NULL, '1'),
(226, 36, 'BELISARIO QUEVEDO (GUANAILÍN)', '', '1', '2017-01-01 10:00:00', NULL, '1'),
(227, 36, 'GUAITACAMA (GUAYTACAMA)', '', '1', '2017-01-01 10:00:00', NULL, '1'),
(228, 36, 'JOSEGUANGO BAJO', '', '1', '2017-01-01 10:00:00', NULL, '1'),
(229, 36, 'LAS PAMPAS', '', '1', '2017-01-01 10:00:00', NULL, '1'),
(230, 36, 'MULALÓ', '', '1', '2017-01-01 10:00:00', NULL, '1'),
(231, 36, '11 DE NOVIEMBRE (ILINCHISI)', '', '1', '2017-01-01 10:00:00', NULL, '1'),
(232, 36, 'POALÓ', '', '1', '2017-01-01 10:00:00', NULL, '1'),
(233, 36, 'SAN JUAN DE PASTOCALLE', '', '1', '2017-01-01 10:00:00', NULL, '1'),
(234, 36, 'SIGCHOS', '', '1', '2017-01-01 10:00:00', NULL, '1'),
(235, 36, 'TANICUCHÍ', '', '1', '2017-01-01 10:00:00', NULL, '1'),
(236, 36, 'TOACASO', '', '1', '2017-01-01 10:00:00', NULL, '1'),
(237, 36, 'PALO QUEMADO', '', '1', '2017-01-01 10:00:00', NULL, '1'),
(238, 37, 'EL CARMEN', '', '1', '2017-01-01 10:00:00', NULL, '1'),
(239, 37, 'LA MANÁ', '', '1', '2017-01-01 10:00:00', NULL, '1'),
(240, 37, 'EL TRIUNFO', '', '1', '2017-01-01 10:00:00', NULL, '1'),
(241, 37, 'LA MANÁ', '', '1', '2017-01-01 10:00:00', NULL, '1'),
(242, 37, 'GUASAGANDA (CAB.EN GUASAGANDA', '', '1', '2017-01-01 10:00:00', NULL, '1'),
(243, 37, 'PUCAYACU', '', '1', '2017-01-01 10:00:00', NULL, '1'),
(244, 38, 'EL CORAZÓN', '', '1', '2017-01-01 10:00:00', NULL, '1'),
(245, 38, 'MORASPUNGO', '', '1', '2017-01-01 10:00:00', NULL, '1'),
(246, 38, 'PINLLOPATA', '', '1', '2017-01-01 10:00:00', NULL, '1'),
(247, 38, 'RAMÓN CAMPAÑA', '', '1', '2017-01-01 10:00:00', NULL, '1'),
(248, 39, 'PUJILÍ', '', '1', '2017-01-01 10:00:00', NULL, '1'),
(249, 39, 'ANGAMARCA', '', '1', '2017-01-01 10:00:00', NULL, '1'),
(250, 39, 'CHUCCHILÁN (CHUGCHILÁN)', '', '1', '2017-01-01 10:00:00', NULL, '1'),
(251, 39, 'GUANGAJE', '', '1', '2017-01-01 10:00:00', NULL, '1'),
(252, 39, 'ISINLIBÍ (ISINLIVÍ)', '', '1', '2017-01-01 10:00:00', NULL, '1'),
(253, 39, 'LA VICTORIA', '', '1', '2017-01-01 10:00:00', NULL, '1'),
(254, 39, 'PILALÓ', '', '1', '2017-01-01 10:00:00', NULL, '1'),
(255, 39, 'TINGO', '', '1', '2017-01-01 10:00:00', NULL, '1'),
(256, 39, 'ZUMBAHUA', '', '1', '2017-01-01 10:00:00', NULL, '1'),
(257, 40, 'SAN MIGUEL', '', '1', '2017-01-01 10:00:00', NULL, '1'),
(258, 40, 'ANTONIO JOSÉ HOLGUÍN (SANTA LUCÍA)', '', '1', '2017-01-01 10:00:00', NULL, '1'),
(259, 40, 'CUSUBAMBA', '', '1', '2017-01-01 10:00:00', NULL, '1'),
(260, 40, 'MULALILLO', '', '1', '2017-01-01 10:00:00', NULL, '1'),
(261, 40, 'MULLIQUINDIL (SANTA ANA)', '', '1', '2017-01-01 10:00:00', NULL, '1'),
(262, 40, 'PANSALEO', '', '1', '2017-01-01 10:00:00', NULL, '1'),
(263, 41, 'SAQUISILÍ', '', '1', '2017-01-01 10:00:00', NULL, '1'),
(264, 41, 'CANCHAGUA', '', '1', '2017-01-01 10:00:00', NULL, '1'),
(265, 41, 'CHANTILÍN', '', '1', '2017-01-01 10:00:00', NULL, '1'),
(266, 41, 'COCHAPAMBA', '', '1', '2017-01-01 10:00:00', NULL, '1'),
(267, 42, 'SIGCHOS', '', '1', '2017-01-01 10:00:00', NULL, '1'),
(268, 42, 'CHUGCHILLÁN', '', '1', '2017-01-01 10:00:00', NULL, '1'),
(269, 42, 'ISINLIVÍ', '', '1', '2017-01-01 10:00:00', NULL, '1'),
(270, 42, 'LAS PAMPAS', '', '1', '2017-01-01 10:00:00', NULL, '1'),
(271, 42, 'PALO QUEMADO', '', '1', '2017-01-01 10:00:00', NULL, '1'),
(272, 43, 'LIZARZABURU', '', '1', '2017-01-01 10:00:00', NULL, '1'),
(273, 43, 'MALDONADO', '', '1', '2017-01-01 10:00:00', NULL, '1'),
(274, 43, 'VELASCO', '', '1', '2017-01-01 10:00:00', NULL, '1'),
(275, 43, 'VELOZ', '', '1', '2017-01-01 10:00:00', NULL, '1'),
(276, 43, 'YARUQUÍES', '', '1', '2017-01-01 10:00:00', NULL, '1'),
(277, 43, 'RIOBAMBA', '', '1', '2017-01-01 10:00:00', NULL, '1'),
(278, 43, 'CACHA (CAB. EN MACHÁNGARA)', '', '1', '2017-01-01 10:00:00', NULL, '1'),
(279, 43, 'CALPI', '', '1', '2017-01-01 10:00:00', NULL, '1'),
(280, 43, 'CUBIJÍES', '', '1', '2017-01-01 10:00:00', NULL, '1'),
(281, 43, 'FLORES', '', '1', '2017-01-01 10:00:00', NULL, '1'),
(282, 43, 'LICÁN', '', '1', '2017-01-01 10:00:00', NULL, '1'),
(283, 43, 'LICTO', '', '1', '2017-01-01 10:00:00', NULL, '1'),
(284, 43, 'PUNGALÁ', '', '1', '2017-01-01 10:00:00', NULL, '1'),
(285, 43, 'PUNÍN', '', '1', '2017-01-01 10:00:00', NULL, '1'),
(286, 43, 'QUIMIAG', '', '1', '2017-01-01 10:00:00', NULL, '1'),
(287, 43, 'SAN JUAN', '', '1', '2017-01-01 10:00:00', NULL, '1'),
(288, 43, 'SAN LUIS', '', '1', '2017-01-01 10:00:00', NULL, '1'),
(289, 44, 'ALAUSÍ', '', '1', '2017-01-01 10:00:00', NULL, '1'),
(290, 44, 'ACHUPALLAS', '', '1', '2017-01-01 10:00:00', NULL, '1'),
(291, 44, 'CUMANDÁ', '', '1', '2017-01-01 10:00:00', NULL, '1'),
(292, 44, 'GUASUNTOS', '', '1', '2017-01-01 10:00:00', NULL, '1'),
(293, 44, 'HUIGRA', '', '1', '2017-01-01 10:00:00', NULL, '1'),
(294, 44, 'MULTITUD', '', '1', '2017-01-01 10:00:00', NULL, '1'),
(295, 44, 'PISTISHÍ (NARIZ DEL DIABLO)', '', '1', '2017-01-01 10:00:00', NULL, '1'),
(296, 44, 'PUMALLACTA', '', '1', '2017-01-01 10:00:00', NULL, '1'),
(297, 44, 'SEVILLA', '', '1', '2017-01-01 10:00:00', NULL, '1'),
(298, 44, 'SIBAMBE', '', '1', '2017-01-01 10:00:00', NULL, '1'),
(299, 44, 'TIXÁN', '', '1', '2017-01-01 10:00:00', NULL, '1'),
(300, 45, 'CAJABAMBA', '', '1', '2017-01-01 10:00:00', NULL, '1'),
(301, 45, 'SICALPA', '', '1', '2017-01-01 10:00:00', NULL, '1'),
(302, 45, 'VILLA LA UNIÓN (CAJABAMBA)', '', '1', '2017-01-01 10:00:00', NULL, '1'),
(303, 45, 'CAÑI', '', '1', '2017-01-01 10:00:00', NULL, '1'),
(304, 45, 'COLUMBE', '', '1', '2017-01-01 10:00:00', NULL, '1'),
(305, 45, 'JUAN DE VELASCO (PANGOR)', '', '1', '2017-01-01 10:00:00', NULL, '1'),
(306, 45, 'SANTIAGO DE QUITO (CAB. EN SAN ANTONIO DE QUITO)', '', '1', '2017-01-01 10:00:00', NULL, '1'),
(307, 46, 'CHAMBO', '', '1', '2017-01-01 10:00:00', NULL, '1'),
(308, 47, 'CHUNCHI', '', '1', '2017-01-01 10:00:00', NULL, '1'),
(309, 47, 'CAPZOL', '', '1', '2017-01-01 10:00:00', NULL, '1'),
(310, 47, 'COMPUD', '', '1', '2017-01-01 10:00:00', NULL, '1'),
(311, 47, 'GONZOL', '', '1', '2017-01-01 10:00:00', NULL, '1'),
(312, 47, 'LLAGOS', '', '1', '2017-01-01 10:00:00', NULL, '1'),
(313, 48, 'GUAMOTE', '', '1', '2017-01-01 10:00:00', NULL, '1'),
(314, 48, 'CEBADAS', '', '1', '2017-01-01 10:00:00', NULL, '1'),
(315, 48, 'PALMIRA', '', '1', '2017-01-01 10:00:00', NULL, '1'),
(316, 49, 'EL ROSARIO', '', '1', '2017-01-01 10:00:00', NULL, '1'),
(317, 49, 'LA MATRIZ', '', '1', '2017-01-01 10:00:00', NULL, '1'),
(318, 49, 'GUANO', '', '1', '2017-01-01 10:00:00', NULL, '1'),
(319, 49, 'GUANANDO', '', '1', '2017-01-01 10:00:00', NULL, '1'),
(320, 49, 'ILAPO', '', '1', '2017-01-01 10:00:00', NULL, '1'),
(321, 49, 'LA PROVIDENCIA', '', '1', '2017-01-01 10:00:00', NULL, '1'),
(322, 49, 'SAN ANDRÉS', '', '1', '2017-01-01 10:00:00', NULL, '1'),
(323, 49, 'SAN GERARDO DE PACAICAGUÁN', '', '1', '2017-01-01 10:00:00', NULL, '1'),
(324, 49, 'SAN ISIDRO DE PATULÚ', '', '1', '2017-01-01 10:00:00', NULL, '1'),
(325, 49, 'SAN JOSÉ DEL CHAZO', '', '1', '2017-01-01 10:00:00', NULL, '1'),
(326, 49, 'SANTA FÉ DE GALÁN', '', '1', '2017-01-01 10:00:00', NULL, '1'),
(327, 49, 'VALPARAÍSO', '', '1', '2017-01-01 10:00:00', NULL, '1'),
(328, 50, 'PALLATANGA', '', '1', '2017-01-01 10:00:00', NULL, '1'),
(329, 51, 'PENIPE', '', '1', '2017-01-01 10:00:00', NULL, '1'),
(330, 51, 'EL ALTAR', '', '1', '2017-01-01 10:00:00', NULL, '1'),
(331, 51, 'MATUS', '', '1', '2017-01-01 10:00:00', NULL, '1'),
(332, 51, 'PUELA', '', '1', '2017-01-01 10:00:00', NULL, '1'),
(333, 51, 'SAN ANTONIO DE BAYUSHIG', '', '1', '2017-01-01 10:00:00', NULL, '1'),
(334, 51, 'LA CANDELARIA', '', '1', '2017-01-01 10:00:00', NULL, '1'),
(335, 51, 'BILBAO (CAB.EN QUILLUYACU)', '', '1', '2017-01-01 10:00:00', NULL, '1'),
(336, 52, 'CUMANDÁ', '', '1', '2017-01-01 10:00:00', NULL, '1'),
(337, 53, 'LA PROVIDENCIA', '', '1', '2017-01-01 10:00:00', NULL, '1'),
(338, 53, 'MACHALA', '', '1', '2017-01-01 10:00:00', NULL, '1'),
(339, 53, 'PUERTO BOLÍVAR', '', '1', '2017-01-01 10:00:00', NULL, '1'),
(340, 53, 'NUEVE DE MAYO', '', '1', '2017-01-01 10:00:00', NULL, '1'),
(341, 53, 'EL CAMBIO', '', '1', '2017-01-01 10:00:00', NULL, '1'),
(342, 53, 'MACHALA', '', '1', '2017-01-01 10:00:00', NULL, '1'),
(343, 53, 'EL CAMBIO', '', '1', '2017-01-01 10:00:00', NULL, '1'),
(344, 53, 'EL RETIRO', '', '1', '2017-01-01 10:00:00', NULL, '1'),
(345, 54, 'ARENILLAS', '', '1', '2017-01-01 10:00:00', NULL, '1'),
(346, 54, 'CHACRAS', '', '1', '2017-01-01 10:00:00', NULL, '1'),
(347, 54, 'LA LIBERTAD', '', '1', '2017-01-01 10:00:00', NULL, '1'),
(348, 54, 'LAS LAJAS (CAB. EN LA VICTORIA)', '', '1', '2017-01-01 10:00:00', NULL, '1'),
(349, 54, 'PALMALES', '', '1', '2017-01-01 10:00:00', NULL, '1'),
(350, 54, 'CARCABÓN', '', '1', '2017-01-01 10:00:00', NULL, '1'),
(351, 55, 'PACCHA', '', '1', '2017-01-01 10:00:00', NULL, '1'),
(352, 55, 'AYAPAMBA', '', '1', '2017-01-01 10:00:00', NULL, '1'),
(353, 55, 'CORDONCILLO', '', '1', '2017-01-01 10:00:00', NULL, '1'),
(354, 55, 'MILAGRO', '', '1', '2017-01-01 10:00:00', NULL, '1'),
(355, 55, 'SAN JOSÉ', '', '1', '2017-01-01 10:00:00', NULL, '1'),
(356, 55, 'SAN JUAN DE CERRO AZUL', '', '1', '2017-01-01 10:00:00', NULL, '1'),
(357, 56, 'BALSAS', '', '1', '2017-01-01 10:00:00', NULL, '1'),
(358, 56, 'BELLAMARÍA', '', '1', '2017-01-01 10:00:00', NULL, '1'),
(359, 57, 'CHILLA', '', '1', '2017-01-01 10:00:00', NULL, '1'),
(360, 58, 'EL GUABO', '', '1', '2017-01-01 10:00:00', NULL, '1'),
(361, 58, 'BARBONES (SUCRE)', '', '1', '2017-01-01 10:00:00', NULL, '1'),
(362, 58, 'LA IBERIA', '', '1', '2017-01-01 10:00:00', NULL, '1'),
(363, 58, 'TENDALES (CAB.EN PUERTO TENDALES)', '', '1', '2017-01-01 10:00:00', NULL, '1'),
(364, 58, 'RÍO BONITO', '', '1', '2017-01-01 10:00:00', NULL, '1'),
(365, 59, 'ECUADOR', '', '1', '2017-01-01 10:00:00', NULL, '1'),
(366, 59, 'EL PARAÍSO', '', '1', '2017-01-01 10:00:00', NULL, '1'),
(367, 59, 'HUALTACO', '', '1', '2017-01-01 10:00:00', NULL, '1'),
(368, 59, 'MILTON REYES', '', '1', '2017-01-01 10:00:00', NULL, '1'),
(369, 59, 'UNIÓN LOJANA', '', '1', '2017-01-01 10:00:00', NULL, '1'),
(370, 59, 'HUAQUILLAS', '', '1', '2017-01-01 10:00:00', NULL, '1'),
(371, 60, 'MARCABELÍ', '', '1', '2017-01-01 10:00:00', NULL, '1'),
(372, 60, 'EL INGENIO', '', '1', '2017-01-01 10:00:00', NULL, '1'),
(373, 61, 'BOLÍVAR', '', '1', '2017-01-01 10:00:00', NULL, '1'),
(374, 61, 'LOMA DE FRANCO', '', '1', '2017-01-01 10:00:00', NULL, '1'),
(375, 61, 'OCHOA LEÓN (MATRIZ)', '', '1', '2017-01-01 10:00:00', NULL, '1'),
(376, 61, 'TRES CERRITOS', '', '1', '2017-01-01 10:00:00', NULL, '1'),
(377, 61, 'PASAJE', '', '1', '2017-01-01 10:00:00', NULL, '1'),
(378, 61, 'BUENAVISTA', '', '1', '2017-01-01 10:00:00', NULL, '1'),
(379, 61, 'CASACAY', '', '1', '2017-01-01 10:00:00', NULL, '1'),
(380, 61, 'LA PEAÑA', '', '1', '2017-01-01 10:00:00', NULL, '1'),
(381, 61, 'PROGRESO', '', '1', '2017-01-01 10:00:00', NULL, '1'),
(382, 61, 'UZHCURRUMI', '', '1', '2017-01-01 10:00:00', NULL, '1'),
(383, 61, 'CAÑAQUEMADA', '', '1', '2017-01-01 10:00:00', NULL, '1'),
(384, 62, 'LA MATRIZ', '', '1', '2017-01-01 10:00:00', NULL, '1'),
(385, 62, 'LA SUSAYA', '', '1', '2017-01-01 10:00:00', NULL, '1'),
(386, 62, 'PIÑAS GRANDE', '', '1', '2017-01-01 10:00:00', NULL, '1'),
(387, 62, 'PIÑAS', '', '1', '2017-01-01 10:00:00', NULL, '1'),
(388, 62, 'CAPIRO (CAB. EN LA CAPILLA DE CAPIRO)', '', '1', '2017-01-01 10:00:00', NULL, '1'),
(389, 62, 'LA BOCANA', '', '1', '2017-01-01 10:00:00', NULL, '1'),
(390, 62, 'MOROMORO (CAB. EN EL VADO)', '', '1', '2017-01-01 10:00:00', NULL, '1'),
(391, 62, 'PIEDRAS', '', '1', '2017-01-01 10:00:00', NULL, '1'),
(392, 62, 'SAN ROQUE (AMBROSIO MALDONADO)', '', '1', '2017-01-01 10:00:00', NULL, '1'),
(393, 62, 'SARACAY', '', '1', '2017-01-01 10:00:00', NULL, '1'),
(394, 63, 'PORTOVELO', '', '1', '2017-01-01 10:00:00', NULL, '1'),
(395, 63, 'CURTINCAPA', '', '1', '2017-01-01 10:00:00', NULL, '1'),
(396, 63, 'MORALES', '', '1', '2017-01-01 10:00:00', NULL, '1'),
(397, 63, 'SALATÍ', '', '1', '2017-01-01 10:00:00', NULL, '1'),
(398, 64, 'SANTA ROSA', '', '1', '2017-01-01 10:00:00', NULL, '1'),
(399, 64, 'PUERTO JELÍ', '', '1', '2017-01-01 10:00:00', NULL, '1'),
(400, 64, 'BALNEARIO JAMBELÍ (SATÉLITE)', '', '1', '2017-01-01 10:00:00', NULL, '1'),
(401, 64, 'JUMÓN (SATÉLITE)', '', '1', '2017-01-01 10:00:00', NULL, '1'),
(402, 64, 'NUEVO SANTA ROSA', '', '1', '2017-01-01 10:00:00', NULL, '1'),
(403, 64, 'SANTA ROSA', '', '1', '2017-01-01 10:00:00', NULL, '1'),
(404, 64, 'BELLAVISTA', '', '1', '2017-01-01 10:00:00', NULL, '1'),
(405, 64, 'JAMBELÍ', '', '1', '2017-01-01 10:00:00', NULL, '1'),
(406, 64, 'LA AVANZADA', '', '1', '2017-01-01 10:00:00', NULL, '1'),
(407, 64, 'SAN ANTONIO', '', '1', '2017-01-01 10:00:00', NULL, '1'),
(408, 64, 'TORATA', '', '1', '2017-01-01 10:00:00', NULL, '1'),
(409, 64, 'VICTORIA', '', '1', '2017-01-01 10:00:00', NULL, '1'),
(410, 64, 'BELLAMARÍA', '', '1', '2017-01-01 10:00:00', NULL, '1'),
(411, 65, 'ZARUMA', '', '1', '2017-01-01 10:00:00', NULL, '1'),
(412, 65, 'ABAÑÍN', '', '1', '2017-01-01 10:00:00', NULL, '1'),
(413, 65, 'ARCAPAMBA', '', '1', '2017-01-01 10:00:00', NULL, '1'),
(414, 65, 'GUANAZÁN', '', '1', '2017-01-01 10:00:00', NULL, '1'),
(415, 65, 'GUIZHAGUIÑA', '', '1', '2017-01-01 10:00:00', NULL, '1'),
(416, 65, 'HUERTAS', '', '1', '2017-01-01 10:00:00', NULL, '1'),
(417, 65, 'MALVAS', '', '1', '2017-01-01 10:00:00', NULL, '1'),
(418, 65, 'MULUNCAY GRANDE', '', '1', '2017-01-01 10:00:00', NULL, '1'),
(419, 65, 'SINSAO', '', '1', '2017-01-01 10:00:00', NULL, '1'),
(420, 65, 'SALVIAS', '', '1', '2017-01-01 10:00:00', NULL, '1'),
(421, 66, 'LA VICTORIA', '', '1', '2017-01-01 10:00:00', NULL, '1'),
(422, 66, 'PLATANILLOS', '', '1', '2017-01-01 10:00:00', NULL, '1'),
(423, 66, 'VALLE HERMOSO', '', '1', '2017-01-01 10:00:00', NULL, '1'),
(424, 66, 'LA VICTORIA', '', '1', '2017-01-01 10:00:00', NULL, '1'),
(425, 66, 'LA LIBERTAD', '', '1', '2017-01-01 10:00:00', NULL, '1'),
(426, 66, 'EL PARAÍSO', '', '1', '2017-01-01 10:00:00', NULL, '1'),
(427, 66, 'SAN ISIDRO', '', '1', '2017-01-01 10:00:00', NULL, '1'),
(428, 67, 'BARTOLOMÉ RUIZ (CÉSAR FRANCO CARRIÓN)', '', '1', '2017-01-01 10:00:00', NULL, '1'),
(429, 67, '5 DE AGOSTO', '', '1', '2017-01-01 10:00:00', NULL, '1'),
(430, 67, 'ESMERALDAS', '', '1', '2017-01-01 10:00:00', NULL, '1'),
(431, 67, 'LUIS TELLO (LAS PALMAS)', '', '1', '2017-01-01 10:00:00', NULL, '1'),
(432, 67, 'SIMÓN PLATA TORRES', '', '1', '2017-01-01 10:00:00', NULL, '1'),
(433, 67, 'ESMERALDAS', '', '1', '2017-01-01 10:00:00', NULL, '1'),
(434, 67, 'ATACAMES', '', '1', '2017-01-01 10:00:00', NULL, '1'),
(435, 67, 'CAMARONES (CAB. EN SAN VICENTE)', '', '1', '2017-01-01 10:00:00', NULL, '1'),
(436, 67, 'CRNEL. CARLOS CONCHA TORRES (CAB.EN HUELE)', '', '1', '2017-01-01 10:00:00', NULL, '1'),
(437, 67, 'CHINCA', '', '1', '2017-01-01 10:00:00', NULL, '1'),
(438, 67, 'CHONTADURO', '', '1', '2017-01-01 10:00:00', NULL, '1'),
(439, 67, 'CHUMUNDÉ', '', '1', '2017-01-01 10:00:00', NULL, '1'),
(440, 67, 'LAGARTO', '', '1', '2017-01-01 10:00:00', NULL, '1'),
(441, 67, 'LA UNIÓN', '', '1', '2017-01-01 10:00:00', NULL, '1'),
(442, 67, 'MAJUA', '', '1', '2017-01-01 10:00:00', NULL, '1'),
(443, 67, 'MONTALVO (CAB. EN HORQUETA)', '', '1', '2017-01-01 10:00:00', NULL, '1'),
(444, 67, 'RÍO VERDE', '', '1', '2017-01-01 10:00:00', NULL, '1'),
(445, 67, 'ROCAFUERTE', '', '1', '2017-01-01 10:00:00', NULL, '1'),
(446, 67, 'SAN MATEO', '', '1', '2017-01-01 10:00:00', NULL, '1'),
(447, 67, 'SÚA (CAB. EN LA BOCANA)', '', '1', '2017-01-01 10:00:00', NULL, '1'),
(448, 67, 'TABIAZO', '', '1', '2017-01-01 10:00:00', NULL, '1'),
(449, 67, 'TACHINA', '', '1', '2017-01-01 10:00:00', NULL, '1'),
(450, 67, 'TONCHIGUE', '', '1', '2017-01-01 10:00:00', NULL, '1'),
(451, 67, 'VUELTA LARGA', '', '1', '2017-01-01 10:00:00', NULL, '1'),
(452, 68, 'VALDEZ (LIMONES)', '', '1', '2017-01-01 10:00:00', NULL, '1'),
(453, 68, 'ANCHAYACU', '', '1', '2017-01-01 10:00:00', NULL, '1'),
(454, 68, 'ATAHUALPA (CAB. EN CAMARONES)', '', '1', '2017-01-01 10:00:00', NULL, '1'),
(455, 68, 'BORBÓN', '', '1', '2017-01-01 10:00:00', NULL, '1'),
(456, 68, 'LA TOLA', '', '1', '2017-01-01 10:00:00', NULL, '1'),
(457, 68, 'LUIS VARGAS TORRES (CAB. EN PLAYA DE ORO)', '', '1', '2017-01-01 10:00:00', NULL, '1'),
(458, 68, 'MALDONADO', '', '1', '2017-01-01 10:00:00', NULL, '1'),
(459, 68, 'PAMPANAL DE BOLÍVAR', '', '1', '2017-01-01 10:00:00', NULL, '1'),
(460, 68, 'SAN FRANCISCO DE ONZOLE', '', '1', '2017-01-01 10:00:00', NULL, '1'),
(461, 68, 'SANTO DOMINGO DE ONZOLE', '', '1', '2017-01-01 10:00:00', NULL, '1'),
(462, 68, 'SELVA ALEGRE', '', '1', '2017-01-01 10:00:00', NULL, '1'),
(463, 68, 'TELEMBÍ', '', '1', '2017-01-01 10:00:00', NULL, '1'),
(464, 68, 'COLÓN ELOY DEL MARÍA', '', '1', '2017-01-01 10:00:00', NULL, '1'),
(465, 68, 'SAN JOSÉ DE CAYAPAS', '', '1', '2017-01-01 10:00:00', NULL, '1'),
(466, 68, 'TIMBIRÉ', '', '1', '2017-01-01 10:00:00', NULL, '1'),
(467, 69, 'MUISNE', '', '1', '2017-01-01 10:00:00', NULL, '1'),
(468, 69, 'BOLÍVAR', '', '1', '2017-01-01 10:00:00', NULL, '1'),
(469, 69, 'DAULE', '', '1', '2017-01-01 10:00:00', NULL, '1'),
(470, 69, 'GALERA', '', '1', '2017-01-01 10:00:00', NULL, '1'),
(471, 69, 'QUINGUE (OLMEDO PERDOMO FRANCO)', '', '1', '2017-01-01 10:00:00', NULL, '1'),
(472, 69, 'SALIMA', '', '1', '2017-01-01 10:00:00', NULL, '1'),
(473, 69, 'SAN FRANCISCO', '', '1', '2017-01-01 10:00:00', NULL, '1'),
(474, 69, 'SAN GREGORIO', '', '1', '2017-01-01 10:00:00', NULL, '1'),
(475, 69, 'SAN JOSÉ DE CHAMANGA (CAB.EN CHAMANGA)', '', '1', '2017-01-01 10:00:00', NULL, '1'),
(476, 70, 'ROSA ZÁRATE (QUININDÉ)', '', '1', '2017-01-01 10:00:00', NULL, '1'),
(477, 70, 'CUBE', '', '1', '2017-01-01 10:00:00', NULL, '1'),
(478, 70, 'CHURA (CHANCAMA) (CAB. EN EL YERBERO)', '', '1', '2017-01-01 10:00:00', NULL, '1'),
(479, 70, 'MALIMPIA', '', '1', '2017-01-01 10:00:00', NULL, '1'),
(480, 70, 'VICHE', '', '1', '2017-01-01 10:00:00', NULL, '1'),
(481, 70, 'LA UNIÓN', '', '1', '2017-01-01 10:00:00', NULL, '1'),
(482, 71, 'SAN LORENZO', '', '1', '2017-01-01 10:00:00', NULL, '1'),
(483, 71, 'ALTO TAMBO (CAB. EN GUADUAL)', '', '1', '2017-01-01 10:00:00', NULL, '1'),
(484, 71, 'ANCÓN (PICHANGAL) (CAB. EN PALMA REAL)', '', '1', '2017-01-01 10:00:00', NULL, '1'),
(485, 71, 'CALDERÓN', '', '1', '2017-01-01 10:00:00', NULL, '1'),
(486, 71, 'CARONDELET', '', '1', '2017-01-01 10:00:00', NULL, '1'),
(487, 71, '5 DE JUNIO (CAB. EN UIMBI)', '', '1', '2017-01-01 10:00:00', NULL, '1'),
(488, 71, 'CONCEPCIÓN', '', '1', '2017-01-01 10:00:00', NULL, '1'),
(489, 71, 'MATAJE (CAB. EN SANTANDER)', '', '1', '2017-01-01 10:00:00', NULL, '1'),
(490, 71, 'SAN JAVIER DE CACHAVÍ (CAB. EN SAN JAVIER)', '', '1', '2017-01-01 10:00:00', NULL, '1'),
(491, 71, 'SANTA RITA', '', '1', '2017-01-01 10:00:00', NULL, '1'),
(492, 71, 'TAMBILLO', '', '1', '2017-01-01 10:00:00', NULL, '1'),
(493, 71, 'TULULBÍ (CAB. EN RICAURTE)', '', '1', '2017-01-01 10:00:00', NULL, '1'),
(494, 71, 'URBINA', '', '1', '2017-01-01 10:00:00', NULL, '1'),
(495, 72, 'ATACAMES', '', '1', '2017-01-01 10:00:00', NULL, '1'),
(496, 72, 'LA UNIÓN', '', '1', '2017-01-01 10:00:00', NULL, '1'),
(497, 72, 'SÚA (CAB. EN LA BOCANA)', '', '1', '2017-01-01 10:00:00', NULL, '1'),
(498, 72, 'TONCHIGUE', '', '1', '2017-01-01 10:00:00', NULL, '1'),
(499, 72, 'TONSUPA', '', '1', '2017-01-01 10:00:00', NULL, '1');
INSERT INTO `parroquia` (`par_id`, `can_id`, `par_nombre`, `par_descripcion`, `par_estado_activo`, `par_fecha_creacion`, `par_fecha_modificacion`, `par_estado_logico`) VALUES
(500, 73, 'RIOVERDE', '', '1', '2017-01-01 10:00:00', NULL, '1'),
(501, 73, 'CHONTADURO', '', '1', '2017-01-01 10:00:00', NULL, '1'),
(502, 73, 'CHUMUNDÉ', '', '1', '2017-01-01 10:00:00', NULL, '1'),
(503, 73, 'LAGARTO', '', '1', '2017-01-01 10:00:00', NULL, '1'),
(504, 73, 'MONTALVO (CAB. EN HORQUETA)', '', '1', '2017-01-01 10:00:00', NULL, '1'),
(505, 73, 'ROCAFUERTE', '', '1', '2017-01-01 10:00:00', NULL, '1'),
(506, 74, 'LA CONCORDIA', '', '1', '2017-01-01 10:00:00', NULL, '1'),
(507, 74, 'MONTERREY', '', '1', '2017-01-01 10:00:00', NULL, '1'),
(508, 74, 'LA VILLEGAS', '', '1', '2017-01-01 10:00:00', NULL, '1'),
(509, 74, 'PLAN PILOTO', '', '1', '2017-01-01 10:00:00', NULL, '1'),
(510, 75, 'AYACUCHO', '', '1', '2017-01-01 10:00:00', NULL, '1'),
(511, 75, 'BOLÍVAR (SAGRARIO)', '', '1', '2017-01-01 10:00:00', NULL, '1'),
(512, 75, 'CARBO (CONCEPCIÓN)', '', '1', '2017-01-01 10:00:00', NULL, '1'),
(513, 75, 'FEBRES CORDERO', '', '1', '2017-01-01 10:00:00', NULL, '1'),
(514, 75, 'GARCÍA MORENO', '', '1', '2017-01-01 10:00:00', NULL, '1'),
(515, 75, 'LETAMENDI', '', '1', '2017-01-01 10:00:00', NULL, '1'),
(516, 75, 'NUEVE DE OCTUBRE', '', '1', '2017-01-01 10:00:00', NULL, '1'),
(517, 75, 'OLMEDO (SAN ALEJO)', '', '1', '2017-01-01 10:00:00', NULL, '1'),
(518, 75, 'ROCA', '', '1', '2017-01-01 10:00:00', NULL, '1'),
(519, 75, 'ROCAFUERTE', '', '1', '2017-01-01 10:00:00', NULL, '1'),
(520, 75, 'SUCRE', '', '1', '2017-01-01 10:00:00', NULL, '1'),
(521, 75, 'TARQUI', '', '1', '2017-01-01 10:00:00', NULL, '1'),
(522, 75, 'URDANETA', '', '1', '2017-01-01 10:00:00', NULL, '1'),
(523, 75, 'XIMENA', '', '1', '2017-01-01 10:00:00', NULL, '1'),
(524, 75, 'PASCUALES', '', '1', '2017-01-01 10:00:00', NULL, '1'),
(525, 75, 'GUAYAQUIL', '', '1', '2017-01-01 10:00:00', NULL, '1'),
(526, 75, 'CHONGÓN', '', '1', '2017-01-01 10:00:00', NULL, '1'),
(527, 75, 'JUAN GÓMEZ RENDÓN (PROGRESO)', '', '1', '2017-01-01 10:00:00', NULL, '1'),
(528, 75, 'MORRO', '', '1', '2017-01-01 10:00:00', NULL, '1'),
(529, 75, 'PASCUALES', '', '1', '2017-01-01 10:00:00', NULL, '1'),
(530, 75, 'PLAYAS (GRAL. VILLAMIL)', '', '1', '2017-01-01 10:00:00', NULL, '1'),
(531, 75, 'POSORJA', '', '1', '2017-01-01 10:00:00', NULL, '1'),
(532, 75, 'PUNÁ', '', '1', '2017-01-01 10:00:00', NULL, '1'),
(533, 75, 'TENGUEL', '', '1', '2017-01-01 10:00:00', NULL, '1'),
(534, 76, 'ALFREDO BAQUERIZO MORENO (JUJÁN)', '', '1', '2017-01-01 10:00:00', NULL, '1'),
(535, 77, 'BALAO', '', '1', '2017-01-01 10:00:00', NULL, '1'),
(536, 78, 'BALZAR', '', '1', '2017-01-01 10:00:00', NULL, '1'),
(537, 79, 'COLIMES', '', '1', '2017-01-01 10:00:00', NULL, '1'),
(538, 79, 'SAN JACINTO', '', '1', '2017-01-01 10:00:00', NULL, '1'),
(539, 80, 'DAULE', '', '1', '2017-01-01 10:00:00', NULL, '1'),
(540, 80, 'LA AURORA (SATÉLITE)', '', '1', '2017-01-01 10:00:00', NULL, '1'),
(541, 80, 'BANIFE', '', '1', '2017-01-01 10:00:00', NULL, '1'),
(542, 80, 'EMILIANO CAICEDO MARCOS', '', '1', '2017-01-01 10:00:00', NULL, '1'),
(543, 80, 'MAGRO', '', '1', '2017-01-01 10:00:00', NULL, '1'),
(544, 80, 'PADRE JUAN BAUTISTA AGUIRRE', '', '1', '2017-01-01 10:00:00', NULL, '1'),
(545, 80, 'SANTA CLARA', '', '1', '2017-01-01 10:00:00', NULL, '1'),
(546, 80, 'VICENTE PIEDRAHITA', '', '1', '2017-01-01 10:00:00', NULL, '1'),
(547, 80, 'DAULE', '', '1', '2017-01-01 10:00:00', NULL, '1'),
(548, 80, 'ISIDRO AYORA (SOLEDAD)', '', '1', '2017-01-01 10:00:00', NULL, '1'),
(549, 80, 'JUAN BAUTISTA AGUIRRE (LOS TINTOS)', '', '1', '2017-01-01 10:00:00', NULL, '1'),
(550, 80, 'LAUREL', '', '1', '2017-01-01 10:00:00', NULL, '1'),
(551, 80, 'LIMONAL', '', '1', '2017-01-01 10:00:00', NULL, '1'),
(552, 80, 'LOMAS DE SARGENTILLO', '', '1', '2017-01-01 10:00:00', NULL, '1'),
(553, 80, 'LOS LOJAS (ENRIQUE BAQUERIZO MORENO)', '', '1', '2017-01-01 10:00:00', NULL, '1'),
(554, 80, 'PIEDRAHITA (NOBOL)', '', '1', '2017-01-01 10:00:00', NULL, '1'),
(555, 81, 'ELOY ALFARO (DURÁN)', '', '1', '2017-01-01 10:00:00', NULL, '1'),
(556, 81, 'EL RECREO', '', '1', '2017-01-01 10:00:00', NULL, '1'),
(557, 81, 'ELOY ALFARO (DURÁN)', '', '1', '2017-01-01 10:00:00', NULL, '1'),
(558, 82, 'VELASCO IBARRA (EL EMPALME)', '', '1', '2017-01-01 10:00:00', NULL, '1'),
(559, 82, 'GUAYAS (PUEBLO NUEVO)', '', '1', '2017-01-01 10:00:00', NULL, '1'),
(560, 82, 'EL ROSARIO', '', '1', '2017-01-01 10:00:00', NULL, '1'),
(561, 83, 'EL TRIUNFO', '', '1', '2017-01-01 10:00:00', NULL, '1'),
(562, 84, 'MILAGRO', '', '1', '2017-01-01 10:00:00', NULL, '1'),
(563, 84, 'CHOBO', '', '1', '2017-01-01 10:00:00', NULL, '1'),
(564, 84, 'GENERAL ELIZALDE (BUCAY)', '', '1', '2017-01-01 10:00:00', NULL, '1'),
(565, 84, 'MARISCAL SUCRE (HUAQUES)', '', '1', '2017-01-01 10:00:00', NULL, '1'),
(566, 84, 'ROBERTO ASTUDILLO (CAB. EN CRUCE DE VENECIA)', '', '1', '2017-01-01 10:00:00', NULL, '1'),
(567, 85, 'NARANJAL', '', '1', '2017-01-01 10:00:00', NULL, '1'),
(568, 85, 'JESÚS MARÍA', '', '1', '2017-01-01 10:00:00', NULL, '1'),
(569, 85, 'SAN CARLOS', '', '1', '2017-01-01 10:00:00', NULL, '1'),
(570, 85, 'SANTA ROSA DE FLANDES', '', '1', '2017-01-01 10:00:00', NULL, '1'),
(571, 85, 'TAURA', '', '1', '2017-01-01 10:00:00', NULL, '1'),
(572, 86, 'NARANJITO', '', '1', '2017-01-01 10:00:00', NULL, '1'),
(573, 87, 'PALESTINA', '', '1', '2017-01-01 10:00:00', NULL, '1'),
(574, 88, 'PEDRO CARBO', '', '1', '2017-01-01 10:00:00', NULL, '1'),
(575, 88, 'VALLE DE LA VIRGEN', '', '1', '2017-01-01 10:00:00', NULL, '1'),
(576, 88, 'SABANILLA', '', '1', '2017-01-01 10:00:00', NULL, '1'),
(577, 89, 'SAMBORONDÓN', '', '1', '2017-01-01 10:00:00', NULL, '1'),
(578, 89, 'LA PUNTILLA (SATÉLITE)', '', '1', '2017-01-01 10:00:00', NULL, '1'),
(579, 89, 'SAMBORONDÓN', '', '1', '2017-01-01 10:00:00', NULL, '1'),
(580, 89, 'TARIFA', '', '1', '2017-01-01 10:00:00', NULL, '1'),
(581, 90, 'SANTA LUCÍA', '', '1', '2017-01-01 10:00:00', NULL, '1'),
(582, 91, 'BOCANA', '', '1', '2017-01-01 10:00:00', NULL, '1'),
(583, 91, 'CANDILEJOS', '', '1', '2017-01-01 10:00:00', NULL, '1'),
(584, 91, 'CENTRAL', '', '1', '2017-01-01 10:00:00', NULL, '1'),
(585, 91, 'PARAÍSO', '', '1', '2017-01-01 10:00:00', NULL, '1'),
(586, 91, 'SAN MATEO', '', '1', '2017-01-01 10:00:00', NULL, '1'),
(587, 91, 'EL SALITRE (LAS RAMAS)', '', '1', '2017-01-01 10:00:00', NULL, '1'),
(588, 91, 'GRAL. VERNAZA (DOS ESTEROS)', '', '1', '2017-01-01 10:00:00', NULL, '1'),
(589, 91, 'LA VICTORIA (ÑAUZA)', '', '1', '2017-01-01 10:00:00', NULL, '1'),
(590, 91, 'JUNQUILLAL', '', '1', '2017-01-01 10:00:00', NULL, '1'),
(591, 92, 'SAN JACINTO DE YAGUACHI', '', '1', '2017-01-01 10:00:00', NULL, '1'),
(592, 92, 'CRNEL. LORENZO DE GARAICOA (PEDREGAL)', '', '1', '2017-01-01 10:00:00', NULL, '1'),
(593, 92, 'CRNEL. MARCELINO MARIDUEÑA (SAN CARLOS)', '', '1', '2017-01-01 10:00:00', NULL, '1'),
(594, 92, 'GRAL. PEDRO J. MONTERO (BOLICHE)', '', '1', '2017-01-01 10:00:00', NULL, '1'),
(595, 92, 'SIMÓN BOLÍVAR', '', '1', '2017-01-01 10:00:00', NULL, '1'),
(596, 92, 'YAGUACHI VIEJO (CONE)', '', '1', '2017-01-01 10:00:00', NULL, '1'),
(597, 92, 'VIRGEN DE FÁTIMA', '', '1', '2017-01-01 10:00:00', NULL, '1'),
(598, 93, 'GENERAL VILLAMIL (PLAYAS)', '', '1', '2017-01-01 10:00:00', NULL, '1'),
(599, 94, 'SIMÓN BOLÍVAR', '', '1', '2017-01-01 10:00:00', NULL, '1'),
(600, 94, 'CRNEL.LORENZO DE GARAICOA (PEDREGAL)', '', '1', '2017-01-01 10:00:00', NULL, '1'),
(601, 95, 'CORONEL MARCELINO MARIDUEÑA (SAN CARLOS)', '', '1', '2017-01-01 10:00:00', NULL, '1'),
(602, 96, 'LOMAS DE SARGENTILLO', '', '1', '2017-01-01 10:00:00', NULL, '1'),
(603, 96, 'ISIDRO AYORA (SOLEDAD)', '', '1', '2017-01-01 10:00:00', NULL, '1'),
(604, 97, 'NARCISA DE JESÚS', '', '1', '2017-01-01 10:00:00', NULL, '1'),
(605, 98, 'GENERAL ANTONIO ELIZALDE (BUCAY)', '', '1', '2017-01-01 10:00:00', NULL, '1'),
(606, 99, 'ISIDRO AYORA', '', '1', '2017-01-01 10:00:00', NULL, '1'),
(607, 100, 'CARANQUI', '', '1', '2017-01-01 10:00:00', NULL, '1'),
(608, 100, 'GUAYAQUIL DE ALPACHACA', '', '1', '2017-01-01 10:00:00', NULL, '1'),
(609, 100, 'SAGRARIO', '', '1', '2017-01-01 10:00:00', NULL, '1'),
(610, 100, 'SAN FRANCISCO', '', '1', '2017-01-01 10:00:00', NULL, '1'),
(611, 100, 'LA DOLOROSA DEL PRIORATO', '', '1', '2017-01-01 10:00:00', NULL, '1'),
(612, 100, 'SAN MIGUEL DE IBARRA', '', '1', '2017-01-01 10:00:00', NULL, '1'),
(613, 100, 'AMBUQUÍ', '', '1', '2017-01-01 10:00:00', NULL, '1'),
(614, 100, 'ANGOCHAGUA', '', '1', '2017-01-01 10:00:00', NULL, '1'),
(615, 100, 'CAROLINA', '', '1', '2017-01-01 10:00:00', NULL, '1'),
(616, 100, 'LA ESPERANZA', '', '1', '2017-01-01 10:00:00', NULL, '1'),
(617, 100, 'LITA', '', '1', '2017-01-01 10:00:00', NULL, '1'),
(618, 100, 'SALINAS', '', '1', '2017-01-01 10:00:00', NULL, '1'),
(619, 100, 'SAN ANTONIO', '', '1', '2017-01-01 10:00:00', NULL, '1'),
(620, 101, 'ANDRADE MARÍN (LOURDES)', '', '1', '2017-01-01 10:00:00', NULL, '1'),
(621, 101, 'ATUNTAQUI', '', '1', '2017-01-01 10:00:00', NULL, '1'),
(622, 101, 'ATUNTAQUI', '', '1', '2017-01-01 10:00:00', NULL, '1'),
(623, 101, 'IMBAYA (SAN LUIS DE COBUENDO)', '', '1', '2017-01-01 10:00:00', NULL, '1'),
(624, 101, 'SAN FRANCISCO DE NATABUELA', '', '1', '2017-01-01 10:00:00', NULL, '1'),
(625, 101, 'SAN JOSÉ DE CHALTURA', '', '1', '2017-01-01 10:00:00', NULL, '1'),
(626, 101, 'SAN ROQUE', '', '1', '2017-01-01 10:00:00', NULL, '1'),
(627, 102, 'SAGRARIO', '', '1', '2017-01-01 10:00:00', NULL, '1'),
(628, 102, 'SAN FRANCISCO', '', '1', '2017-01-01 10:00:00', NULL, '1'),
(629, 102, 'COTACACHI', '', '1', '2017-01-01 10:00:00', NULL, '1'),
(630, 102, 'APUELA', '', '1', '2017-01-01 10:00:00', NULL, '1'),
(631, 102, 'GARCÍA MORENO (LLURIMAGUA)', '', '1', '2017-01-01 10:00:00', NULL, '1'),
(632, 102, 'IMANTAG', '', '1', '2017-01-01 10:00:00', NULL, '1'),
(633, 102, 'PEÑAHERRERA', '', '1', '2017-01-01 10:00:00', NULL, '1'),
(634, 102, 'PLAZA GUTIÉRREZ (CALVARIO)', '', '1', '2017-01-01 10:00:00', NULL, '1'),
(635, 102, 'QUIROGA', '', '1', '2017-01-01 10:00:00', NULL, '1'),
(636, 102, '6 DE JULIO DE CUELLAJE (CAB. EN CUELLAJE)', '', '1', '2017-01-01 10:00:00', NULL, '1'),
(637, 102, 'VACAS GALINDO (EL CHURO) (CAB.EN SAN MIGUEL ALTO', '', '1', '2017-01-01 10:00:00', NULL, '1'),
(638, 103, 'JORDÁN', '', '1', '2017-01-01 10:00:00', NULL, '1'),
(639, 103, 'SAN LUIS', '', '1', '2017-01-01 10:00:00', NULL, '1'),
(640, 103, 'OTAVALO', '', '1', '2017-01-01 10:00:00', NULL, '1'),
(641, 103, 'DR. MIGUEL EGAS CABEZAS (PEGUCHE)', '', '1', '2017-01-01 10:00:00', NULL, '1'),
(642, 103, 'EUGENIO ESPEJO (CALPAQUÍ)', '', '1', '2017-01-01 10:00:00', NULL, '1'),
(643, 103, 'GONZÁLEZ SUÁREZ', '', '1', '2017-01-01 10:00:00', NULL, '1'),
(644, 103, 'PATAQUÍ', '', '1', '2017-01-01 10:00:00', NULL, '1'),
(645, 103, 'SAN JOSÉ DE QUICHINCHE', '', '1', '2017-01-01 10:00:00', NULL, '1'),
(646, 103, 'SAN JUAN DE ILUMÁN', '', '1', '2017-01-01 10:00:00', NULL, '1'),
(647, 103, 'SAN PABLO', '', '1', '2017-01-01 10:00:00', NULL, '1'),
(648, 103, 'SAN RAFAEL', '', '1', '2017-01-01 10:00:00', NULL, '1'),
(649, 103, 'SELVA ALEGRE (CAB.EN SAN MIGUEL DE PAMPLONA)', '', '1', '2017-01-01 10:00:00', NULL, '1'),
(650, 104, 'PIMAMPIRO', '', '1', '2017-01-01 10:00:00', NULL, '1'),
(651, 104, 'CHUGÁ', '', '1', '2017-01-01 10:00:00', NULL, '1'),
(652, 104, 'MARIANO ACOSTA', '', '1', '2017-01-01 10:00:00', NULL, '1'),
(653, 104, 'SAN FRANCISCO DE SIGSIPAMBA', '', '1', '2017-01-01 10:00:00', NULL, '1'),
(654, 105, 'URCUQUÍ CABECERA CANTONAL', '', '1', '2017-01-01 10:00:00', NULL, '1'),
(655, 105, 'CAHUASQUÍ', '', '1', '2017-01-01 10:00:00', NULL, '1'),
(656, 105, 'LA MERCED DE BUENOS AIRES', '', '1', '2017-01-01 10:00:00', NULL, '1'),
(657, 105, 'PABLO ARENAS', '', '1', '2017-01-01 10:00:00', NULL, '1'),
(658, 105, 'SAN BLAS', '', '1', '2017-01-01 10:00:00', NULL, '1'),
(659, 105, 'TUMBABIRO', '', '1', '2017-01-01 10:00:00', NULL, '1'),
(660, 106, 'EL SAGRARIO', '', '1', '2017-01-01 10:00:00', NULL, '1'),
(661, 106, 'SAN SEBASTIÁN', '', '1', '2017-01-01 10:00:00', NULL, '1'),
(662, 106, 'SUCRE', '', '1', '2017-01-01 10:00:00', NULL, '1'),
(663, 106, 'VALLE', '', '1', '2017-01-01 10:00:00', NULL, '1'),
(664, 106, 'LOJA', '', '1', '2017-01-01 10:00:00', NULL, '1'),
(665, 106, 'CHANTACO', '', '1', '2017-01-01 10:00:00', NULL, '1'),
(666, 106, 'CHUQUIRIBAMBA', '', '1', '2017-01-01 10:00:00', NULL, '1'),
(667, 106, 'EL CISNE', '', '1', '2017-01-01 10:00:00', NULL, '1'),
(668, 106, 'GUALEL', '', '1', '2017-01-01 10:00:00', NULL, '1'),
(669, 106, 'JIMBILLA', '', '1', '2017-01-01 10:00:00', NULL, '1'),
(670, 106, 'MALACATOS (VALLADOLID)', '', '1', '2017-01-01 10:00:00', NULL, '1'),
(671, 106, 'SAN LUCAS', '', '1', '2017-01-01 10:00:00', NULL, '1'),
(672, 106, 'SAN PEDRO DE VILCABAMBA', '', '1', '2017-01-01 10:00:00', NULL, '1'),
(673, 106, 'SANTIAGO', '', '1', '2017-01-01 10:00:00', NULL, '1'),
(674, 106, 'TAQUIL (MIGUEL RIOFRÍO)', '', '1', '2017-01-01 10:00:00', NULL, '1'),
(675, 106, 'VILCABAMBA (VICTORIA)', '', '1', '2017-01-01 10:00:00', NULL, '1'),
(676, 106, 'YANGANA (ARSENIO CASTILLO)', '', '1', '2017-01-01 10:00:00', NULL, '1'),
(677, 106, 'QUINARA', '', '1', '2017-01-01 10:00:00', NULL, '1'),
(678, 107, 'CARIAMANGA', '', '1', '2017-01-01 10:00:00', NULL, '1'),
(679, 107, 'CHILE', '', '1', '2017-01-01 10:00:00', NULL, '1'),
(680, 107, 'SAN VICENTE', '', '1', '2017-01-01 10:00:00', NULL, '1'),
(681, 107, 'CARIAMANGA', '', '1', '2017-01-01 10:00:00', NULL, '1'),
(682, 107, 'COLAISACA', '', '1', '2017-01-01 10:00:00', NULL, '1'),
(683, 107, 'EL LUCERO', '', '1', '2017-01-01 10:00:00', NULL, '1'),
(684, 107, 'UTUANA', '', '1', '2017-01-01 10:00:00', NULL, '1'),
(685, 107, 'SANGUILLÍN', '', '1', '2017-01-01 10:00:00', NULL, '1'),
(686, 108, 'CATAMAYO', '', '1', '2017-01-01 10:00:00', NULL, '1'),
(687, 108, 'SAN JOSÉ', '', '1', '2017-01-01 10:00:00', NULL, '1'),
(688, 108, 'CATAMAYO (LA TOMA)', '', '1', '2017-01-01 10:00:00', NULL, '1'),
(689, 108, 'EL TAMBO', '', '1', '2017-01-01 10:00:00', NULL, '1'),
(690, 108, 'GUAYQUICHUMA', '', '1', '2017-01-01 10:00:00', NULL, '1'),
(691, 108, 'SAN PEDRO DE LA BENDITA', '', '1', '2017-01-01 10:00:00', NULL, '1'),
(692, 108, 'ZAMBI', '', '1', '2017-01-01 10:00:00', NULL, '1'),
(693, 109, 'CELICA', '', '1', '2017-01-01 10:00:00', NULL, '1'),
(694, 109, 'CRUZPAMBA (CAB. EN CARLOS BUSTAMANTE)', '', '1', '2017-01-01 10:00:00', NULL, '1'),
(695, 109, 'CHAQUINAL', '', '1', '2017-01-01 10:00:00', NULL, '1'),
(696, 109, '12 DE DICIEMBRE (CAB. EN ACHIOTES)', '', '1', '2017-01-01 10:00:00', NULL, '1'),
(697, 109, 'PINDAL (FEDERICO PÁEZ)', '', '1', '2017-01-01 10:00:00', NULL, '1'),
(698, 109, 'POZUL (SAN JUAN DE POZUL)', '', '1', '2017-01-01 10:00:00', NULL, '1'),
(699, 109, 'SABANILLA', '', '1', '2017-01-01 10:00:00', NULL, '1'),
(700, 109, 'TNTE. MAXIMILIANO RODRÍGUEZ LOAIZA', '', '1', '2017-01-01 10:00:00', NULL, '1'),
(701, 110, 'CHAGUARPAMBA', '', '1', '2017-01-01 10:00:00', NULL, '1'),
(702, 110, 'BUENAVISTA', '', '1', '2017-01-01 10:00:00', NULL, '1'),
(703, 110, 'EL ROSARIO', '', '1', '2017-01-01 10:00:00', NULL, '1'),
(704, 110, 'SANTA RUFINA', '', '1', '2017-01-01 10:00:00', NULL, '1'),
(705, 110, 'AMARILLOS', '', '1', '2017-01-01 10:00:00', NULL, '1'),
(706, 111, 'AMALUZA', '', '1', '2017-01-01 10:00:00', NULL, '1'),
(707, 111, 'BELLAVISTA', '', '1', '2017-01-01 10:00:00', NULL, '1'),
(708, 111, 'JIMBURA', '', '1', '2017-01-01 10:00:00', NULL, '1'),
(709, 111, 'SANTA TERESITA', '', '1', '2017-01-01 10:00:00', NULL, '1'),
(710, 111, '27 DE ABRIL (CAB. EN LA NARANJA)', '', '1', '2017-01-01 10:00:00', NULL, '1'),
(711, 111, 'EL INGENIO', '', '1', '2017-01-01 10:00:00', NULL, '1'),
(712, 111, 'EL AIRO', '', '1', '2017-01-01 10:00:00', NULL, '1'),
(713, 112, 'GONZANAMÁ', '', '1', '2017-01-01 10:00:00', NULL, '1'),
(714, 112, 'CHANGAIMINA (LA LIBERTAD)', '', '1', '2017-01-01 10:00:00', NULL, '1'),
(715, 112, 'FUNDOCHAMBA', '', '1', '2017-01-01 10:00:00', NULL, '1'),
(716, 112, 'NAMBACOLA', '', '1', '2017-01-01 10:00:00', NULL, '1'),
(717, 112, 'PURUNUMA (EGUIGUREN)', '', '1', '2017-01-01 10:00:00', NULL, '1'),
(718, 112, 'QUILANGA (LA PAZ)', '', '1', '2017-01-01 10:00:00', NULL, '1'),
(719, 112, 'SACAPALCA', '', '1', '2017-01-01 10:00:00', NULL, '1'),
(720, 112, 'SAN ANTONIO DE LAS ARADAS (CAB. EN LAS ARADAS)', '', '1', '2017-01-01 10:00:00', NULL, '1'),
(721, 113, 'GENERAL ELOY ALFARO (SAN SEBASTIÁN)', '', '1', '2017-01-01 10:00:00', NULL, '1'),
(722, 113, 'MACARÁ (MANUEL ENRIQUE RENGEL SUQUILANDA)', '', '1', '2017-01-01 10:00:00', NULL, '1'),
(723, 113, 'MACARÁ', '', '1', '2017-01-01 10:00:00', NULL, '1'),
(724, 113, 'LARAMA', '', '1', '2017-01-01 10:00:00', NULL, '1'),
(725, 113, 'LA VICTORIA', '', '1', '2017-01-01 10:00:00', NULL, '1'),
(726, 113, 'SABIANGO (LA CAPILLA)', '', '1', '2017-01-01 10:00:00', NULL, '1'),
(727, 114, 'CATACOCHA', '', '1', '2017-01-01 10:00:00', NULL, '1'),
(728, 114, 'LOURDES', '', '1', '2017-01-01 10:00:00', NULL, '1'),
(729, 114, 'CATACOCHA', '', '1', '2017-01-01 10:00:00', NULL, '1'),
(730, 114, 'CANGONAMÁ', '', '1', '2017-01-01 10:00:00', NULL, '1'),
(731, 114, 'GUACHANAMÁ', '', '1', '2017-01-01 10:00:00', NULL, '1'),
(732, 114, 'LA TINGUE', '', '1', '2017-01-01 10:00:00', NULL, '1'),
(733, 114, 'LAURO GUERRERO', '', '1', '2017-01-01 10:00:00', NULL, '1'),
(734, 114, 'OLMEDO (SANTA BÁRBARA)', '', '1', '2017-01-01 10:00:00', NULL, '1'),
(735, 114, 'ORIANGA', '', '1', '2017-01-01 10:00:00', NULL, '1'),
(736, 114, 'SAN ANTONIO', '', '1', '2017-01-01 10:00:00', NULL, '1'),
(737, 114, 'CASANGA', '', '1', '2017-01-01 10:00:00', NULL, '1'),
(738, 114, 'YAMANA', '', '1', '2017-01-01 10:00:00', NULL, '1'),
(739, 115, 'ALAMOR', '', '1', '2017-01-01 10:00:00', NULL, '1'),
(740, 115, 'CIANO', '', '1', '2017-01-01 10:00:00', NULL, '1'),
(741, 115, 'EL ARENAL', '', '1', '2017-01-01 10:00:00', NULL, '1'),
(742, 115, 'EL LIMO (MARIANA DE JESÚS)', '', '1', '2017-01-01 10:00:00', NULL, '1'),
(743, 115, 'MERCADILLO', '', '1', '2017-01-01 10:00:00', NULL, '1'),
(744, 115, 'VICENTINO', '', '1', '2017-01-01 10:00:00', NULL, '1'),
(745, 116, 'SARAGURO', '', '1', '2017-01-01 10:00:00', NULL, '1'),
(746, 116, 'EL PARAÍSO DE CELÉN', '', '1', '2017-01-01 10:00:00', NULL, '1'),
(747, 116, 'EL TABLÓN', '', '1', '2017-01-01 10:00:00', NULL, '1'),
(748, 116, 'LLUZHAPA', '', '1', '2017-01-01 10:00:00', NULL, '1'),
(749, 116, 'MANÚ', '', '1', '2017-01-01 10:00:00', NULL, '1'),
(750, 116, 'SAN ANTONIO DE QUMBE (CUMBE)', '', '1', '2017-01-01 10:00:00', NULL, '1'),
(751, 116, 'SAN PABLO DE TENTA', '', '1', '2017-01-01 10:00:00', NULL, '1'),
(752, 116, 'SAN SEBASTIÁN DE YÚLUC', '', '1', '2017-01-01 10:00:00', NULL, '1'),
(753, 116, 'SELVA ALEGRE', '', '1', '2017-01-01 10:00:00', NULL, '1'),
(754, 116, 'URDANETA (PAQUISHAPA)', '', '1', '2017-01-01 10:00:00', NULL, '1'),
(755, 116, 'SUMAYPAMBA', '', '1', '2017-01-01 10:00:00', NULL, '1'),
(756, 117, 'SOZORANGA', '', '1', '2017-01-01 10:00:00', NULL, '1'),
(757, 117, 'NUEVA FÁTIMA', '', '1', '2017-01-01 10:00:00', NULL, '1'),
(758, 117, 'TACAMOROS', '', '1', '2017-01-01 10:00:00', NULL, '1'),
(759, 118, 'ZAPOTILLO', '', '1', '2017-01-01 10:00:00', NULL, '1'),
(760, 118, 'MANGAHURCO (CAZADEROS)', '', '1', '2017-01-01 10:00:00', NULL, '1'),
(761, 118, 'GARZAREAL', '', '1', '2017-01-01 10:00:00', NULL, '1'),
(762, 118, 'LIMONES', '', '1', '2017-01-01 10:00:00', NULL, '1'),
(763, 118, 'PALETILLAS', '', '1', '2017-01-01 10:00:00', NULL, '1'),
(764, 118, 'BOLASPAMBA', '', '1', '2017-01-01 10:00:00', NULL, '1'),
(765, 119, 'PINDAL', '', '1', '2017-01-01 10:00:00', NULL, '1'),
(766, 119, 'CHAQUINAL', '', '1', '2017-01-01 10:00:00', NULL, '1'),
(767, 119, '12 DE DICIEMBRE (CAB.EN ACHIOTES)', '', '1', '2017-01-01 10:00:00', NULL, '1'),
(768, 119, 'MILAGROS', '', '1', '2017-01-01 10:00:00', NULL, '1'),
(769, 120, 'QUILANGA', '', '1', '2017-01-01 10:00:00', NULL, '1'),
(770, 120, 'FUNDOCHAMBA', '', '1', '2017-01-01 10:00:00', NULL, '1'),
(771, 120, 'SAN ANTONIO DE LAS ARADAS (CAB. EN LAS ARADAS)', '', '1', '2017-01-01 10:00:00', NULL, '1'),
(772, 121, 'OLMEDO', '', '1', '2017-01-01 10:00:00', NULL, '1'),
(773, 121, 'LA TINGUE', '', '1', '2017-01-01 10:00:00', NULL, '1'),
(774, 122, 'CLEMENTE BAQUERIZO', '', '1', '2017-01-01 10:00:00', NULL, '1'),
(775, 122, 'DR. CAMILO PONCE', '', '1', '2017-01-01 10:00:00', NULL, '1'),
(776, 122, 'BARREIRO', '', '1', '2017-01-01 10:00:00', NULL, '1'),
(777, 122, 'EL SALTO', '', '1', '2017-01-01 10:00:00', NULL, '1'),
(778, 122, 'BABAHOYO', '', '1', '2017-01-01 10:00:00', NULL, '1'),
(779, 122, 'BARREIRO (SANTA RITA)', '', '1', '2017-01-01 10:00:00', NULL, '1'),
(780, 122, 'CARACOL', '', '1', '2017-01-01 10:00:00', NULL, '1'),
(781, 122, 'FEBRES CORDERO (LAS JUNTAS)', '', '1', '2017-01-01 10:00:00', NULL, '1'),
(782, 122, 'PIMOCHA', '', '1', '2017-01-01 10:00:00', NULL, '1'),
(783, 122, 'LA UNIÓN', '', '1', '2017-01-01 10:00:00', NULL, '1'),
(784, 123, 'BABA', '', '1', '2017-01-01 10:00:00', NULL, '1'),
(785, 123, 'GUARE', '', '1', '2017-01-01 10:00:00', NULL, '1'),
(786, 123, 'ISLA DE BEJUCAL', '', '1', '2017-01-01 10:00:00', NULL, '1'),
(787, 124, 'MONTALVO', '', '1', '2017-01-01 10:00:00', NULL, '1'),
(788, 125, 'PUEBLOVIEJO', '', '1', '2017-01-01 10:00:00', NULL, '1'),
(789, 125, 'PUERTO PECHICHE', '', '1', '2017-01-01 10:00:00', NULL, '1'),
(790, 125, 'SAN JUAN', '', '1', '2017-01-01 10:00:00', NULL, '1'),
(791, 126, 'QUEVEDO', '', '1', '2017-01-01 10:00:00', NULL, '1'),
(792, 126, 'SAN CAMILO', '', '1', '2017-01-01 10:00:00', NULL, '1'),
(793, 126, 'SAN JOSÉ', '', '1', '2017-01-01 10:00:00', NULL, '1'),
(794, 126, 'GUAYACÁN', '', '1', '2017-01-01 10:00:00', NULL, '1'),
(795, 126, 'NICOLÁS INFANTE DÍAZ', '', '1', '2017-01-01 10:00:00', NULL, '1'),
(796, 126, 'SAN CRISTÓBAL', '', '1', '2017-01-01 10:00:00', NULL, '1'),
(797, 126, 'SIETE DE OCTUBRE', '', '1', '2017-01-01 10:00:00', NULL, '1'),
(798, 126, '24 DE MAYO', '', '1', '2017-01-01 10:00:00', NULL, '1'),
(799, 126, 'VENUS DEL RÍO QUEVEDO', '', '1', '2017-01-01 10:00:00', NULL, '1'),
(800, 126, 'VIVA ALFARO', '', '1', '2017-01-01 10:00:00', NULL, '1'),
(801, 126, 'QUEVEDO', '', '1', '2017-01-01 10:00:00', NULL, '1'),
(802, 126, 'BUENA FÉ', '', '1', '2017-01-01 10:00:00', NULL, '1'),
(803, 126, 'MOCACHE', '', '1', '2017-01-01 10:00:00', NULL, '1'),
(804, 126, 'SAN CARLOS', '', '1', '2017-01-01 10:00:00', NULL, '1'),
(805, 126, 'VALENCIA', '', '1', '2017-01-01 10:00:00', NULL, '1'),
(806, 126, 'LA ESPERANZA', '', '1', '2017-01-01 10:00:00', NULL, '1'),
(807, 127, 'CATARAMA', '', '1', '2017-01-01 10:00:00', NULL, '1'),
(808, 127, 'RICAURTE', '', '1', '2017-01-01 10:00:00', NULL, '1'),
(809, 128, '10 DE NOVIEMBRE', '', '1', '2017-01-01 10:00:00', NULL, '1'),
(810, 128, 'VENTANAS', '', '1', '2017-01-01 10:00:00', NULL, '1'),
(811, 128, 'QUINSALOMA', '', '1', '2017-01-01 10:00:00', NULL, '1'),
(812, 128, 'ZAPOTAL', '', '1', '2017-01-01 10:00:00', NULL, '1'),
(813, 128, 'CHACARITA', '', '1', '2017-01-01 10:00:00', NULL, '1'),
(814, 128, 'LOS ÁNGELES', '', '1', '2017-01-01 10:00:00', NULL, '1'),
(815, 129, 'VINCES', '', '1', '2017-01-01 10:00:00', NULL, '1'),
(816, 129, 'ANTONIO SOTOMAYOR (CAB. EN PLAYAS DE VINCES)', '', '1', '2017-01-01 10:00:00', NULL, '1'),
(817, 129, 'PALENQUE', '', '1', '2017-01-01 10:00:00', NULL, '1'),
(818, 130, 'PALENQUE', '', '1', '2017-01-01 10:00:00', NULL, '1'),
(819, 131, 'SAN JACINTO DE BUENA FÉ', '', '1', '2017-01-01 10:00:00', NULL, '1'),
(820, 131, '7 DE AGOSTO', '', '1', '2017-01-01 10:00:00', NULL, '1'),
(821, 131, '11 DE OCTUBRE', '', '1', '2017-01-01 10:00:00', NULL, '1'),
(822, 131, 'SAN JACINTO DE BUENA FÉ', '', '1', '2017-01-01 10:00:00', NULL, '1'),
(823, 131, 'PATRICIA PILAR', '', '1', '2017-01-01 10:00:00', NULL, '1'),
(824, 132, 'VALENCIA', '', '1', '2017-01-01 10:00:00', NULL, '1'),
(825, 133, 'MOCACHE', '', '1', '2017-01-01 10:00:00', NULL, '1'),
(826, 134, 'QUINSALOMA', '', '1', '2017-01-01 10:00:00', NULL, '1'),
(827, 135, 'PORTOVIEJO', '', '1', '2017-01-01 10:00:00', NULL, '1'),
(828, 135, '12 DE MARZO', '', '1', '2017-01-01 10:00:00', NULL, '1'),
(829, 135, 'COLÓN', '', '1', '2017-01-01 10:00:00', NULL, '1'),
(830, 135, 'PICOAZÁ', '', '1', '2017-01-01 10:00:00', NULL, '1'),
(831, 135, 'SAN PABLO', '', '1', '2017-01-01 10:00:00', NULL, '1'),
(832, 135, 'ANDRÉS DE VERA', '', '1', '2017-01-01 10:00:00', NULL, '1'),
(833, 135, 'FRANCISCO PACHECO', '', '1', '2017-01-01 10:00:00', NULL, '1'),
(834, 135, '18 DE OCTUBRE', '', '1', '2017-01-01 10:00:00', NULL, '1'),
(835, 135, 'SIMÓN BOLÍVAR', '', '1', '2017-01-01 10:00:00', NULL, '1'),
(836, 135, 'PORTOVIEJO', '', '1', '2017-01-01 10:00:00', NULL, '1'),
(837, 135, 'ABDÓN CALDERÓN (SAN FRANCISCO)', '', '1', '2017-01-01 10:00:00', NULL, '1'),
(838, 135, 'ALHAJUELA (BAJO GRANDE)', '', '1', '2017-01-01 10:00:00', NULL, '1'),
(839, 135, 'CRUCITA', '', '1', '2017-01-01 10:00:00', NULL, '1'),
(840, 135, 'PUEBLO NUEVO', '', '1', '2017-01-01 10:00:00', NULL, '1'),
(841, 135, 'RIOCHICO (RÍO CHICO)', '', '1', '2017-01-01 10:00:00', NULL, '1'),
(842, 135, 'SAN PLÁCIDO', '', '1', '2017-01-01 10:00:00', NULL, '1'),
(843, 135, 'CHIRIJOS', '', '1', '2017-01-01 10:00:00', NULL, '1'),
(844, 31, 'CALCETA', '', '1', '2017-01-01 10:00:00', NULL, '1'),
(845, 31, 'MEMBRILLO', '', '1', '2017-01-01 10:00:00', NULL, '1'),
(846, 31, 'QUIROGA', '', '1', '2017-01-01 10:00:00', NULL, '1'),
(847, 137, 'CHONE', '', '1', '2017-01-01 10:00:00', NULL, '1'),
(848, 137, 'SANTA RITA', '', '1', '2017-01-01 10:00:00', NULL, '1'),
(849, 137, 'CHONE', '', '1', '2017-01-01 10:00:00', NULL, '1'),
(850, 137, 'BOYACÁ', '', '1', '2017-01-01 10:00:00', NULL, '1'),
(851, 137, 'CANUTO', '', '1', '2017-01-01 10:00:00', NULL, '1'),
(852, 137, 'CONVENTO', '', '1', '2017-01-01 10:00:00', NULL, '1'),
(853, 137, 'CHIBUNGA', '', '1', '2017-01-01 10:00:00', NULL, '1'),
(854, 137, 'ELOY ALFARO', '', '1', '2017-01-01 10:00:00', NULL, '1'),
(855, 137, 'RICAURTE', '', '1', '2017-01-01 10:00:00', NULL, '1'),
(856, 137, 'SAN ANTONIO', '', '1', '2017-01-01 10:00:00', NULL, '1'),
(857, 138, 'EL CARMEN', '', '1', '2017-01-01 10:00:00', NULL, '1'),
(858, 138, '4 DE DICIEMBRE', '', '1', '2017-01-01 10:00:00', NULL, '1'),
(859, 138, 'EL CARMEN', '', '1', '2017-01-01 10:00:00', NULL, '1'),
(860, 138, 'WILFRIDO LOOR MOREIRA (MAICITO)', '', '1', '2017-01-01 10:00:00', NULL, '1'),
(861, 138, 'SAN PEDRO DE SUMA', '', '1', '2017-01-01 10:00:00', NULL, '1'),
(862, 139, 'FLAVIO ALFARO', '', '1', '2017-01-01 10:00:00', NULL, '1'),
(863, 139, 'SAN FRANCISCO DE NOVILLO (CAB. EN', '', '1', '2017-01-01 10:00:00', NULL, '1'),
(864, 139, 'ZAPALLO', '', '1', '2017-01-01 10:00:00', NULL, '1'),
(865, 140, 'DR. MIGUEL MORÁN LUCIO', '', '1', '2017-01-01 10:00:00', NULL, '1'),
(866, 140, 'MANUEL INOCENCIO PARRALES Y GUALE', '', '1', '2017-01-01 10:00:00', NULL, '1'),
(867, 140, 'SAN LORENZO DE JIPIJAPA', '', '1', '2017-01-01 10:00:00', NULL, '1'),
(868, 140, 'JIPIJAPA', '', '1', '2017-01-01 10:00:00', NULL, '1'),
(869, 140, 'AMÉRICA', '', '1', '2017-01-01 10:00:00', NULL, '1'),
(870, 140, 'EL ANEGADO (CAB. EN ELOY ALFARO)', '', '1', '2017-01-01 10:00:00', NULL, '1'),
(871, 140, 'JULCUY', '', '1', '2017-01-01 10:00:00', NULL, '1'),
(872, 140, 'LA UNIÓN', '', '1', '2017-01-01 10:00:00', NULL, '1'),
(873, 140, 'MACHALILLA', '', '1', '2017-01-01 10:00:00', NULL, '1'),
(874, 140, 'MEMBRILLAL', '', '1', '2017-01-01 10:00:00', NULL, '1'),
(875, 140, 'PEDRO PABLO GÓMEZ', '', '1', '2017-01-01 10:00:00', NULL, '1'),
(876, 140, 'PUERTO DE CAYO', '', '1', '2017-01-01 10:00:00', NULL, '1'),
(877, 140, 'PUERTO LÓPEZ', '', '1', '2017-01-01 10:00:00', NULL, '1'),
(878, 141, 'JUNÍN', '', '1', '2017-01-01 10:00:00', NULL, '1'),
(879, 142, 'LOS ESTEROS', '', '1', '2017-01-01 10:00:00', NULL, '1'),
(880, 142, 'MANTA', '', '1', '2017-01-01 10:00:00', NULL, '1'),
(881, 142, 'SAN MATEO', '', '1', '2017-01-01 10:00:00', NULL, '1'),
(882, 142, 'TARQUI', '', '1', '2017-01-01 10:00:00', NULL, '1'),
(883, 142, 'ELOY ALFARO', '', '1', '2017-01-01 10:00:00', NULL, '1'),
(884, 142, 'MANTA', '', '1', '2017-01-01 10:00:00', NULL, '1'),
(885, 142, 'SAN LORENZO', '', '1', '2017-01-01 10:00:00', NULL, '1'),
(886, 142, 'SANTA MARIANITA (BOCA DE PACOCHE)', '', '1', '2017-01-01 10:00:00', NULL, '1'),
(887, 143, 'ANIBAL SAN ANDRÉS', '', '1', '2017-01-01 10:00:00', NULL, '1'),
(888, 143, 'MONTECRISTI', '', '1', '2017-01-01 10:00:00', NULL, '1'),
(889, 143, 'EL COLORADO', '', '1', '2017-01-01 10:00:00', NULL, '1'),
(890, 143, 'GENERAL ELOY ALFARO', '', '1', '2017-01-01 10:00:00', NULL, '1'),
(891, 143, 'LEONIDAS PROAÑO', '', '1', '2017-01-01 10:00:00', NULL, '1'),
(892, 143, 'MONTECRISTI', '', '1', '2017-01-01 10:00:00', NULL, '1'),
(893, 143, 'JARAMIJÓ', '', '1', '2017-01-01 10:00:00', NULL, '1'),
(894, 143, 'LA PILA', '', '1', '2017-01-01 10:00:00', NULL, '1'),
(895, 144, 'PAJÁN', '', '1', '2017-01-01 10:00:00', NULL, '1'),
(896, 144, 'CAMPOZANO (LA PALMA DE PAJÁN)', '', '1', '2017-01-01 10:00:00', NULL, '1'),
(897, 144, 'CASCOL', '', '1', '2017-01-01 10:00:00', NULL, '1'),
(898, 144, 'GUALE', '', '1', '2017-01-01 10:00:00', NULL, '1'),
(899, 144, 'LASCANO', '', '1', '2017-01-01 10:00:00', NULL, '1'),
(900, 145, 'PICHINCHA', '', '1', '2017-01-01 10:00:00', NULL, '1'),
(901, 145, 'BARRAGANETE', '', '1', '2017-01-01 10:00:00', NULL, '1'),
(902, 145, 'SAN SEBASTIÁN', '', '1', '2017-01-01 10:00:00', NULL, '1'),
(903, 146, 'ROCAFUERTE', '', '1', '2017-01-01 10:00:00', NULL, '1'),
(904, 147, 'SANTA ANA', '', '1', '2017-01-01 10:00:00', NULL, '1'),
(905, 147, 'LODANA', '', '1', '2017-01-01 10:00:00', NULL, '1'),
(906, 147, 'SANTA ANA DE VUELTA LARGA', '', '1', '2017-01-01 10:00:00', NULL, '1'),
(907, 147, 'AYACUCHO', '', '1', '2017-01-01 10:00:00', NULL, '1'),
(908, 147, 'HONORATO VÁSQUEZ (CAB. EN VÁSQUEZ)', '', '1', '2017-01-01 10:00:00', NULL, '1'),
(909, 147, 'LA UNIÓN', '', '1', '2017-01-01 10:00:00', NULL, '1'),
(910, 147, 'OLMEDO', '', '1', '2017-01-01 10:00:00', NULL, '1'),
(911, 147, 'SAN PABLO (CAB. EN PUEBLO NUEVO)', '', '1', '2017-01-01 10:00:00', NULL, '1'),
(912, 148, 'BAHÍA DE CARÁQUEZ', '', '1', '2017-01-01 10:00:00', NULL, '1'),
(913, 148, 'LEONIDAS PLAZA GUTIÉRREZ', '', '1', '2017-01-01 10:00:00', NULL, '1'),
(914, 148, 'BAHÍA DE CARÁQUEZ', '', '1', '2017-01-01 10:00:00', NULL, '1'),
(915, 148, 'CANOA', '', '1', '2017-01-01 10:00:00', NULL, '1'),
(916, 148, 'COJIMÍES', '', '1', '2017-01-01 10:00:00', NULL, '1'),
(917, 148, 'CHARAPOTÓ', '', '1', '2017-01-01 10:00:00', NULL, '1'),
(918, 148, '10 DE AGOSTO', '', '1', '2017-01-01 10:00:00', NULL, '1'),
(919, 148, 'JAMA', '', '1', '2017-01-01 10:00:00', NULL, '1'),
(920, 148, 'PEDERNALES', '', '1', '2017-01-01 10:00:00', NULL, '1'),
(921, 148, 'SAN ISIDRO', '', '1', '2017-01-01 10:00:00', NULL, '1'),
(922, 148, 'SAN VICENTE', '', '1', '2017-01-01 10:00:00', NULL, '1'),
(923, 149, 'TOSAGUA', '', '1', '2017-01-01 10:00:00', NULL, '1'),
(924, 149, 'BACHILLERO', '', '1', '2017-01-01 10:00:00', NULL, '1'),
(925, 149, 'ANGEL PEDRO GILER (LA ESTANCILLA)', '', '1', '2017-01-01 10:00:00', NULL, '1'),
(926, 150, 'SUCRE', '', '1', '2017-01-01 10:00:00', NULL, '1'),
(927, 150, 'BELLAVISTA', '', '1', '2017-01-01 10:00:00', NULL, '1'),
(928, 150, 'NOBOA', '', '1', '2017-01-01 10:00:00', NULL, '1'),
(929, 150, 'ARQ. SIXTO DURÁN BALLÉN', '', '1', '2017-01-01 10:00:00', NULL, '1'),
(930, 151, 'PEDERNALES', '', '1', '2017-01-01 10:00:00', NULL, '1'),
(931, 151, 'COJIMÍES', '', '1', '2017-01-01 10:00:00', NULL, '1'),
(932, 151, '10 DE AGOSTO', '', '1', '2017-01-01 10:00:00', NULL, '1'),
(933, 151, 'ATAHUALPA', '', '1', '2017-01-01 10:00:00', NULL, '1'),
(934, 121, 'OLMEDO', '', '1', '2017-01-01 10:00:00', NULL, '1'),
(935, 153, 'PUERTO LÓPEZ', '', '1', '2017-01-01 10:00:00', NULL, '1'),
(936, 153, 'MACHALILLA', '', '1', '2017-01-01 10:00:00', NULL, '1'),
(937, 153, 'SALANGO', '', '1', '2017-01-01 10:00:00', NULL, '1'),
(938, 154, 'JAMA', '', '1', '2017-01-01 10:00:00', NULL, '1'),
(939, 155, 'JARAMIJÓ', '', '1', '2017-01-01 10:00:00', NULL, '1'),
(940, 156, 'SAN VICENTE', '', '1', '2017-01-01 10:00:00', NULL, '1'),
(941, 156, 'CANOA', '', '1', '2017-01-01 10:00:00', NULL, '1'),
(942, 157, 'MACAS', '', '1', '2017-01-01 10:00:00', NULL, '1'),
(943, 157, 'ALSHI (CAB. EN 9 DE OCTUBRE)', '', '1', '2017-01-01 10:00:00', NULL, '1'),
(944, 157, 'CHIGUAZA', '', '1', '2017-01-01 10:00:00', NULL, '1'),
(945, 157, 'GENERAL PROAÑO', '', '1', '2017-01-01 10:00:00', NULL, '1'),
(946, 157, 'HUASAGA (CAB.EN WAMPUIK)', '', '1', '2017-01-01 10:00:00', NULL, '1'),
(947, 157, 'MACUMA', '', '1', '2017-01-01 10:00:00', NULL, '1'),
(948, 157, 'SAN ISIDRO', '', '1', '2017-01-01 10:00:00', NULL, '1'),
(949, 157, 'SEVILLA DON BOSCO', '', '1', '2017-01-01 10:00:00', NULL, '1'),
(950, 157, 'SINAÍ', '', '1', '2017-01-01 10:00:00', NULL, '1'),
(951, 157, 'TAISHA', '', '1', '2017-01-01 10:00:00', NULL, '1'),
(952, 157, 'ZUÑA (ZÚÑAC)', '', '1', '2017-01-01 10:00:00', NULL, '1'),
(953, 157, 'TUUTINENTZA', '', '1', '2017-01-01 10:00:00', NULL, '1'),
(954, 157, 'CUCHAENTZA', '', '1', '2017-01-01 10:00:00', NULL, '1'),
(955, 157, 'SAN JOSÉ DE MORONA', '', '1', '2017-01-01 10:00:00', NULL, '1'),
(956, 157, 'RÍO BLANCO', '', '1', '2017-01-01 10:00:00', NULL, '1'),
(957, 158, 'GUALAQUIZA', '', '1', '2017-01-01 10:00:00', NULL, '1'),
(958, 158, 'MERCEDES MOLINA', '', '1', '2017-01-01 10:00:00', NULL, '1'),
(959, 158, 'GUALAQUIZA', '', '1', '2017-01-01 10:00:00', NULL, '1'),
(960, 158, 'AMAZONAS (ROSARIO DE CUYES)', '', '1', '2017-01-01 10:00:00', NULL, '1'),
(961, 158, 'BERMEJOS', '', '1', '2017-01-01 10:00:00', NULL, '1'),
(962, 158, 'BOMBOIZA', '', '1', '2017-01-01 10:00:00', NULL, '1'),
(963, 158, 'CHIGUINDA', '', '1', '2017-01-01 10:00:00', NULL, '1'),
(964, 158, 'EL ROSARIO', '', '1', '2017-01-01 10:00:00', NULL, '1'),
(965, 158, 'NUEVA TARQUI', '', '1', '2017-01-01 10:00:00', NULL, '1'),
(966, 158, 'SAN MIGUEL DE CUYES', '', '1', '2017-01-01 10:00:00', NULL, '1'),
(967, 158, 'EL IDEAL', '', '1', '2017-01-01 10:00:00', NULL, '1'),
(968, 159, 'GENERAL LEONIDAS PLAZA GUTIÉRREZ (LIMÓN)', '', '1', '2017-01-01 10:00:00', NULL, '1'),
(969, 159, 'INDANZA', '', '1', '2017-01-01 10:00:00', NULL, '1'),
(970, 159, 'PAN DE AZÚCAR', '', '1', '2017-01-01 10:00:00', NULL, '1'),
(971, 159, 'SAN ANTONIO (CAB. EN SAN ANTONIO CENTRO', '', '1', '2017-01-01 10:00:00', NULL, '1'),
(972, 159, 'SAN CARLOS DE LIMÓN (SAN CARLOS DEL', '', '1', '2017-01-01 10:00:00', NULL, '1'),
(973, 159, 'SAN JUAN BOSCO', '', '1', '2017-01-01 10:00:00', NULL, '1'),
(974, 159, 'SAN MIGUEL DE CONCHAY', '', '1', '2017-01-01 10:00:00', NULL, '1'),
(975, 159, 'SANTA SUSANA DE CHIVIAZA (CAB. EN CHIVIAZA)', '', '1', '2017-01-01 10:00:00', NULL, '1'),
(976, 159, 'YUNGANZA (CAB. EN EL ROSARIO)', '', '1', '2017-01-01 10:00:00', NULL, '1'),
(977, 160, 'PALORA (METZERA)', '', '1', '2017-01-01 10:00:00', NULL, '1'),
(978, 160, 'ARAPICOS', '', '1', '2017-01-01 10:00:00', NULL, '1'),
(979, 160, 'CUMANDÁ (CAB. EN COLONIA AGRÍCOLA SEVILLA DEL ORO)', '', '1', '2017-01-01 10:00:00', NULL, '1'),
(980, 160, 'HUAMBOYA', '', '1', '2017-01-01 10:00:00', NULL, '1'),
(981, 160, 'SANGAY (CAB. EN NAYAMANACA)', '', '1', '2017-01-01 10:00:00', NULL, '1'),
(982, 161, 'SANTIAGO DE MÉNDEZ', '', '1', '2017-01-01 10:00:00', NULL, '1'),
(983, 161, 'COPAL', '', '1', '2017-01-01 10:00:00', NULL, '1'),
(984, 161, 'CHUPIANZA', '', '1', '2017-01-01 10:00:00', NULL, '1'),
(985, 161, 'PATUCA', '', '1', '2017-01-01 10:00:00', NULL, '1'),
(986, 161, 'SAN LUIS DE EL ACHO (CAB. EN EL ACHO)', '', '1', '2017-01-01 10:00:00', NULL, '1'),
(987, 161, 'SANTIAGO', '', '1', '2017-01-01 10:00:00', NULL, '1'),
(988, 161, 'TAYUZA', '', '1', '2017-01-01 10:00:00', NULL, '1'),
(989, 161, 'SAN FRANCISCO DE CHINIMBIMI', '', '1', '2017-01-01 10:00:00', NULL, '1'),
(990, 162, 'SUCÚA', '', '1', '2017-01-01 10:00:00', NULL, '1'),
(991, 162, 'ASUNCIÓN', '', '1', '2017-01-01 10:00:00', NULL, '1'),
(992, 162, 'HUAMBI', '', '1', '2017-01-01 10:00:00', NULL, '1'),
(993, 162, 'LOGROÑO', '', '1', '2017-01-01 10:00:00', NULL, '1'),
(994, 162, 'YAUPI', '', '1', '2017-01-01 10:00:00', NULL, '1'),
(995, 162, 'SANTA MARIANITA DE JESÚS', '', '1', '2017-01-01 10:00:00', NULL, '1'),
(996, 163, 'HUAMBOYA', '', '1', '2017-01-01 10:00:00', NULL, '1'),
(997, 163, 'CHIGUAZA', '', '1', '2017-01-01 10:00:00', NULL, '1'),
(998, 163, 'PABLO SEXTO', '', '1', '2017-01-01 10:00:00', NULL, '1'),
(999, 164, 'SAN JUAN BOSCO', '', '1', '2017-01-01 10:00:00', NULL, '1');
INSERT INTO `parroquia` (`par_id`, `can_id`, `par_nombre`, `par_descripcion`, `par_estado_activo`, `par_fecha_creacion`, `par_fecha_modificacion`, `par_estado_logico`) VALUES
(1000, 164, 'PAN DE AZÚCAR', '', '1', '2017-01-01 10:00:00', NULL, '1'),
(1001, 164, 'SAN CARLOS DE LIMÓN', '', '1', '2017-01-01 10:00:00', NULL, '1'),
(1002, 164, 'SAN JACINTO DE WAKAMBEIS', '', '1', '2017-01-01 10:00:00', NULL, '1'),
(1003, 164, 'SANTIAGO DE PANANZA', '', '1', '2017-01-01 10:00:00', NULL, '1'),
(1004, 165, 'TAISHA', '', '1', '2017-01-01 10:00:00', NULL, '1'),
(1005, 165, 'HUASAGA (CAB. EN WAMPUIK)', '', '1', '2017-01-01 10:00:00', NULL, '1'),
(1006, 165, 'MACUMA', '', '1', '2017-01-01 10:00:00', NULL, '1'),
(1007, 165, 'TUUTINENTZA', '', '1', '2017-01-01 10:00:00', NULL, '1'),
(1008, 165, 'PUMPUENTSA', '', '1', '2017-01-01 10:00:00', NULL, '1'),
(1009, 166, 'LOGROÑO', '', '1', '2017-01-01 10:00:00', NULL, '1'),
(1010, 166, 'YAUPI', '', '1', '2017-01-01 10:00:00', NULL, '1'),
(1011, 166, 'SHIMPIS', '', '1', '2017-01-01 10:00:00', NULL, '1'),
(1012, 167, 'PABLO SEXTO', '', '1', '2017-01-01 10:00:00', NULL, '1'),
(1013, 168, 'SANTIAGO', '', '1', '2017-01-01 10:00:00', NULL, '1'),
(1014, 168, 'SAN JOSÉ DE MORONA', '', '1', '2017-01-01 10:00:00', NULL, '1'),
(1015, 169, 'TENA', '', '1', '2017-01-01 10:00:00', NULL, '1'),
(1016, 169, 'AHUANO', '', '1', '2017-01-01 10:00:00', NULL, '1'),
(1017, 169, 'CARLOS JULIO AROSEMENA TOLA (ZATZA-YACU)', '', '1', '2017-01-01 10:00:00', NULL, '1'),
(1018, 169, 'CHONTAPUNTA', '', '1', '2017-01-01 10:00:00', NULL, '1'),
(1019, 169, 'PANO', '', '1', '2017-01-01 10:00:00', NULL, '1'),
(1020, 169, 'PUERTO MISAHUALLI', '', '1', '2017-01-01 10:00:00', NULL, '1'),
(1021, 169, 'PUERTO NAPO', '', '1', '2017-01-01 10:00:00', NULL, '1'),
(1022, 169, 'TÁLAG', '', '1', '2017-01-01 10:00:00', NULL, '1'),
(1023, 169, 'SAN JUAN DE MUYUNA', '', '1', '2017-01-01 10:00:00', NULL, '1'),
(1024, 170, 'ARCHIDONA', '', '1', '2017-01-01 10:00:00', NULL, '1'),
(1025, 170, 'AVILA', '', '1', '2017-01-01 10:00:00', NULL, '1'),
(1026, 170, 'COTUNDO', '', '1', '2017-01-01 10:00:00', NULL, '1'),
(1027, 170, 'LORETO', '', '1', '2017-01-01 10:00:00', NULL, '1'),
(1028, 170, 'SAN PABLO DE USHPAYACU', '', '1', '2017-01-01 10:00:00', NULL, '1'),
(1029, 170, 'PUERTO MURIALDO', '', '1', '2017-01-01 10:00:00', NULL, '1'),
(1030, 171, 'EL CHACO', '', '1', '2017-01-01 10:00:00', NULL, '1'),
(1031, 171, 'GONZALO DÍAZ DE PINEDA (EL BOMBÓN)', '', '1', '2017-01-01 10:00:00', NULL, '1'),
(1032, 171, 'LINARES', '', '1', '2017-01-01 10:00:00', NULL, '1'),
(1033, 171, 'OYACACHI', '', '1', '2017-01-01 10:00:00', NULL, '1'),
(1034, 171, 'SANTA ROSA', '', '1', '2017-01-01 10:00:00', NULL, '1'),
(1035, 171, 'SARDINAS', '', '1', '2017-01-01 10:00:00', NULL, '1'),
(1036, 172, 'BAEZA', '', '1', '2017-01-01 10:00:00', NULL, '1'),
(1037, 172, 'COSANGA', '', '1', '2017-01-01 10:00:00', NULL, '1'),
(1038, 172, 'CUYUJA', '', '1', '2017-01-01 10:00:00', NULL, '1'),
(1039, 172, 'PAPALLACTA', '', '1', '2017-01-01 10:00:00', NULL, '1'),
(1040, 172, 'SAN FRANCISCO DE BORJA (VIRGILIO DÁVILA)', '', '1', '2017-01-01 10:00:00', NULL, '1'),
(1041, 172, 'SAN JOSÉ DEL PAYAMINO', '', '1', '2017-01-01 10:00:00', NULL, '1'),
(1042, 172, 'SUMACO', '', '1', '2017-01-01 10:00:00', NULL, '1'),
(1043, 173, 'CARLOS JULIO AROSEMENA TOLA', '', '1', '2017-01-01 10:00:00', NULL, '1'),
(1044, 174, 'PUYO', '', '1', '2017-01-01 10:00:00', NULL, '1'),
(1045, 174, 'ARAJUNO', '', '1', '2017-01-01 10:00:00', NULL, '1'),
(1046, 174, 'CANELOS', '', '1', '2017-01-01 10:00:00', NULL, '1'),
(1047, 174, 'CURARAY', '', '1', '2017-01-01 10:00:00', NULL, '1'),
(1048, 174, 'DIEZ DE AGOSTO', '', '1', '2017-01-01 10:00:00', NULL, '1'),
(1049, 174, 'FÁTIMA', '', '1', '2017-01-01 10:00:00', NULL, '1'),
(1050, 174, 'MONTALVO (ANDOAS)', '', '1', '2017-01-01 10:00:00', NULL, '1'),
(1051, 174, 'POMONA', '', '1', '2017-01-01 10:00:00', NULL, '1'),
(1052, 174, 'RÍO CORRIENTES', '', '1', '2017-01-01 10:00:00', NULL, '1'),
(1053, 174, 'RÍO TIGRE', '', '1', '2017-01-01 10:00:00', NULL, '1'),
(1054, 174, 'SANTA CLARA', '', '1', '2017-01-01 10:00:00', NULL, '1'),
(1055, 174, 'SARAYACU', '', '1', '2017-01-01 10:00:00', NULL, '1'),
(1056, 174, 'SIMÓN BOLÍVAR (CAB. EN MUSHULLACTA)', '', '1', '2017-01-01 10:00:00', NULL, '1'),
(1057, 174, 'TARQUI', '', '1', '2017-01-01 10:00:00', NULL, '1'),
(1058, 174, 'TENIENTE HUGO ORTIZ', '', '1', '2017-01-01 10:00:00', NULL, '1'),
(1059, 174, 'VERACRUZ (INDILLAMA) (CAB. EN INDILLAMA)', '', '1', '2017-01-01 10:00:00', NULL, '1'),
(1060, 174, 'EL TRIUNFO', '', '1', '2017-01-01 10:00:00', NULL, '1'),
(1061, 175, 'MERA', '', '1', '2017-01-01 10:00:00', NULL, '1'),
(1062, 175, 'MADRE TIERRA', '', '1', '2017-01-01 10:00:00', NULL, '1'),
(1063, 175, 'SHELL', '', '1', '2017-01-01 10:00:00', NULL, '1'),
(1064, 176, 'SANTA CLARA', '', '1', '2017-01-01 10:00:00', NULL, '1'),
(1065, 176, 'SAN JOSÉ', '', '1', '2017-01-01 10:00:00', NULL, '1'),
(1066, 177, 'ARAJUNO', '', '1', '2017-01-01 10:00:00', NULL, '1'),
(1067, 177, 'CURARAY', '', '1', '2017-01-01 10:00:00', NULL, '1'),
(1068, 178, 'BELISARIO QUEVEDO', '', '1', '2017-01-01 10:00:00', NULL, '1'),
(1069, 178, 'CARCELÉN', '', '1', '2017-01-01 10:00:00', NULL, '1'),
(1070, 178, 'CENTRO HISTÓRICO', '', '1', '2017-01-01 10:00:00', NULL, '1'),
(1071, 178, 'COCHAPAMBA', '', '1', '2017-01-01 10:00:00', NULL, '1'),
(1072, 178, 'COMITÉ DEL PUEBLO', '', '1', '2017-01-01 10:00:00', NULL, '1'),
(1073, 178, 'COTOCOLLAO', '', '1', '2017-01-01 10:00:00', NULL, '1'),
(1074, 178, 'CHILIBULO', '', '1', '2017-01-01 10:00:00', NULL, '1'),
(1075, 178, 'CHILLOGALLO', '', '1', '2017-01-01 10:00:00', NULL, '1'),
(1076, 178, 'CHIMBACALLE', '', '1', '2017-01-01 10:00:00', NULL, '1'),
(1077, 178, 'EL CONDADO', '', '1', '2017-01-01 10:00:00', NULL, '1'),
(1078, 178, 'GUAMANÍ', '', '1', '2017-01-01 10:00:00', NULL, '1'),
(1079, 178, 'IÑAQUITO', '', '1', '2017-01-01 10:00:00', NULL, '1'),
(1080, 178, 'ITCHIMBÍA', '', '1', '2017-01-01 10:00:00', NULL, '1'),
(1081, 178, 'JIPIJAPA', '', '1', '2017-01-01 10:00:00', NULL, '1'),
(1082, 178, 'KENNEDY', '', '1', '2017-01-01 10:00:00', NULL, '1'),
(1083, 178, 'LA ARGELIA', '', '1', '2017-01-01 10:00:00', NULL, '1'),
(1084, 178, 'LA CONCEPCIÓN', '', '1', '2017-01-01 10:00:00', NULL, '1'),
(1085, 178, 'LA ECUATORIANA', '', '1', '2017-01-01 10:00:00', NULL, '1'),
(1086, 178, 'LA FERROVIARIA', '', '1', '2017-01-01 10:00:00', NULL, '1'),
(1087, 178, 'LA LIBERTAD', '', '1', '2017-01-01 10:00:00', NULL, '1'),
(1088, 178, 'LA MAGDALENA', '', '1', '2017-01-01 10:00:00', NULL, '1'),
(1089, 178, 'LA MENA', '', '1', '2017-01-01 10:00:00', NULL, '1'),
(1090, 178, 'MARISCAL SUCRE', '', '1', '2017-01-01 10:00:00', NULL, '1'),
(1091, 178, 'PONCEANO', '', '1', '2017-01-01 10:00:00', NULL, '1'),
(1092, 178, 'PUENGASÍ', '', '1', '2017-01-01 10:00:00', NULL, '1'),
(1093, 178, 'QUITUMBE', '', '1', '2017-01-01 10:00:00', NULL, '1'),
(1094, 178, 'RUMIPAMBA', '', '1', '2017-01-01 10:00:00', NULL, '1'),
(1095, 178, 'SAN BARTOLO', '', '1', '2017-01-01 10:00:00', NULL, '1'),
(1096, 178, 'SAN ISIDRO DEL INCA', '', '1', '2017-01-01 10:00:00', NULL, '1'),
(1097, 178, 'SAN JUAN', '', '1', '2017-01-01 10:00:00', NULL, '1'),
(1098, 178, 'SOLANDA', '', '1', '2017-01-01 10:00:00', NULL, '1'),
(1099, 178, 'TURUBAMBA', '', '1', '2017-01-01 10:00:00', NULL, '1'),
(1100, 178, 'QUITO DISTRITO METROPOLITANO', '', '1', '2017-01-01 10:00:00', NULL, '1'),
(1101, 178, 'ALANGASÍ', '', '1', '2017-01-01 10:00:00', NULL, '1'),
(1102, 178, 'AMAGUAÑA', '', '1', '2017-01-01 10:00:00', NULL, '1'),
(1103, 178, 'ATAHUALPA', '', '1', '2017-01-01 10:00:00', NULL, '1'),
(1104, 178, 'CALACALÍ', '', '1', '2017-01-01 10:00:00', NULL, '1'),
(1105, 178, 'CALDERÓN', '', '1', '2017-01-01 10:00:00', NULL, '1'),
(1106, 178, 'CONOCOTO', '', '1', '2017-01-01 10:00:00', NULL, '1'),
(1107, 178, 'CUMBAYÁ', '', '1', '2017-01-01 10:00:00', NULL, '1'),
(1108, 178, 'CHAVEZPAMBA', '', '1', '2017-01-01 10:00:00', NULL, '1'),
(1109, 178, 'CHECA', '', '1', '2017-01-01 10:00:00', NULL, '1'),
(1110, 178, 'EL QUINCHE', '', '1', '2017-01-01 10:00:00', NULL, '1'),
(1111, 178, 'GUALEA', '', '1', '2017-01-01 10:00:00', NULL, '1'),
(1112, 178, 'GUANGOPOLO', '', '1', '2017-01-01 10:00:00', NULL, '1'),
(1113, 178, 'GUAYLLABAMBA', '', '1', '2017-01-01 10:00:00', NULL, '1'),
(1114, 178, 'LA MERCED', '', '1', '2017-01-01 10:00:00', NULL, '1'),
(1115, 178, 'LLANO CHICO', '', '1', '2017-01-01 10:00:00', NULL, '1'),
(1116, 178, 'LLOA', '', '1', '2017-01-01 10:00:00', NULL, '1'),
(1117, 178, 'MINDO', '', '1', '2017-01-01 10:00:00', NULL, '1'),
(1118, 178, 'NANEGAL', '', '1', '2017-01-01 10:00:00', NULL, '1'),
(1119, 178, 'NANEGALITO', '', '1', '2017-01-01 10:00:00', NULL, '1'),
(1120, 178, 'NAYÓN', '', '1', '2017-01-01 10:00:00', NULL, '1'),
(1121, 178, 'NONO', '', '1', '2017-01-01 10:00:00', NULL, '1'),
(1122, 178, 'PACTO', '', '1', '2017-01-01 10:00:00', NULL, '1'),
(1123, 178, 'PEDRO VICENTE MALDONADO', '', '1', '2017-01-01 10:00:00', NULL, '1'),
(1124, 178, 'PERUCHO', '', '1', '2017-01-01 10:00:00', NULL, '1'),
(1125, 178, 'PIFO', '', '1', '2017-01-01 10:00:00', NULL, '1'),
(1126, 178, 'PÍNTAG', '', '1', '2017-01-01 10:00:00', NULL, '1'),
(1127, 178, 'POMASQUI', '', '1', '2017-01-01 10:00:00', NULL, '1'),
(1128, 178, 'PUÉLLARO', '', '1', '2017-01-01 10:00:00', NULL, '1'),
(1129, 178, 'PUEMBO', '', '1', '2017-01-01 10:00:00', NULL, '1'),
(1130, 178, 'SAN ANTONIO', '', '1', '2017-01-01 10:00:00', NULL, '1'),
(1131, 178, 'SAN JOSÉ DE MINAS', '', '1', '2017-01-01 10:00:00', NULL, '1'),
(1132, 178, 'SAN MIGUEL DE LOS BANCOS', '', '1', '2017-01-01 10:00:00', NULL, '1'),
(1133, 178, 'TABABELA', '', '1', '2017-01-01 10:00:00', NULL, '1'),
(1134, 178, 'TUMBACO', '', '1', '2017-01-01 10:00:00', NULL, '1'),
(1135, 178, 'YARUQUÍ', '', '1', '2017-01-01 10:00:00', NULL, '1'),
(1136, 178, 'ZAMBIZA', '', '1', '2017-01-01 10:00:00', NULL, '1'),
(1137, 178, 'PUERTO QUITO', '', '1', '2017-01-01 10:00:00', NULL, '1'),
(1138, 179, 'AYORA', '', '1', '2017-01-01 10:00:00', NULL, '1'),
(1139, 179, 'CAYAMBE', '', '1', '2017-01-01 10:00:00', NULL, '1'),
(1140, 179, 'JUAN MONTALVO', '', '1', '2017-01-01 10:00:00', NULL, '1'),
(1141, 179, 'CAYAMBE', '', '1', '2017-01-01 10:00:00', NULL, '1'),
(1142, 179, 'ASCÁZUBI', '', '1', '2017-01-01 10:00:00', NULL, '1'),
(1143, 179, 'CANGAHUA', '', '1', '2017-01-01 10:00:00', NULL, '1'),
(1144, 179, 'OLMEDO (PESILLO)', '', '1', '2017-01-01 10:00:00', NULL, '1'),
(1145, 179, 'OTÓN', '', '1', '2017-01-01 10:00:00', NULL, '1'),
(1146, 179, 'SANTA ROSA DE CUZUBAMBA', '', '1', '2017-01-01 10:00:00', NULL, '1'),
(1147, 180, 'MACHACHI', '', '1', '2017-01-01 10:00:00', NULL, '1'),
(1148, 180, 'ALÓAG', '', '1', '2017-01-01 10:00:00', NULL, '1'),
(1149, 180, 'ALOASÍ', '', '1', '2017-01-01 10:00:00', NULL, '1'),
(1150, 180, 'CUTUGLAHUA', '', '1', '2017-01-01 10:00:00', NULL, '1'),
(1151, 180, 'EL CHAUPI', '', '1', '2017-01-01 10:00:00', NULL, '1'),
(1152, 180, 'MANUEL CORNEJO ASTORGA (TANDAPI)', '', '1', '2017-01-01 10:00:00', NULL, '1'),
(1153, 180, 'TAMBILLO', '', '1', '2017-01-01 10:00:00', NULL, '1'),
(1154, 180, 'UYUMBICHO', '', '1', '2017-01-01 10:00:00', NULL, '1'),
(1155, 181, 'TABACUNDO', '', '1', '2017-01-01 10:00:00', NULL, '1'),
(1156, 181, 'LA ESPERANZA', '', '1', '2017-01-01 10:00:00', NULL, '1'),
(1157, 181, 'MALCHINGUÍ', '', '1', '2017-01-01 10:00:00', NULL, '1'),
(1158, 181, 'TOCACHI', '', '1', '2017-01-01 10:00:00', NULL, '1'),
(1159, 181, 'TUPIGACHI', '', '1', '2017-01-01 10:00:00', NULL, '1'),
(1160, 182, 'SANGOLQUÍ', '', '1', '2017-01-01 10:00:00', NULL, '1'),
(1161, 182, 'SAN PEDRO DE TABOADA', '', '1', '2017-01-01 10:00:00', NULL, '1'),
(1162, 182, 'SAN RAFAEL', '', '1', '2017-01-01 10:00:00', NULL, '1'),
(1163, 182, 'SANGOLQUI', '', '1', '2017-01-01 10:00:00', NULL, '1'),
(1164, 182, 'COTOGCHOA', '', '1', '2017-01-01 10:00:00', NULL, '1'),
(1165, 182, 'RUMIPAMBA', '', '1', '2017-01-01 10:00:00', NULL, '1'),
(1166, 183, 'SAN MIGUEL DE LOS BANCOS', '', '1', '2017-01-01 10:00:00', NULL, '1'),
(1167, 183, 'MINDO', '', '1', '2017-01-01 10:00:00', NULL, '1'),
(1168, 183, 'PEDRO VICENTE MALDONADO', '', '1', '2017-01-01 10:00:00', NULL, '1'),
(1169, 183, 'PUERTO QUITO', '', '1', '2017-01-01 10:00:00', NULL, '1'),
(1170, 184, 'PEDRO VICENTE MALDONADO', '', '1', '2017-01-01 10:00:00', NULL, '1'),
(1171, 185, 'PUERTO QUITO', '', '1', '2017-01-01 10:00:00', NULL, '1'),
(1172, 186, 'ATOCHA â€“ FICOA', '', '1', '2017-01-01 10:00:00', NULL, '1'),
(1173, 186, 'CELIANO MONGE', '', '1', '2017-01-01 10:00:00', NULL, '1'),
(1174, 186, 'HUACHI CHICO', '', '1', '2017-01-01 10:00:00', NULL, '1'),
(1175, 186, 'HUACHI LORETO', '', '1', '2017-01-01 10:00:00', NULL, '1'),
(1176, 186, 'LA MERCED', '', '1', '2017-01-01 10:00:00', NULL, '1'),
(1177, 186, 'LA PENÍNSULA', '', '1', '2017-01-01 10:00:00', NULL, '1'),
(1178, 186, 'MATRIZ', '', '1', '2017-01-01 10:00:00', NULL, '1'),
(1179, 186, 'PISHILATA', '', '1', '2017-01-01 10:00:00', NULL, '1'),
(1180, 186, 'SAN FRANCISCO', '', '1', '2017-01-01 10:00:00', NULL, '1'),
(1181, 186, 'AMBATO', '', '1', '2017-01-01 10:00:00', NULL, '1'),
(1182, 186, 'AMBATILLO', '', '1', '2017-01-01 10:00:00', NULL, '1'),
(1183, 186, 'ATAHUALPA (CHISALATA)', '', '1', '2017-01-01 10:00:00', NULL, '1'),
(1184, 186, 'AUGUSTO N. MARTÍNEZ (MUNDUGLEO)', '', '1', '2017-01-01 10:00:00', NULL, '1'),
(1185, 186, 'CONSTANTINO FERNÁNDEZ (CAB. EN CULLITAHUA)', '', '1', '2017-01-01 10:00:00', NULL, '1'),
(1186, 186, 'HUACHI GRANDE', '', '1', '2017-01-01 10:00:00', NULL, '1'),
(1187, 186, 'IZAMBA', '', '1', '2017-01-01 10:00:00', NULL, '1'),
(1188, 186, 'JUAN BENIGNO VELA', '', '1', '2017-01-01 10:00:00', NULL, '1'),
(1189, 186, 'MONTALVO', '', '1', '2017-01-01 10:00:00', NULL, '1'),
(1190, 186, 'PASA', '', '1', '2017-01-01 10:00:00', NULL, '1'),
(1191, 186, 'PICAIGUA', '', '1', '2017-01-01 10:00:00', NULL, '1'),
(1192, 186, 'PILAGUÍN (PILAHUÍN)', '', '1', '2017-01-01 10:00:00', NULL, '1'),
(1193, 186, 'QUISAPINCHA (QUIZAPINCHA)', '', '1', '2017-01-01 10:00:00', NULL, '1'),
(1194, 186, 'SAN BARTOLOMÉ DE PINLLOG', '', '1', '2017-01-01 10:00:00', NULL, '1'),
(1195, 186, 'SAN FERNANDO (PASA SAN FERNANDO)', '', '1', '2017-01-01 10:00:00', NULL, '1'),
(1196, 186, 'SANTA ROSA', '', '1', '2017-01-01 10:00:00', NULL, '1'),
(1197, 186, 'TOTORAS', '', '1', '2017-01-01 10:00:00', NULL, '1'),
(1198, 186, 'CUNCHIBAMBA', '', '1', '2017-01-01 10:00:00', NULL, '1'),
(1199, 186, 'UNAMUNCHO', '', '1', '2017-01-01 10:00:00', NULL, '1'),
(1200, 187, 'BAÑOS DE AGUA SANTA', '', '1', '2017-01-01 10:00:00', NULL, '1'),
(1201, 187, 'LLIGUA', '', '1', '2017-01-01 10:00:00', NULL, '1'),
(1202, 187, 'RÍO NEGRO', '', '1', '2017-01-01 10:00:00', NULL, '1'),
(1203, 187, 'RÍO VERDE', '', '1', '2017-01-01 10:00:00', NULL, '1'),
(1204, 187, 'ULBA', '', '1', '2017-01-01 10:00:00', NULL, '1'),
(1205, 188, 'CEVALLOS', '', '1', '2017-01-01 10:00:00', NULL, '1'),
(1206, 189, 'MOCHA', '', '1', '2017-01-01 10:00:00', NULL, '1'),
(1207, 189, 'PINGUILÍ', '', '1', '2017-01-01 10:00:00', NULL, '1'),
(1208, 190, 'PATATE', '', '1', '2017-01-01 10:00:00', NULL, '1'),
(1209, 190, 'EL TRIUNFO', '', '1', '2017-01-01 10:00:00', NULL, '1'),
(1210, 190, 'LOS ANDES (CAB. EN POATUG)', '', '1', '2017-01-01 10:00:00', NULL, '1'),
(1211, 190, 'SUCRE (CAB. EN SUCRE-PATATE URCU)', '', '1', '2017-01-01 10:00:00', NULL, '1'),
(1212, 191, 'QUERO', '', '1', '2017-01-01 10:00:00', NULL, '1'),
(1213, 191, 'RUMIPAMBA', '', '1', '2017-01-01 10:00:00', NULL, '1'),
(1214, 191, 'YANAYACU - MOCHAPATA (CAB. EN YANAYACU)', '', '1', '2017-01-01 10:00:00', NULL, '1'),
(1215, 192, 'PELILEO', '', '1', '2017-01-01 10:00:00', NULL, '1'),
(1216, 192, 'PELILEO GRANDE', '', '1', '2017-01-01 10:00:00', NULL, '1'),
(1217, 192, 'PELILEO', '', '1', '2017-01-01 10:00:00', NULL, '1'),
(1218, 192, 'BENÍTEZ (PACHANLICA)', '', '1', '2017-01-01 10:00:00', NULL, '1'),
(1219, 192, 'BOLÍVAR', '', '1', '2017-01-01 10:00:00', NULL, '1'),
(1220, 192, 'COTALÓ', '', '1', '2017-01-01 10:00:00', NULL, '1'),
(1221, 192, 'CHIQUICHA (CAB. EN CHIQUICHA GRANDE)', '', '1', '2017-01-01 10:00:00', NULL, '1'),
(1222, 192, 'EL ROSARIO (RUMICHACA)', '', '1', '2017-01-01 10:00:00', NULL, '1'),
(1223, 192, 'GARCÍA MORENO (CHUMAQUI)', '', '1', '2017-01-01 10:00:00', NULL, '1'),
(1224, 192, 'GUAMBALÓ (HUAMBALÓ)', '', '1', '2017-01-01 10:00:00', NULL, '1'),
(1225, 192, 'SALASACA', '', '1', '2017-01-01 10:00:00', NULL, '1'),
(1226, 193, 'CIUDAD NUEVA', '', '1', '2017-01-01 10:00:00', NULL, '1'),
(1227, 193, 'PÍLLARO', '', '1', '2017-01-01 10:00:00', NULL, '1'),
(1228, 193, 'PÍLLARO', '', '1', '2017-01-01 10:00:00', NULL, '1'),
(1229, 193, 'BAQUERIZO MORENO', '', '1', '2017-01-01 10:00:00', NULL, '1'),
(1230, 193, 'EMILIO MARÍA TERÁN (RUMIPAMBA)', '', '1', '2017-01-01 10:00:00', NULL, '1'),
(1231, 193, 'MARCOS ESPINEL (CHACATA)', '', '1', '2017-01-01 10:00:00', NULL, '1'),
(1232, 193, 'PRESIDENTE URBINA (CHAGRAPAMBA -PATZUCUL)', '', '1', '2017-01-01 10:00:00', NULL, '1'),
(1233, 193, 'SAN ANDRÉS', '', '1', '2017-01-01 10:00:00', NULL, '1'),
(1234, 193, 'SAN JOSÉ DE POALÓ', '', '1', '2017-01-01 10:00:00', NULL, '1'),
(1235, 193, 'SAN MIGUELITO', '', '1', '2017-01-01 10:00:00', NULL, '1'),
(1236, 194, 'TISALEO', '', '1', '2017-01-01 10:00:00', NULL, '1'),
(1237, 194, 'QUINCHICOTO', '', '1', '2017-01-01 10:00:00', NULL, '1'),
(1238, 195, 'EL LIMÓN', '', '1', '2017-01-01 10:00:00', NULL, '1'),
(1239, 195, 'ZAMORA', '', '1', '2017-01-01 10:00:00', NULL, '1'),
(1240, 195, 'ZAMORA', '', '1', '2017-01-01 10:00:00', NULL, '1'),
(1241, 195, 'CUMBARATZA', '', '1', '2017-01-01 10:00:00', NULL, '1'),
(1242, 195, 'GUADALUPE', '', '1', '2017-01-01 10:00:00', NULL, '1'),
(1243, 195, 'IMBANA (LA VICTORIA DE IMBANA)', '', '1', '2017-01-01 10:00:00', NULL, '1'),
(1244, 195, 'PAQUISHA', '', '1', '2017-01-01 10:00:00', NULL, '1'),
(1245, 195, 'SABANILLA', '', '1', '2017-01-01 10:00:00', NULL, '1'),
(1246, 195, 'TIMBARA', '', '1', '2017-01-01 10:00:00', NULL, '1'),
(1247, 195, 'ZUMBI', '', '1', '2017-01-01 10:00:00', NULL, '1'),
(1248, 195, 'SAN CARLOS DE LAS MINAS', '', '1', '2017-01-01 10:00:00', NULL, '1'),
(1249, 196, 'ZUMBA', '', '1', '2017-01-01 10:00:00', NULL, '1'),
(1250, 196, 'CHITO', '', '1', '2017-01-01 10:00:00', NULL, '1'),
(1251, 196, 'EL CHORRO', '', '1', '2017-01-01 10:00:00', NULL, '1'),
(1252, 196, 'EL PORVENIR DEL CARMEN', '', '1', '2017-01-01 10:00:00', NULL, '1'),
(1253, 196, 'LA CHONTA', '', '1', '2017-01-01 10:00:00', NULL, '1'),
(1254, 196, 'PALANDA', '', '1', '2017-01-01 10:00:00', NULL, '1'),
(1255, 196, 'PUCAPAMBA', '', '1', '2017-01-01 10:00:00', NULL, '1'),
(1256, 196, 'SAN FRANCISCO DEL VERGEL', '', '1', '2017-01-01 10:00:00', NULL, '1'),
(1257, 196, 'VALLADOLID', '', '1', '2017-01-01 10:00:00', NULL, '1'),
(1258, 196, 'SAN ANDRÉS', '', '1', '2017-01-01 10:00:00', NULL, '1'),
(1259, 197, 'GUAYZIMI', '', '1', '2017-01-01 10:00:00', NULL, '1'),
(1260, 197, 'ZURMI', '', '1', '2017-01-01 10:00:00', NULL, '1'),
(1261, 197, 'NUEVO PARAÍSO', '', '1', '2017-01-01 10:00:00', NULL, '1'),
(1262, 198, '28 DE MAYO (SAN JOSÉ DE YACUAMBI)', '', '1', '2017-01-01 10:00:00', NULL, '1'),
(1263, 198, 'LA PAZ', '', '1', '2017-01-01 10:00:00', NULL, '1'),
(1264, 198, 'TUTUPALI', '', '1', '2017-01-01 10:00:00', NULL, '1'),
(1265, 199, 'YANTZAZA (YANZATZA)', '', '1', '2017-01-01 10:00:00', NULL, '1'),
(1266, 199, 'CHICAÑA', '', '1', '2017-01-01 10:00:00', NULL, '1'),
(1267, 199, 'EL PANGUI', '', '1', '2017-01-01 10:00:00', NULL, '1'),
(1268, 199, 'LOS ENCUENTROS', '', '1', '2017-01-01 10:00:00', NULL, '1'),
(1269, 200, 'EL PANGUI', '', '1', '2017-01-01 10:00:00', NULL, '1'),
(1270, 200, 'EL GUISME', '', '1', '2017-01-01 10:00:00', NULL, '1'),
(1271, 200, 'PACHICUTZA', '', '1', '2017-01-01 10:00:00', NULL, '1'),
(1272, 200, 'TUNDAYME', '', '1', '2017-01-01 10:00:00', NULL, '1'),
(1273, 201, 'ZUMBI', '', '1', '2017-01-01 10:00:00', NULL, '1'),
(1274, 201, 'PAQUISHA', '', '1', '2017-01-01 10:00:00', NULL, '1'),
(1275, 201, 'TRIUNFO-DORADO', '', '1', '2017-01-01 10:00:00', NULL, '1'),
(1276, 201, 'PANGUINTZA', '', '1', '2017-01-01 10:00:00', NULL, '1'),
(1277, 202, 'PALANDA', '', '1', '2017-01-01 10:00:00', NULL, '1'),
(1278, 202, 'EL PORVENIR DEL CARMEN', '', '1', '2017-01-01 10:00:00', NULL, '1'),
(1279, 202, 'SAN FRANCISCO DEL VERGEL', '', '1', '2017-01-01 10:00:00', NULL, '1'),
(1280, 202, 'VALLADOLID', '', '1', '2017-01-01 10:00:00', NULL, '1'),
(1281, 202, 'LA CANELA', '', '1', '2017-01-01 10:00:00', NULL, '1'),
(1282, 203, 'PAQUISHA', '', '1', '2017-01-01 10:00:00', NULL, '1'),
(1283, 203, 'BELLAVISTA', '', '1', '2017-01-01 10:00:00', NULL, '1'),
(1284, 203, 'NUEVO QUITO', '', '1', '2017-01-01 10:00:00', NULL, '1'),
(1285, 204, 'PUERTO BAQUERIZO MORENO', '', '1', '2017-01-01 10:00:00', NULL, '1'),
(1286, 204, 'EL PROGRESO', '', '1', '2017-01-01 10:00:00', NULL, '1'),
(1287, 204, 'ISLA SANTA MARÍA (FLOREANA) (CAB. EN PTO. VELASCO IBARRA)', '', '1', '2017-01-01 10:00:00', NULL, '1'),
(1288, 205, 'PUERTO VILLAMIL', '', '1', '2017-01-01 10:00:00', NULL, '1'),
(1289, 205, 'TOMÁS DE BERLANGA (SANTO TOMÁS)', '', '1', '2017-01-01 10:00:00', NULL, '1'),
(1290, 206, 'PUERTO AYORA', '', '1', '2017-01-01 10:00:00', NULL, '1'),
(1291, 206, 'BELLAVISTA', '', '1', '2017-01-01 10:00:00', NULL, '1'),
(1292, 206, 'SANTA ROSA (INCLUYE LA ISLA BALTRA)', '', '1', '2017-01-01 10:00:00', NULL, '1'),
(1293, 207, 'NUEVA LOJA', '', '1', '2017-01-01 10:00:00', NULL, '1'),
(1294, 207, 'CUYABENO', '', '1', '2017-01-01 10:00:00', NULL, '1'),
(1295, 207, 'DURENO', '', '1', '2017-01-01 10:00:00', NULL, '1'),
(1296, 207, 'GENERAL FARFÁN', '', '1', '2017-01-01 10:00:00', NULL, '1'),
(1297, 207, 'TARAPOA', '', '1', '2017-01-01 10:00:00', NULL, '1'),
(1298, 207, 'EL ENO', '', '1', '2017-01-01 10:00:00', NULL, '1'),
(1299, 207, 'PACAYACU', '', '1', '2017-01-01 10:00:00', NULL, '1'),
(1300, 207, 'JAMBELÍ', '', '1', '2017-01-01 10:00:00', NULL, '1'),
(1301, 207, 'SANTA CECILIA', '', '1', '2017-01-01 10:00:00', NULL, '1'),
(1302, 207, 'AGUAS NEGRAS', '', '1', '2017-01-01 10:00:00', NULL, '1'),
(1303, 208, 'EL DORADO DE CASCALES', '', '1', '2017-01-01 10:00:00', NULL, '1'),
(1304, 208, 'EL REVENTADOR', '', '1', '2017-01-01 10:00:00', NULL, '1'),
(1305, 208, 'GONZALO PIZARRO', '', '1', '2017-01-01 10:00:00', NULL, '1'),
(1306, 208, 'LUMBAQUÍ', '', '1', '2017-01-01 10:00:00', NULL, '1'),
(1307, 208, 'PUERTO LIBRE', '', '1', '2017-01-01 10:00:00', NULL, '1'),
(1308, 208, 'SANTA ROSA DE SUCUMBÍOS', '', '1', '2017-01-01 10:00:00', NULL, '1'),
(1309, 209, 'PUERTO EL CARMEN DEL PUTUMAYO', '', '1', '2017-01-01 10:00:00', NULL, '1'),
(1310, 209, 'PALMA ROJA', '', '1', '2017-01-01 10:00:00', NULL, '1'),
(1311, 209, 'PUERTO BOLÍVAR (PUERTO MONTÚFAR)', '', '1', '2017-01-01 10:00:00', NULL, '1'),
(1312, 209, 'PUERTO RODRÍGUEZ', '', '1', '2017-01-01 10:00:00', NULL, '1'),
(1313, 209, 'SANTA ELENA', '', '1', '2017-01-01 10:00:00', NULL, '1'),
(1314, 210, 'SHUSHUFINDI', '', '1', '2017-01-01 10:00:00', NULL, '1'),
(1315, 210, 'LIMONCOCHA', '', '1', '2017-01-01 10:00:00', NULL, '1'),
(1316, 210, 'PAÑACOCHA', '', '1', '2017-01-01 10:00:00', NULL, '1'),
(1317, 210, 'SAN ROQUE (CAB. EN SAN VICENTE)', '', '1', '2017-01-01 10:00:00', NULL, '1'),
(1318, 210, 'SAN PEDRO DE LOS COFANES', '', '1', '2017-01-01 10:00:00', NULL, '1'),
(1319, 210, 'SIETE DE JULIO', '', '1', '2017-01-01 10:00:00', NULL, '1'),
(1320, 211, 'LA BONITA', '', '1', '2017-01-01 10:00:00', NULL, '1'),
(1321, 211, 'EL PLAYÓN DE SAN FRANCISCO', '', '1', '2017-01-01 10:00:00', NULL, '1'),
(1322, 211, 'LA SOFÍA', '', '1', '2017-01-01 10:00:00', NULL, '1'),
(1323, 211, 'ROSA FLORIDA', '', '1', '2017-01-01 10:00:00', NULL, '1'),
(1324, 211, 'SANTA BÁRBARA', '', '1', '2017-01-01 10:00:00', NULL, '1'),
(1325, 212, 'EL DORADO DE CASCALES', '', '1', '2017-01-01 10:00:00', NULL, '1'),
(1326, 212, 'SANTA ROSA DE SUCUMBÍOS', '', '1', '2017-01-01 10:00:00', NULL, '1'),
(1327, 212, 'SEVILLA', '', '1', '2017-01-01 10:00:00', NULL, '1'),
(1328, 213, 'TARAPOA', '', '1', '2017-01-01 10:00:00', NULL, '1'),
(1329, 213, 'CUYABENO', '', '1', '2017-01-01 10:00:00', NULL, '1'),
(1330, 213, 'AGUAS NEGRAS', '', '1', '2017-01-01 10:00:00', NULL, '1'),
(1331, 214, 'PUERTO FRANCISCO DE ORELLANA (EL COCA)', '', '1', '2017-01-01 10:00:00', NULL, '1'),
(1332, 214, 'DAYUMA', '', '1', '2017-01-01 10:00:00', NULL, '1'),
(1333, 214, 'TARACOA (NUEVA ESPERANZA: YUCA)', '', '1', '2017-01-01 10:00:00', NULL, '1'),
(1334, 214, 'ALEJANDRO LABAKA', '', '1', '2017-01-01 10:00:00', NULL, '1'),
(1335, 214, 'EL DORADO', '', '1', '2017-01-01 10:00:00', NULL, '1'),
(1336, 214, 'EL EDÉN', '', '1', '2017-01-01 10:00:00', NULL, '1'),
(1337, 214, 'GARCÍA MORENO', '', '1', '2017-01-01 10:00:00', NULL, '1'),
(1338, 214, 'INÉS ARANGO (CAB. EN WESTERN)', '', '1', '2017-01-01 10:00:00', NULL, '1'),
(1339, 214, 'LA BELLEZA', '', '1', '2017-01-01 10:00:00', NULL, '1'),
(1340, 214, 'NUEVO PARAÍSO (CAB. EN UNIÓN', '', '1', '2017-01-01 10:00:00', NULL, '1'),
(1341, 214, 'SAN JOSÉ DE GUAYUSA', '', '1', '2017-01-01 10:00:00', NULL, '1'),
(1342, 214, 'SAN LUIS DE ARMENIA', '', '1', '2017-01-01 10:00:00', NULL, '1'),
(1343, 215, 'TIPITINI', '', '1', '2017-01-01 10:00:00', NULL, '1'),
(1344, 215, 'NUEVO ROCAFUERTE', '', '1', '2017-01-01 10:00:00', NULL, '1'),
(1345, 215, 'CAPITÁN AUGUSTO RIVADENEYRA', '', '1', '2017-01-01 10:00:00', NULL, '1'),
(1346, 215, 'CONONACO', '', '1', '2017-01-01 10:00:00', NULL, '1'),
(1347, 215, 'SANTA MARÍA DE HUIRIRIMA', '', '1', '2017-01-01 10:00:00', NULL, '1'),
(1348, 215, 'TIPUTINI', '', '1', '2017-01-01 10:00:00', NULL, '1'),
(1349, 215, 'YASUNÍ', '', '1', '2017-01-01 10:00:00', NULL, '1'),
(1350, 216, 'LA JOYA DE LOS SACHAS', '', '1', '2017-01-01 10:00:00', NULL, '1'),
(1351, 216, 'ENOKANQUI', '', '1', '2017-01-01 10:00:00', NULL, '1'),
(1352, 216, 'POMPEYA', '', '1', '2017-01-01 10:00:00', NULL, '1'),
(1353, 216, 'SAN CARLOS', '', '1', '2017-01-01 10:00:00', NULL, '1'),
(1354, 216, 'SAN SEBASTIÁN DEL COCA', '', '1', '2017-01-01 10:00:00', NULL, '1'),
(1355, 216, 'LAGO SAN PEDRO', '', '1', '2017-01-01 10:00:00', NULL, '1'),
(1356, 216, 'RUMIPAMBA', '', '1', '2017-01-01 10:00:00', NULL, '1'),
(1357, 216, 'TRES DE NOVIEMBRE', '', '1', '2017-01-01 10:00:00', NULL, '1'),
(1358, 216, 'UNIÓN MILAGREÑA', '', '1', '2017-01-01 10:00:00', NULL, '1'),
(1359, 217, 'LORETO', '', '1', '2017-01-01 10:00:00', NULL, '1'),
(1360, 217, 'AVILA (CAB. EN HUIRUNO)', '', '1', '2017-01-01 10:00:00', NULL, '1'),
(1361, 217, 'PUERTO MURIALDO', '', '1', '2017-01-01 10:00:00', NULL, '1'),
(1362, 217, 'SAN JOSÉ DE PAYAMINO', '', '1', '2017-01-01 10:00:00', NULL, '1'),
(1363, 217, 'SAN JOSÉ DE DAHUANO', '', '1', '2017-01-01 10:00:00', NULL, '1'),
(1364, 217, 'SAN VICENTE DE HUATICOCHA', '', '1', '2017-01-01 10:00:00', NULL, '1'),
(1365, 218, 'ABRAHAM CALAZACÓN', '', '1', '2017-01-01 10:00:00', NULL, '1'),
(1366, 218, 'BOMBOLÍ', '', '1', '2017-01-01 10:00:00', NULL, '1'),
(1367, 218, 'CHIGUILPE', '', '1', '2017-01-01 10:00:00', NULL, '1'),
(1368, 218, 'RÍO TOACHI', '', '1', '2017-01-01 10:00:00', NULL, '1'),
(1369, 218, 'RÍO VERDE', '', '1', '2017-01-01 10:00:00', NULL, '1'),
(1370, 218, 'SANTO DOMINGO DE LOS COLORADOS', '', '1', '2017-01-01 10:00:00', NULL, '1'),
(1371, 218, 'ZARACAY', '', '1', '2017-01-01 10:00:00', NULL, '1'),
(1372, 218, 'SANTO DOMINGO DE LOS COLORADOS', '', '1', '2017-01-01 10:00:00', NULL, '1'),
(1373, 218, 'ALLURIQUÍN', '', '1', '2017-01-01 10:00:00', NULL, '1'),
(1374, 218, 'PUERTO LIMÓN', '', '1', '2017-01-01 10:00:00', NULL, '1'),
(1375, 218, 'LUZ DE AMÉRICA', '', '1', '2017-01-01 10:00:00', NULL, '1'),
(1376, 218, 'SAN JACINTO DEL BÚA', '', '1', '2017-01-01 10:00:00', NULL, '1'),
(1377, 218, 'VALLE HERMOSO', '', '1', '2017-01-01 10:00:00', NULL, '1'),
(1378, 218, 'EL ESFUERZO', '', '1', '2017-01-01 10:00:00', NULL, '1'),
(1379, 218, 'SANTA MARÍA DEL TOACHI', '', '1', '2017-01-01 10:00:00', NULL, '1'),
(1380, 219, 'BALLENITA', '', '1', '2017-01-01 10:00:00', NULL, '1'),
(1381, 219, 'SANTA ELENA', '', '1', '2017-01-01 10:00:00', NULL, '1'),
(1382, 219, 'SANTA ELENA', '', '1', '2017-01-01 10:00:00', NULL, '1'),
(1383, 219, 'ATAHUALPA', '', '1', '2017-01-01 10:00:00', NULL, '1'),
(1384, 219, 'COLONCHE', '', '1', '2017-01-01 10:00:00', NULL, '1'),
(1385, 219, 'CHANDUY', '', '1', '2017-01-01 10:00:00', NULL, '1'),
(1386, 219, 'MANGLARALTO', '', '1', '2017-01-01 10:00:00', NULL, '1'),
(1387, 219, 'SIMÓN BOLÍVAR (JULIO MORENO)', '', '1', '2017-01-01 10:00:00', NULL, '1'),
(1388, 219, 'SAN JOSÉ DE ANCÓN', '', '1', '2017-01-01 10:00:00', NULL, '1'),
(1389, 220, 'LA LIBERTAD', '', '1', '2017-01-01 10:00:00', NULL, '1'),
(1390, 221, 'CARLOS ESPINOZA LARREA', '', '1', '2017-01-01 10:00:00', NULL, '1'),
(1391, 221, 'GRAL. ALBERTO ENRÍQUEZ GALLO', '', '1', '2017-01-01 10:00:00', NULL, '1'),
(1392, 221, 'VICENTE ROCAFUERTE', '', '1', '2017-01-01 10:00:00', NULL, '1'),
(1393, 221, 'SANTA ROSA', '', '1', '2017-01-01 10:00:00', NULL, '1'),
(1394, 221, 'SALINAS', '', '1', '2017-01-01 10:00:00', NULL, '1'),
(1395, 221, 'ANCONCITO', '', '1', '2017-01-01 10:00:00', NULL, '1'),
(1396, 221, 'JOSÉ LUIS TAMAYO (MUEY)', '', '1', '2017-01-01 10:00:00', NULL, '1'),
(1397, 222, 'LAS GOLONDRINAS', '', '1', '2017-01-01 10:00:00', NULL, '1'),
(1398, 223, 'MANGA DEL CURA', '', '1', '2017-01-01 10:00:00', NULL, '1'),
(1399, 224, 'EL PIEDRERO', '', '1', '2017-01-01 10:00:00', NULL, '1');


COMMIT;
/*!40101 SET CHARACTER_SET_CLIENT=@OLD_CHARACTER_SET_CLIENT */;
/*!40101 SET CHARACTER_SET_RESULTS=@OLD_CHARACTER_SET_RESULTS */;
/*!40101 SET COLLATION_CONNECTION=@OLD_COLLATION_CONNECTION */;